{"id":4411,"date":"2023-08-24T13:15:40","date_gmt":"2023-08-24T10:15:40","guid":{"rendered":"https:\/\/tyyala.utu.fi\/vare\/?page_id=4411"},"modified":"2026-02-19T12:43:36","modified_gmt":"2026-02-19T10:43:36","slug":"koulutuspolitiikka","status":"publish","type":"page","link":"https:\/\/tyyala.utu.fi\/vare\/koulutuspolitiikka\/","title":{"rendered":"Koulutuspolitiikka"},"content":{"rendered":"\n<p>Koulutuspoliittinen vastaava eli kopo vastaa opinto- ja koulutusasioiden hoitamisesta ja niihin vaikuttamisesta. Kopo toimii linkkin\u00e4 opiskelijoiden, opiskelijaedustajien ja henkil\u00f6kunnan v\u00e4lill\u00e4 kanavoiden palautetta ja informaatio suuntaan jos toiseenkin. <\/p>\n\n\n\n<p>Koulutuspolitiikan tavoitteena on taata toimiva ja rakentava opiskeluymp\u00e4rist\u00f6, joka tukee opiskelijoiden hyvinvointia ja opiskelukyky\u00e4. Kyse on siis ennen kaikkea opiskelijoiden etujen valvomisesta ja ajamisesta. <\/p>\n\n\n\n<p>Kopoon voi ottaa yhteytt\u00e4 muun muassa koskien opinto- ja kurssiasioiden selvitt\u00e4mist\u00e4 (esim. kurssiarvosana on my\u00f6h\u00e4ss\u00e4) tai kurssipalauteen ja kehitysehdotusten merkeiss\u00e4.<\/p>\n\n\n\n<p>Kopoon voi olla suoraan yhteydess\u00e4 s\u00e4hk\u00f6postitse, anonyymisti ohesta l\u00f6ytyv\u00e4n kurssipalautelomakkeen kautta tai liven\u00e4 vet\u00e4m\u00e4ll\u00e4 hihasta. Vuoden 2026 kopona toimii Paavo M\u00e4kinen (paalem[at]utu.fi).<\/p>\n","protected":false},"excerpt":{"rendered":"<p>Koulutuspoliittinen vastaava eli kopo vastaa opinto- ja koulutusasioiden hoitamisesta ja niihin vaikuttamisesta. Kopo toimii linkkin\u00e4 opiskelijoiden, opiskelijaedustajien ja henkil\u00f6kunnan v\u00e4lill\u00e4 kanavoiden palautetta ja informaatio suuntaan jos toiseenkin. Koulutuspolitiikan tavoitteena on taata toimiva ja rakentava opiskeluymp\u00e4rist\u00f6, joka tukee opiskelijoiden hyvinvointia ja opiskelukyky\u00e4. Kyse on siis ennen kaikkea opiskelijoiden etujen valvomisesta ja ajamisesta. Kopoon voi ottaa yhteytt\u00e4 [&hellip;]<\/p>\n","protected":false},"author":3389,"featured_media":0,"parent":0,"menu_order":0,"comment_status":"closed","ping_status":"closed","template":"","meta":{"_kad_blocks_custom_css":"","_kad_blocks_head_custom_js":"","_kad_blocks_body_custom_js":"","_kad_blocks_footer_custom_js":"","footnotes":""},"class_list":["post-4411","page","type-page","status-publish","czr-hentry"],"taxonomy_info":[],"featured_image_src_large":false,"author_info":{"display_name":"noehedman","author_link":"https:\/\/tyyala.utu.fi\/vare\/author\/noehedman\/"},"comment_info":0,"_links":{"self":[{"href":"https:\/\/tyyala.utu.fi\/vare\/wp-json\/wp\/v2\/pages\/4411","targetHints":{"allow":["GET"]}}],"collection":[{"href":"https:\/\/tyyala.utu.fi\/vare\/wp-json\/wp\/v2\/pages"}],"about":[{"href":"https:\/\/tyyala.utu.fi\/vare\/wp-json\/wp\/v2\/types\/page"}],"author":[{"embeddable":true,"href":"https:\/\/tyyala.utu.fi\/vare\/wp-json\/wp\/v2\/users\/3389"}],"replies":[{"embeddable":true,"href":"https:\/\/tyyala.utu.fi\/vare\/wp-json\/wp\/v2\/comments?post=4411"}],"version-history":[{"count":4,"href":"https:\/\/tyyala.utu.fi\/vare\/wp-json\/wp\/v2\/pages\/4411\/revisions"}],"predecessor-version":[{"id":4668,"href":"https:\/\/tyyala.utu.fi\/vare\/wp-json\/wp\/v2\/pages\/4411\/revisions\/4668"}],"wp:attachment":[{"href":"https:\/\/tyyala.utu.fi\/vare\/wp-json\/wp\/v2\/media?parent=4411"}],"curies":[{"name":"wp","href":"https:\/\/api.w.org\/{rel}","templated":true}]}}