{"id":4410,"date":"2023-08-24T13:15:40","date_gmt":"2023-08-24T10:15:40","guid":{"rendered":"https:\/\/tyyala.utu.fi\/vare\/?page_id=4410"},"modified":"2024-03-14T19:59:47","modified_gmt":"2024-03-14T17:59:47","slug":"tasa-arvo-ja-yhdenvertaisuussuunnitelma","status":"publish","type":"page","link":"https:\/\/tyyala.utu.fi\/vare\/tasa-arvo-ja-yhdenvertaisuussuunnitelma\/","title":{"rendered":"Tasa-arvo- ja yhdenvertaisuussuunnitelma"},"content":{"rendered":"\n<p class=\"has-regular-font-size\"><strong>Vare ry:n tasa-arvo- ja yhdenvertaisuusohjelma<\/strong><\/p>\n\n\n\n<p class=\"has-regular-font-size\"><br>Yhdenvertaisuudella tarkoitetaan sit\u00e4, ett\u00e4 kaikki ihmiset ovat samanarvoisia riippumatta henkil\u00f6\u00f6n liittyvist\u00e4 syist\u00e4 ja ominaisuuksista. N\u00e4it\u00e4 ovat esimerkiksi sukupuoli, ik\u00e4, etninen tai kansallinen alkuper\u00e4, kansalaisuus, kieli, uskonto ja vakaumus, mielipide, varallisuus, vamma, terveydentila tai seksuaalinen suuntautuminen. Vare ry sitoutuu toiminnassaan edist\u00e4m\u00e4\u00e4n tasa-arvoa ja yhdenvertaisuutta periaatteilla, jotka perustuvat TYY:n turvallisen tilan periaatteisiin. Luodaan yhdess\u00e4 Vareen toiminnasta kaikille turvallista.<br><strong>Ole avoin<\/strong><br>Vareen toiminnassa tulee kuunnella ja kunnioittaa toista ihmisen\u00e4 yli omien ennakkoluulojemme. Meill\u00e4 kaikilla on ennakkoluuloja ja teemme koko ajan oletuksia toisista &#8211; yrit\u00e4 tiedostaa omat olettamuksesi. Vareen toiminnassa emme kyseenalaista tai tuomitse toisen erilaisuutta. \u00c4l\u00e4 siis my\u00f6sk\u00e4\u00e4n oleta toisen identiteetti\u00e4, sukupuolta, seksuaalista suuntautumista, varallisuutta, vammattomuutta, uskontoa tai muuta vastaavaa ominaisuutta. Kukaan ei voi tiet\u00e4\u00e4 toisen kokemuksia, ajatuksia ja el\u00e4m\u00e4ntilannetta h\u00e4nen puolestaan.<br><strong>V\u00e4lit\u00e4<\/strong><br>Kohtelemme toisia, niin kuin toivoisimme itse\u00e4mme kohdeltavan. Huomioimme, ett\u00e4 jokainen meist\u00e4 on yksil\u00f6 ja eroamme joskus paljonkin esimerkiksi henkil\u00f6kohtaisten rajojen suhteen. \u00c4l\u00e4 siis yleist\u00e4 omia mieltymyksi\u00e4si. Muista huolehtia ymp\u00e4rill\u00e4 olevista ja itsest\u00e4si. Katso omalta osaltasi, ett\u00e4 kaikilla on mahdollisuus tulla kuulluksi ja osalliseksi Vareen toiminnassa.<br><strong>Kunnioita<\/strong><br>Emme k\u00e4yt\u00e4 hy\u00f6kk\u00e4\u00e4vi\u00e4 puheenvuoroja tai eleit\u00e4 toisia ihmisi\u00e4 kohtaan, emme paikalla olevia emmek\u00e4 tilaisuudesta poissaolevia kohtaan. Vareen toiminnassa ket\u00e4\u00e4n ei h\u00e4irit\u00e4 sanallisesti, koskemalla tai tuijottamalla. Ei tarkoittaa ei. Lopeta tai muuta k\u00e4yt\u00f6st\u00e4si, jos toinen sit\u00e4 pyyt\u00e4\u00e4. Se mik\u00e4 tuntuu sinusta hyv\u00e4lt\u00e4, ei v\u00e4ltt\u00e4m\u00e4tt\u00e4 toisen mielest\u00e4 tunnu samalta. Pyri tulkitsemaan tilannetta ja toista osapuolta. Varmin toimintatapa on kysy\u00e4, kuunnella ja kunnioittaa. Jos loukkaat toista, pyyd\u00e4 anteeksi. Virheit\u00e4 ja erimielisyyksi\u00e4 sattuu. Opitaan niist\u00e4, ja luodaan yhdess\u00e4 ilmapiiri\u00e4, jossa kaikkien on hyv\u00e4 olla. Sitoudutaan yhdess\u00e4 edist\u00e4m\u00e4\u00e4n tasa-arvoa ja yhdenvertaisuutta.<\/p>\n\n\n\n<p>Tasa-arvo ja yhdenvertaisuussuunnitelma on hyv\u00e4ksytty Vare ry:n s\u00e4\u00e4nt\u00f6m\u00e4\u00e4r\u00e4isess\u00e4 kev\u00e4tkokouksessa 2024.<\/p>\n","protected":false},"excerpt":{"rendered":"<p>Vare ry:n tasa-arvo- ja yhdenvertaisuusohjelma Yhdenvertaisuudella tarkoitetaan sit\u00e4, ett\u00e4 kaikki ihmiset ovat samanarvoisia riippumatta henkil\u00f6\u00f6n liittyvist\u00e4 syist\u00e4 ja ominaisuuksista. N\u00e4it\u00e4 ovat esimerkiksi sukupuoli, ik\u00e4, etninen tai kansallinen alkuper\u00e4, kansalaisuus, kieli, uskonto ja vakaumus, mielipide, varallisuus, vamma, terveydentila tai seksuaalinen suuntautuminen. Vare ry sitoutuu toiminnassaan edist\u00e4m\u00e4\u00e4n tasa-arvoa ja yhdenvertaisuutta periaatteilla, jotka perustuvat TYY:n turvallisen tilan periaatteisiin. [&hellip;]<\/p>\n","protected":false},"author":3389,"featured_media":0,"parent":0,"menu_order":0,"comment_status":"closed","ping_status":"closed","template":"","meta":{"_kad_blocks_custom_css":"","_kad_blocks_head_custom_js":"","_kad_blocks_body_custom_js":"","_kad_blocks_footer_custom_js":"","footnotes":""},"class_list":["post-4410","page","type-page","status-publish","czr-hentry"],"taxonomy_info":[],"featured_image_src_large":false,"author_info":{"display_name":"noehedman","author_link":"https:\/\/tyyala.utu.fi\/vare\/author\/noehedman\/"},"comment_info":0,"_links":{"self":[{"href":"https:\/\/tyyala.utu.fi\/vare\/wp-json\/wp\/v2\/pages\/4410","targetHints":{"allow":["GET"]}}],"collection":[{"href":"https:\/\/tyyala.utu.fi\/vare\/wp-json\/wp\/v2\/pages"}],"about":[{"href":"https:\/\/tyyala.utu.fi\/vare\/wp-json\/wp\/v2\/types\/page"}],"author":[{"embeddable":true,"href":"https:\/\/tyyala.utu.fi\/vare\/wp-json\/wp\/v2\/users\/3389"}],"replies":[{"embeddable":true,"href":"https:\/\/tyyala.utu.fi\/vare\/wp-json\/wp\/v2\/comments?post=4410"}],"version-history":[{"count":4,"href":"https:\/\/tyyala.utu.fi\/vare\/wp-json\/wp\/v2\/pages\/4410\/revisions"}],"predecessor-version":[{"id":4472,"href":"https:\/\/tyyala.utu.fi\/vare\/wp-json\/wp\/v2\/pages\/4410\/revisions\/4472"}],"wp:attachment":[{"href":"https:\/\/tyyala.utu.fi\/vare\/wp-json\/wp\/v2\/media?parent=4410"}],"curies":[{"name":"wp","href":"https:\/\/api.w.org\/{rel}","templated":true}]}}