{"id":3753,"date":"2021-02-07T01:57:08","date_gmt":"2021-02-06T23:57:08","guid":{"rendered":"https:\/\/tyyala.utu.fi\/vare\/?page_id=3753"},"modified":"2022-05-16T22:22:09","modified_gmt":"2022-05-16T19:22:09","slug":"opintomatkakorvaukset","status":"publish","type":"page","link":"https:\/\/tyyala.utu.fi\/vare\/opintomatkakorvaukset\/","title":{"rendered":"Opintomatkakorvaukset"},"content":{"rendered":"\n<p>Vareen j\u00e4senill\u00e4 on oikeus hakea korvausta opintoihin liittyvien v\u00e4ltt\u00e4m\u00e4tt\u00f6mien matkojen tuomiin kuluihin. T\u00e4llaisia matkoja ovat esimerkiksi kursseihin sis\u00e4ltyv\u00e4t pakolliset vierailut erilaisissa museoissa, arkistoissa ja kaivauspaikoilla.<\/p>\n\n\n\n<p>Korvausta voi hakea t\u00e4ytt\u00e4m\u00e4ll\u00e4 t\u00e4lt\u00e4 sivulta l\u00f6ytyv\u00e4n opintomatkakorvauslomakkeen ja toimittamalla sen Vareen hallitukselle. Lomakkeen yhteydess\u00e4 toimitetaan my\u00f6s mahdolliset matkaliput tai kuitit matkustamiseen liittyen.<\/p>\n\n\n\n<hr class=\"wp-block-separator\" \/>\n\n\n\n<p>T\u00e4m\u00e4 lomake on tarkoitettu yksitt\u00e4isten opintomatkojen korvaushakuun.<\/p>\n\n\n\n<div class=\"wp-block-file\"><a href=\"https:\/\/tyyala.utu.fi\/vare\/wp-content\/uploads\/sites\/14\/Opintomatkakorvauslomake09.doc\">Opintomatkakorvauslomake<\/a><a href=\"https:\/\/tyyala.utu.fi\/vare\/wp-content\/uploads\/sites\/14\/Opintomatkakorvauslomake09.doc\" class=\"wp-block-file__button\" download>Lataa<\/a><\/div>\n\n\n\n<hr class=\"wp-block-separator\" \/>\n\n\n\n<p>T\u00e4m\u00e4 lomake on tarkoitettu niille, jotka tekev\u00e4t vuosittain useita opintomatkoja omalla autollaan. Lomakkeen k\u00e4yt\u00f6st\u00e4 on kuitenkin sovittava etuk\u00e4teen hallituksen kanssa, jotta voimme yhdess\u00e4 katsoa sopiiko se kyseiseen tilanteeseen.<\/p>\n\n\n\n<div class=\"wp-block-file\"><a href=\"https:\/\/tyyala.utu.fi\/vare\/wp-content\/uploads\/sites\/14\/Kilometrikorvausmatkalasku.docx\">Kilometrikorvaus<\/a><a href=\"https:\/\/tyyala.utu.fi\/vare\/wp-content\/uploads\/sites\/14\/Kilometrikorvausmatkalasku.docx\" class=\"wp-block-file__button\" download>Lataa<\/a><\/div>\n\n\n\n<p><\/p>\n","protected":false},"excerpt":{"rendered":"<p>Vareen j\u00e4senill\u00e4 on oikeus hakea korvausta opintoihin liittyvien v\u00e4ltt\u00e4m\u00e4tt\u00f6mien matkojen tuomiin kuluihin. T\u00e4llaisia matkoja ovat esimerkiksi kursseihin sis\u00e4ltyv\u00e4t pakolliset vierailut erilaisissa museoissa, arkistoissa ja kaivauspaikoilla. Korvausta voi hakea t\u00e4ytt\u00e4m\u00e4ll\u00e4 t\u00e4lt\u00e4 sivulta l\u00f6ytyv\u00e4n opintomatkakorvauslomakkeen ja toimittamalla sen Vareen hallitukselle. Lomakkeen yhteydess\u00e4 toimitetaan my\u00f6s mahdolliset matkaliput tai kuitit matkustamiseen liittyen. T\u00e4m\u00e4 lomake on tarkoitettu yksitt\u00e4isten opintomatkojen korvaushakuun. [&hellip;]<\/p>\n","protected":false},"author":2934,"featured_media":0,"parent":0,"menu_order":0,"comment_status":"closed","ping_status":"closed","template":"","meta":{"_kad_blocks_custom_css":"","_kad_blocks_head_custom_js":"","_kad_blocks_body_custom_js":"","_kad_blocks_footer_custom_js":"","footnotes":""},"class_list":["post-3753","page","type-page","status-publish","czr-hentry"],"taxonomy_info":[],"featured_image_src_large":false,"author_info":{"display_name":"aakett","author_link":"https:\/\/tyyala.utu.fi\/vare\/author\/aakett\/"},"comment_info":0,"_links":{"self":[{"href":"https:\/\/tyyala.utu.fi\/vare\/wp-json\/wp\/v2\/pages\/3753","targetHints":{"allow":["GET"]}}],"collection":[{"href":"https:\/\/tyyala.utu.fi\/vare\/wp-json\/wp\/v2\/pages"}],"about":[{"href":"https:\/\/tyyala.utu.fi\/vare\/wp-json\/wp\/v2\/types\/page"}],"author":[{"embeddable":true,"href":"https:\/\/tyyala.utu.fi\/vare\/wp-json\/wp\/v2\/users\/2934"}],"replies":[{"embeddable":true,"href":"https:\/\/tyyala.utu.fi\/vare\/wp-json\/wp\/v2\/comments?post=3753"}],"version-history":[{"count":8,"href":"https:\/\/tyyala.utu.fi\/vare\/wp-json\/wp\/v2\/pages\/3753\/revisions"}],"predecessor-version":[{"id":4268,"href":"https:\/\/tyyala.utu.fi\/vare\/wp-json\/wp\/v2\/pages\/3753\/revisions\/4268"}],"wp:attachment":[{"href":"https:\/\/tyyala.utu.fi\/vare\/wp-json\/wp\/v2\/media?parent=3753"}],"curies":[{"name":"wp","href":"https:\/\/api.w.org\/{rel}","templated":true}]}}