{"id":101,"date":"2019-09-19T16:31:44","date_gmt":"2019-09-19T13:31:44","guid":{"rendered":"http:\/\/tyyala.utu.fi\/utufootball\/?page_id=101"},"modified":"2019-10-31T15:06:47","modified_gmt":"2019-10-31T12:06:47","slug":"naytosottelu-exhibition-game-2019","status":"publish","type":"page","link":"https:\/\/tyyala.utu.fi\/utufootball\/naytosottelu-exhibition-game-2019\/","title":{"rendered":"N\u00e4yt\u00f6sottelu &#8211; Exhibition Game 2019"},"content":{"rendered":"\n<figure class=\"wp-block-image\"><img loading=\"lazy\" decoding=\"async\" width=\"1024\" height=\"536\" src=\"https:\/\/tyyala.utu.fi\/utufootball\/wp-content\/uploads\/sites\/20\/2019\/09\/n\u00e4yt\u00f6sottelu_FB-event-1024x536.png\" alt=\"\" class=\"wp-image-104\" srcset=\"https:\/\/tyyala.utu.fi\/utufootball\/wp-content\/uploads\/sites\/20\/2019\/09\/n\u00e4yt\u00f6sottelu_FB-event-1024x536.png 1024w, https:\/\/tyyala.utu.fi\/utufootball\/wp-content\/uploads\/sites\/20\/2019\/09\/n\u00e4yt\u00f6sottelu_FB-event-300x157.png 300w, https:\/\/tyyala.utu.fi\/utufootball\/wp-content\/uploads\/sites\/20\/2019\/09\/n\u00e4yt\u00f6sottelu_FB-event-768x402.png 768w, https:\/\/tyyala.utu.fi\/utufootball\/wp-content\/uploads\/sites\/20\/2019\/09\/n\u00e4yt\u00f6sottelu_FB-event-676x354.png 676w, https:\/\/tyyala.utu.fi\/utufootball\/wp-content\/uploads\/sites\/20\/2019\/09\/n\u00e4yt\u00f6sottelu_FB-event.png 1200w\" sizes=\"auto, (max-width: 1024px) 100vw, 1024px\" \/><\/figure>\n\n\n\n<p>\n\nTorstaina 26.9. kolahtaa! UTU Beaver Hunters, TUAS Tornadoes ja Turku Trojans tuovat jenkkifutistunnelmaa kampukselle, kun CampusSportin j\u00e4rjest\u00e4m\u00e4n SportAppro -p\u00e4iv\u00e4n lopuksi Parkin kent\u00e4ll\u00e4 pelataan jenkkifutiksen n\u00e4yt\u00f6sottelu. Ottelu alkaa kello 19.30 ja tapahtumaan on vapaa p\u00e4\u00e4sy.<\/p>\n\n\n\n<p>Ennen ottelua kent\u00e4ll\u00e4 on mahdollisuus my\u00f6s amerikkalaisen jalkapallon SportAppro -suoritukseen, lis\u00e4tietoja t\u00e4st\u00e4 CampusSportin kautta. My\u00f6s matsin j\u00e4lkeen voi j\u00e4\u00e4d\u00e4 kokeilemaan lajia sek\u00e4 tapaamaan pelaajia ja valmentajia.<\/p>\n\n\n\n<p>Tervetuloa tutustumaan nopeatempoiseen ja j\u00e4nnitt\u00e4v\u00e4\u00e4n kontaktilajiin aivan kent\u00e4n reunalta!<\/p>\n\n\n\n<p>Live College Football on Thursday 26th September! Your UTU Beaver Hunters, together with TUAS Tornadoes and Turku Trojans, bring the football show (at least close) to campus as we\u2019ll be playing an American football exhibition game at the end of CampusSport\u2019s SportAppro day. Game starts at 7:30pm at the Parkin kentt\u00e4 field. The entrance to the event is free.<\/p>\n\n\n\n<p>Before the game there is an opportunity to gain a mark to your SportAppro pass, more information on that via CampusSport. You can also try your hand at throwing the football or blocking a defender after the game and meet the players and coaches.<\/p>\n\n\n\n<p>Welcome, get to know this fast and exciting contact sport from close up!\n\n<\/p>\n\n\n\n<p>Link to Facebook event:    <br><a href=\"https:\/\/www.facebook.com\/events\/337835380318287\">https:\/\/www.facebook.com\/events\/337835380318287<\/a> <\/p>\n","protected":false},"excerpt":{"rendered":"<p>Torstaina 26.9. kolahtaa! UTU Beaver Hunters, TUAS Tornadoes ja Turku Trojans tuovat jenkkifutistunnelmaa kampukselle, kun CampusSportin j\u00e4rjest\u00e4m\u00e4n SportAppro -p\u00e4iv\u00e4n lopuksi Parkin kent\u00e4ll\u00e4 pelataan jenkkifutiksen n\u00e4yt\u00f6sottelu. Ottelu alkaa kello 19.30 ja tapahtumaan on vapaa p\u00e4\u00e4sy. Ennen ottelua kent\u00e4ll\u00e4 on mahdollisuus my\u00f6s amerikkalaisen jalkapallon SportAppro -suoritukseen, lis\u00e4tietoja t\u00e4st\u00e4 CampusSportin kautta. My\u00f6s matsin j\u00e4lkeen voi j\u00e4\u00e4d\u00e4 kokeilemaan lajia [&hellip;]<\/p>\n","protected":false},"author":98,"featured_media":0,"parent":0,"menu_order":0,"comment_status":"closed","ping_status":"closed","template":"","meta":{"footnotes":""},"class_list":["post-101","page","type-page","status-publish","hentry","post-preview"],"_links":{"self":[{"href":"https:\/\/tyyala.utu.fi\/utufootball\/wp-json\/wp\/v2\/pages\/101","targetHints":{"allow":["GET"]}}],"collection":[{"href":"https:\/\/tyyala.utu.fi\/utufootball\/wp-json\/wp\/v2\/pages"}],"about":[{"href":"https:\/\/tyyala.utu.fi\/utufootball\/wp-json\/wp\/v2\/types\/page"}],"author":[{"embeddable":true,"href":"https:\/\/tyyala.utu.fi\/utufootball\/wp-json\/wp\/v2\/users\/98"}],"replies":[{"embeddable":true,"href":"https:\/\/tyyala.utu.fi\/utufootball\/wp-json\/wp\/v2\/comments?post=101"}],"version-history":[{"count":4,"href":"https:\/\/tyyala.utu.fi\/utufootball\/wp-json\/wp\/v2\/pages\/101\/revisions"}],"predecessor-version":[{"id":116,"href":"https:\/\/tyyala.utu.fi\/utufootball\/wp-json\/wp\/v2\/pages\/101\/revisions\/116"}],"wp:attachment":[{"href":"https:\/\/tyyala.utu.fi\/utufootball\/wp-json\/wp\/v2\/media?parent=101"}],"curies":[{"name":"wp","href":"https:\/\/api.w.org\/{rel}","templated":true}]}}