{"id":34,"date":"2016-08-24T11:43:04","date_gmt":"2016-08-24T11:43:04","guid":{"rendered":"http:\/\/tyyala.utu.fi\/turun-yk-yhdistys\/?page_id=34"},"modified":"2025-12-05T14:18:31","modified_gmt":"2025-12-05T12:18:31","slug":"liity-jaseneksi","status":"publish","type":"page","link":"https:\/\/tyyala.utu.fi\/turun-yk-yhdistys\/toiminta\/liity-jaseneksi\/","title":{"rendered":"Liity j\u00e4seneksi"},"content":{"rendered":"<p>Turun YK-Yhdistyksen j\u00e4seneksi voivat liitty\u00e4 kaikki toiminnasta kiinnostuneet ja mit\u00e4 parasta, j\u00e4senyys on t\u00e4ysin ilmaista! Turun YK-yhdistyksen j\u00e4seneksi ja s\u00e4hk\u00f6postilistalle voit liitty\u00e4 t\u00e4ytt\u00e4m\u00e4ll\u00e4 alla olevan lomakkeen. Olet l\u00e4mpim\u00e4sti tervetullut toimintaamme mukaan.<\/p>\n<p>Yhdistyksen hallitus kokoontuu noin kolmen viikon v\u00e4lein keskustelemaan ja p\u00e4\u00e4tt\u00e4m\u00e4\u00e4n ajankohtaisista tapahtumista ja toiminnasta. N\u00e4ihin kokouksiin ovat my\u00f6s kaikki toiminnastamme kiinnostuneet tervetulleita!<\/p>\n<p><a href=\"https:\/\/tyyala.utu.fi\/turun-yk-yhdistys\/wp-content\/uploads\/sites\/23\/2025\/11\/Turun-YK-yhdistyksen-tietosuojaseloste.pdf\">TYKy:n tietosuojaseloste<\/a><\/p>\n\n<div class=\"wpcf7 no-js\" id=\"wpcf7-f4907-o1\" lang=\"fi\" dir=\"ltr\" data-wpcf7-id=\"4907\">\n<div class=\"screen-reader-response\"><p role=\"status\" aria-live=\"polite\" aria-atomic=\"true\"><\/p> <ul><\/ul><\/div>\n<form action=\"\/turun-yk-yhdistys\/wp-json\/wp\/v2\/pages\/34#wpcf7-f4907-o1\" method=\"post\" class=\"wpcf7-form init\" aria-label=\"Yhteydenottolomake\" novalidate=\"novalidate\" data-status=\"init\">\n<fieldset class=\"hidden-fields-container\"><input type=\"hidden\" name=\"_wpcf7\" value=\"4907\" \/><input type=\"hidden\" name=\"_wpcf7_version\" value=\"6.1.4\" \/><input type=\"hidden\" name=\"_wpcf7_locale\" value=\"fi\" \/><input type=\"hidden\" name=\"_wpcf7_unit_tag\" value=\"wpcf7-f4907-o1\" \/><input type=\"hidden\" name=\"_wpcf7_container_post\" value=\"0\" \/><input type=\"hidden\" name=\"_wpcf7_posted_data_hash\" value=\"\" \/>\n<\/fieldset>\n<p>*PAKOLLISET KENT\u00c4T\n<\/p>\n<p>Etu- ja sukunimesi*\n<\/p>\n<p><span class=\"wpcf7-form-control-wrap\" data-name=\"your-name\"><input size=\"40\" maxlength=\"400\" class=\"wpcf7-form-control wpcf7-text wpcf7-validates-as-required\" aria-required=\"true\" aria-invalid=\"false\" value=\"\" type=\"text\" name=\"your-name\" \/><\/span>\n<\/p>\n<p>S\u00e4hk\u00f6posti*\n<\/p>\n<p><span class=\"wpcf7-form-control-wrap\" data-name=\"your-email\"><input size=\"40\" maxlength=\"400\" class=\"wpcf7-form-control wpcf7-email wpcf7-validates-as-required wpcf7-text wpcf7-validates-as-email\" aria-required=\"true\" aria-invalid=\"false\" value=\"\" type=\"email\" name=\"your-email\" \/><\/span>\n<\/p>\n<p>Kotipaikka esim. Turku*\n<\/p>\n<p><span class=\"wpcf7-form-control-wrap\" data-name=\"text-hometown\"><input size=\"40\" maxlength=\"400\" class=\"wpcf7-form-control wpcf7-text wpcf7-validates-as-required\" aria-required=\"true\" aria-invalid=\"false\" value=\"\" type=\"text\" name=\"text-hometown\" \/><\/span>\n<\/p>\n<p>Oletko TYY:n j\u00e4sen?*\n<\/p>\n<p><span class=\"wpcf7-form-control-wrap\" data-name=\"TYY\"><select class=\"wpcf7-form-control wpcf7-select wpcf7-validates-as-required\" aria-required=\"true\" aria-invalid=\"false\" name=\"TYY\"><option value=\"Kyll\u00e4\">Kyll\u00e4<\/option><option value=\"Ei\">Ei<\/option><option value=\"Joku muu, mik\u00e4?\">Joku muu, mik\u00e4?<\/option><\/select><\/span>\n<\/p>\n<p><label>Joku muu, mik\u00e4?<br \/>\n<span class=\"wpcf7-form-control-wrap\" data-name=\"Muu\"><input size=\"40\" maxlength=\"400\" class=\"wpcf7-form-control wpcf7-text\" aria-invalid=\"false\" value=\"\" type=\"text\" name=\"Muu\" \/><\/span> <\/label>\n<\/p>\n<p><label>Voit j\u00e4tt\u00e4\u00e4 viestin TYKyn hallitukselle\u202a\u2764\ufe0e<br \/>\n<span class=\"wpcf7-form-control-wrap\" data-name=\"your-message\"><input size=\"40\" maxlength=\"400\" class=\"wpcf7-form-control wpcf7-text\" aria-invalid=\"false\" value=\"\" type=\"text\" name=\"your-message\" \/><\/span> <\/label>\n<\/p>\n<p><label><span class=\"wpcf7-form-control-wrap\" data-name=\"oikeat-tiedot\"><span class=\"wpcf7-form-control wpcf7-checkbox\"><span class=\"wpcf7-list-item first last\"><label><input type=\"checkbox\" name=\"oikeat-tiedot[]\" value=\"Olen tutustunut tietosuojaselosteeseen ja hyv\u00e4ksyn j\u00e4senyyden k\u00e4ytt\u00f6ehdot.\" \/><span class=\"wpcf7-list-item-label\">Olen tutustunut tietosuojaselosteeseen ja hyv\u00e4ksyn j\u00e4senyyden k\u00e4ytt\u00f6ehdot.<\/span><\/label><\/span><\/span><\/span> <\/label>\n<\/p>\n<p><label><span class=\"wpcf7-form-control-wrap\" data-name=\"testi\"><label><span class=\"wpcf7-quiz-label\">Kuinka paljon on 1+2-1?<\/span> <input size=\"40\" class=\"wpcf7-form-control wpcf7-quiz\" autocomplete=\"off\" aria-required=\"true\" aria-invalid=\"false\" type=\"text\" name=\"testi\" \/><\/label><input type=\"hidden\" name=\"_wpcf7_quiz_answer_testi\" value=\"07dd6ce2e1bf141cc76f53687126ea63\" \/><\/span><\/label>\n<\/p>\n<p><label><input class=\"wpcf7-form-control wpcf7-submit has-spinner\" type=\"submit\" value=\"L\u00e4het\u00e4\" \/><\/label>\n<\/p><div class=\"wpcf7-response-output\" aria-hidden=\"true\"><\/div>\n<\/form>\n<\/div>\n\n<p>&nbsp;<\/p>\n<p>&nbsp;<\/p>\n","protected":false},"excerpt":{"rendered":"<p>Turun YK-Yhdistyksen j\u00e4seneksi voivat liitty\u00e4 kaikki toiminnasta kiinnostuneet ja mit\u00e4 parasta, j\u00e4senyys on t\u00e4ysin ilmaista! Turun YK-yhdistyksen j\u00e4seneksi ja s\u00e4hk\u00f6postilistalle voit liitty\u00e4 t\u00e4ytt\u00e4m\u00e4ll\u00e4 alla olevan lomakkeen. Olet l\u00e4mpim\u00e4sti tervetullut toimintaamme mukaan. Yhdistyksen hallitus kokoontuu noin kolmen viikon v\u00e4lein keskustelemaan ja p\u00e4\u00e4tt\u00e4m\u00e4\u00e4n ajankohtaisista tapahtumista ja toiminnasta. N\u00e4ihin kokouksiin ovat my\u00f6s kaikki toiminnastamme kiinnostuneet tervetulleita! TYKy:n tietosuojaseloste [&hellip;]<\/p>\n","protected":false},"author":110,"featured_media":4621,"parent":172,"menu_order":0,"comment_status":"closed","ping_status":"closed","template":"","meta":{"_kad_blocks_custom_css":"","_kad_blocks_head_custom_js":"","_kad_blocks_body_custom_js":"","_kad_blocks_footer_custom_js":"","_mc_calendar":[],"footnotes":""},"class_list":["post-34","page","type-page","status-publish","has-post-thumbnail","czr-hentry"],"taxonomy_info":[],"featured_image_src_large":["https:\/\/tyyala.utu.fi\/turun-yk-yhdistys\/wp-content\/uploads\/sites\/23\/2024\/03\/1-1024x1024.png",1024,1024,true],"author_info":{"display_name":"YK-yhdistys","author_link":"https:\/\/tyyala.utu.fi\/turun-yk-yhdistys\/author\/markarv\/"},"comment_info":0,"_links":{"self":[{"href":"https:\/\/tyyala.utu.fi\/turun-yk-yhdistys\/wp-json\/wp\/v2\/pages\/34","targetHints":{"allow":["GET"]}}],"collection":[{"href":"https:\/\/tyyala.utu.fi\/turun-yk-yhdistys\/wp-json\/wp\/v2\/pages"}],"about":[{"href":"https:\/\/tyyala.utu.fi\/turun-yk-yhdistys\/wp-json\/wp\/v2\/types\/page"}],"author":[{"embeddable":true,"href":"https:\/\/tyyala.utu.fi\/turun-yk-yhdistys\/wp-json\/wp\/v2\/users\/110"}],"replies":[{"embeddable":true,"href":"https:\/\/tyyala.utu.fi\/turun-yk-yhdistys\/wp-json\/wp\/v2\/comments?post=34"}],"version-history":[{"count":24,"href":"https:\/\/tyyala.utu.fi\/turun-yk-yhdistys\/wp-json\/wp\/v2\/pages\/34\/revisions"}],"predecessor-version":[{"id":4913,"href":"https:\/\/tyyala.utu.fi\/turun-yk-yhdistys\/wp-json\/wp\/v2\/pages\/34\/revisions\/4913"}],"up":[{"embeddable":true,"href":"https:\/\/tyyala.utu.fi\/turun-yk-yhdistys\/wp-json\/wp\/v2\/pages\/172"}],"wp:featuredmedia":[{"embeddable":true,"href":"https:\/\/tyyala.utu.fi\/turun-yk-yhdistys\/wp-json\/wp\/v2\/media\/4621"}],"wp:attachment":[{"href":"https:\/\/tyyala.utu.fi\/turun-yk-yhdistys\/wp-json\/wp\/v2\/media?parent=34"}],"curies":[{"name":"wp","href":"https:\/\/api.w.org\/{rel}","templated":true}]}}