{"id":1960,"date":"2018-06-06T07:20:31","date_gmt":"2018-06-06T07:20:31","guid":{"rendered":"http:\/\/tyyala.utu.fi\/turun-yk-yhdistys\/?page_id=1960"},"modified":"2026-02-10T16:42:00","modified_gmt":"2026-02-10T14:42:00","slug":"hallitus","status":"publish","type":"page","link":"https:\/\/tyyala.utu.fi\/turun-yk-yhdistys\/hallitus\/","title":{"rendered":"Hallitus"},"content":{"rendered":"\n<p>Yhdistyksen asioita hoitaa syyskokouksessa valittu hallitus, johon kuuluu vuodeksi kerrallaan valittu puheenjohtaja ja v\u00e4hint\u00e4\u00e4n viisi (5), mutta kuitenkin korkeintaan kymmenen (10) vuodeksi kerrallaan valittua j\u00e4sent\u00e4 ja 0-3 varaj\u00e4sent\u00e4. Vuonna 2026 hallituksessa on kymmenen (10) j\u00e4sent\u00e4.<br><\/p>\n\n\n\n<hr class=\"wp-block-separator has-alpha-channel-opacity\" \/>\n\n\n\n<h2 class=\"wp-block-heading\">Vuoden 2026 hallitus<\/h2>\n\n\n<p>\n\n\n<p><strong>Puheenjohtaja<\/strong><br>Ilona Poncin<\/p>\n\n\n\n<p><strong>Varapuheenjohtaja<\/strong><br>Anna Kuittinen<\/p>\n\n\n\n<p><strong>Sihteeri<\/strong><br>Heidi Hytti<\/p>\n\n\n\n<p><strong>Taloudenhoitaja <\/strong><br>Anni Sorakunnas <\/p>\n\n\n\n<p><strong>Viestint\u00e4vastaavat<br><\/strong>Marie Vaillant<\/p>\n\n\n\n<p>Nina Puotila<\/p>\n\n\n\n<p><strong>Tapahtumavastaava<\/strong><br>Ada Salonen<\/p>\n\n\n\n<p><strong>Suomen YK-nuoret -vastaava<br><\/strong>Emilia Bj\u00f6rkstrand<\/p>\n\n\n\n<p><strong>Kansainv\u00e4lisyys- ja ulkosuhdevastaava&nbsp;<br><\/strong>Lotta Takala<\/p>\n\n\n\n<p><strong>Ymp\u00e4rist\u00f6- ja yhdenvertaisuusvastaava&nbsp;<br><\/strong>Jenna Summala<\/p>\n\n\n\n<p><strong>Varaj\u00e4senet<\/strong><br>Cristina Badoi<\/p>\n\n\n\n<p>Gerawati Krismonika&nbsp;<\/p>\n\n\n\n<p>Siiri Pekkanen<\/p>\n\n\n<\/p>\n\n\n<hr class=\"wp-block-separator has-alpha-channel-opacity\" \/>\n\n\n\n<h2 class=\"wp-block-heading\">Entiset hallitukset<\/h2>\n\n\n\n<h3 class=\"wp-block-heading\"><strong>Vuoden 202<\/strong>5 hallitus<\/h3>\n\n\n\n<p><strong>Puheenjohtaja<\/strong><br>Cristina Badoi<br><br><strong>Varapuheenjohtaja<\/strong><br>Alina M\u00e4kinen<br><br><strong>Sihteeri<\/strong><br>Eero Lindberg<br><br><strong>Taloudenhoitaja<\/strong><br>Joanna Slama<br><br><strong>Viestint\u00e4vastaava<\/strong><br>Miikka Kestikievari<\/p>\n\n\n\n<p>Alma Mlivi\u0107<\/p>\n\n\n\n<p><strong>Tapahtumavastaava<\/strong><br>Ada Salonen<br><br><strong><strong>Suomen YK-nuoret -vastaava<\/strong><br><\/strong>Leea Hering<br><br><strong>Kansainv\u00e4lisyys- ja ulkosuhdevastaava<br><\/strong>Saara Alhusnaui<br><br><strong>Varaj\u00e4senet<\/strong><br>Iulia Alexandru<br>Aleksi Elo Dean<br>Susanna Lundell<br><br><\/p>\n\n\n\n<hr class=\"wp-block-separator has-alpha-channel-opacity\" \/>\n\n\n\n<h3 class=\"wp-block-heading\">Vuoden <strong>2024<\/strong> hallitus<\/h3>\n\n\n\n<p><strong>Puheenjohtaja<\/strong><br>Anton Sahinaho<br><br><strong>Varapuheenjohtajat<\/strong><br>Cristina Badoi<br>Alexander Suhonen<br><br><strong>Sihteeri<\/strong><br>Saku Lehtoniemi<br><br><strong>Taloudenhoitaja<\/strong><br>Hilppa Nissinen<br><br><strong>Viestint\u00e4vastaavat<\/strong><br>Nette Saikkonen<br>Wilma Kotivainio<br><br><strong>Tapahtumavastaava<\/strong><br>Tiia Salminen<br><br><strong><strong>Suomen YK-nuoret -vastaava<\/strong><br><\/strong>Milla Skogslind<br><br><strong>L\u00e4ksykerhovastaava<\/strong><br>Erika Tilander<br><br><strong>Yhdenvertaisuus- ja ulkosuhdevastaava<br><\/strong>Konsta Leikas<br><br><strong>Interkulttuurinen Foorumi -vastaava<br><\/strong>Erika Tilander<br><br><strong>Varaj\u00e4senet<\/strong><br>Ville Kivek\u00e4s<br>Oona Jakonen<br>Muusa Marsala<\/p>\n\n\n\n<hr class=\"wp-block-separator has-alpha-channel-opacity\" \/>\n\n\n\n<h3 class=\"wp-block-heading\">Vuoden <strong>2023<\/strong> hallitus<\/h3>\n\n\n\n<p><strong>Puheenjohtaja<\/strong><br>Valeria Vitikainen<br><br><strong>Varapuheenjohtaja<\/strong><br>Hannaneh Mahmoudian<br><br><strong>Sihteeri<\/strong><br>Nora M\u00e4ntyharju<br><br><strong>Taloudenhoitaja<\/strong><br>Maisa Lyra<br><br><strong>Viestint\u00e4vastaavat<\/strong><br>Erika Tilander<br>Nelli Haapalahti<br><br><strong>Tapahtumavastaava<\/strong><br>Oskari Pajunen<br><br><strong>L\u00e4ksykerhovastaava<\/strong><br>Luukas Hakanen<br><br><strong>Yhdenvertaisuus- ja ymp\u00e4rist\u00f6vastaava<\/strong><br>Ville Kivek\u00e4s<br><br><\/p>\n\n\n\n<hr class=\"wp-block-separator has-alpha-channel-opacity\" \/>\n\n\n\n<h3 class=\"wp-block-heading\">Vuoden <strong>2022<\/strong> hallitus<\/h3>\n\n\n\n<p><strong>Puheenjohtaja<\/strong><br>Cia Ylenius<br><br><strong>Varapuheenjohtaja<\/strong><br>Alina Hirvinen<br><br><strong>Sihteeri<\/strong><br>Toni Rajala<br><br><strong>Taloudenhoitaja<\/strong><br>Jonna Motturi<br><br><strong>Viestint\u00e4vastaava<br><\/strong>Salla Mattila<br><br><strong>Kansainv\u00e4lisyysvastaava<\/strong><br>Milla Soikkonen<br><br><strong>Suomen YK-nuoret -vastaava<\/strong><br>Anni Taavila<br><br><strong>SONDIP-vastaava<br><\/strong>Inka Laaksonen<br><br><strong>L\u00e4ksykerhovastaava<\/strong><br>Eva Bonnet<br><br><strong>Varaj\u00e4senet<\/strong><br>Emmi Katajisto<br>Nora M\u00e4ntyharju<br>Helmi Sundholm<br><\/p>\n\n\n\n<hr class=\"wp-block-separator has-alpha-channel-opacity\" \/>\n\n\n\n<h3 class=\"wp-block-heading\">Vuoden <strong>2021<\/strong> hallitus<\/h3>\n\n\n\n<p><strong>Puheenjohtaja<\/strong><br>Elli Kauppinen<br><br><strong>Varapuheenjohtaja<\/strong><br>Emmi Katajisto<br><br><strong>Sihteeri<\/strong><br>Johanna Virtanen<br><br><strong>Taloudenhoitaja<\/strong><br>Ruusa Rinne<br><br><strong>Viestint\u00e4- ja tapahtumavastaavat<br><\/strong>Kira Heikel\u00e4<br>Emmi Vainio<br><br><strong>Tapahtumakoordinaattori<\/strong><br>Jenna Nyk\u00e4nen<br><br><strong>Kansainv\u00e4lisyysvastaava<\/strong><br>Erkki K\u00e4cklund<br><br><strong>Suomen YK-nuoret -vastaava<\/strong><br>Nora M\u00e4ntyharju<br><br><strong>SONDIP-vastaava<br><\/strong>Jenna Nyk\u00e4nen<br><br><strong>L\u00e4ksykerhovastaava<\/strong><br>Badria Qalib<br><br><strong>Ymp\u00e4rist\u00f6vastaava<\/strong><br>Jenna Fagerholm<br><\/p>\n","protected":false},"excerpt":{"rendered":"<p>Yhdistyksen asioita hoitaa syyskokouksessa valittu hallitus, johon kuuluu vuodeksi kerrallaan valittu puheenjohtaja ja v\u00e4hint\u00e4\u00e4n viisi (5), mutta kuitenkin korkeintaan kymmenen (10) vuodeksi kerrallaan valittua j\u00e4sent\u00e4 ja 0-3 varaj\u00e4sent\u00e4. Vuonna 2026 hallituksessa on kymmenen (10) j\u00e4sent\u00e4. Vuoden 2026 hallitus PuheenjohtajaIlona Poncin VarapuheenjohtajaAnna Kuittinen SihteeriHeidi Hytti Taloudenhoitaja Anni Sorakunnas Viestint\u00e4vastaavatMarie Vaillant Nina Puotila TapahtumavastaavaAda Salonen Suomen YK-nuoret [&hellip;]<\/p>\n","protected":false},"author":903,"featured_media":0,"parent":0,"menu_order":0,"comment_status":"closed","ping_status":"closed","template":"","meta":{"_kad_blocks_custom_css":"","_kad_blocks_head_custom_js":"","_kad_blocks_body_custom_js":"","_kad_blocks_footer_custom_js":"","_mc_calendar":[],"footnotes":""},"class_list":["post-1960","page","type-page","status-publish","czr-hentry"],"taxonomy_info":[],"featured_image_src_large":false,"author_info":{"display_name":"Venla Rousku","author_link":"https:\/\/tyyala.utu.fi\/turun-yk-yhdistys\/author\/vmjrou\/"},"comment_info":0,"_links":{"self":[{"href":"https:\/\/tyyala.utu.fi\/turun-yk-yhdistys\/wp-json\/wp\/v2\/pages\/1960","targetHints":{"allow":["GET"]}}],"collection":[{"href":"https:\/\/tyyala.utu.fi\/turun-yk-yhdistys\/wp-json\/wp\/v2\/pages"}],"about":[{"href":"https:\/\/tyyala.utu.fi\/turun-yk-yhdistys\/wp-json\/wp\/v2\/types\/page"}],"author":[{"embeddable":true,"href":"https:\/\/tyyala.utu.fi\/turun-yk-yhdistys\/wp-json\/wp\/v2\/users\/903"}],"replies":[{"embeddable":true,"href":"https:\/\/tyyala.utu.fi\/turun-yk-yhdistys\/wp-json\/wp\/v2\/comments?post=1960"}],"version-history":[{"count":44,"href":"https:\/\/tyyala.utu.fi\/turun-yk-yhdistys\/wp-json\/wp\/v2\/pages\/1960\/revisions"}],"predecessor-version":[{"id":4931,"href":"https:\/\/tyyala.utu.fi\/turun-yk-yhdistys\/wp-json\/wp\/v2\/pages\/1960\/revisions\/4931"}],"wp:attachment":[{"href":"https:\/\/tyyala.utu.fi\/turun-yk-yhdistys\/wp-json\/wp\/v2\/media?parent=1960"}],"curies":[{"name":"wp","href":"https:\/\/api.w.org\/{rel}","templated":true}]}}