{"id":1606,"date":"2017-08-15T20:47:37","date_gmt":"2017-08-15T18:47:37","guid":{"rendered":"http:\/\/tyyala.utu.fi\/prometheus\/?page_id=1606"},"modified":"2017-09-22T09:32:35","modified_gmt":"2017-09-22T07:32:35","slug":"prometheuksesta","status":"publish","type":"page","link":"https:\/\/tyyala.utu.fi\/prometheus\/","title":{"rendered":"Prometheuksesta"},"content":{"rendered":"<p>Prometheus ry, tutummin Prome, on Turun yliopiston yleisen kirjallisuustieteen opiskelijoiden ainej\u00e4rjest\u00f6.\u00a0Jo vuodesta 1977 se on koonnut yhteen yleisen kirjallisuustieteen opiskelijoita, jotta yliopistomaailmassa ei tulisi ik\u00e4v\u00e4, opiskelut sujuisivat jouhevasti ja vapaa-ajallakin riitt\u00e4isi mielek\u00e4st\u00e4 tekemist\u00e4.<\/p>\n<p>Toimintaa l\u00f6ytyykin jokaiseen makuun &#8211; on runsaasti juhlia, lukupiirej\u00e4, leffailtoja, m\u00f6kkireissuja ja hyvinvointia kasvattavaa rentoa yhdess\u00e4oloa.<\/p>\n<p>Hauskanpidon ja yhteis\u00f6llisen toiminnan lis\u00e4ksi Prometheuksella on rooli opiskelijoiden edunvalvontaj\u00e4rjest\u00f6n\u00e4 yliopiston hallinnossa. Se yll\u00e4pit\u00e4\u00e4 toimivaa keskusteluyhteytt\u00e4 oppiaineen henkil\u00f6kuntaan ja muihin opiskelijaj\u00e4rjest\u00f6ihin, vie eteenp\u00e4in opiskelijan toiveita ja pyrkii ratkomaan opiskeluun liittyvi\u00e4 huolia ja murheita.<\/p>\n<p>Tulevien tapahtumien ajankohdat saat kurkattua Promen <a href=\"https:\/\/tyyala.utu.fi\/prometheus\/tapahtumakalenteri\/\">tapahtumakalenterista<\/a>, mutta helpoiten pysyt k\u00e4rryill\u00e4 tykk\u00e4\u00e4m\u00e4ll\u00e4 Promen <a href=\"https:\/\/www.facebook.com\/prometheusry\/?ref=aymt_homepage_panel\">Facebook-sivusta<\/a> tai liittym\u00e4ll\u00e4 <a href=\"https:\/\/lists.utu.fi\/mailman\/listinfo\/prometheus\">s\u00e4hk\u00f6postilistalle<\/a>. Promelaisten touhuja seuraamaan p\u00e4\u00e4set liittym\u00e4ll\u00e4 Prometheuksen suljettuun Facebook-ryhm\u00e4\u00e4n sek\u00e4 seuraamalla Promea <a href=\"https:\/\/www.instagram.com\/_prometheusry_\/\">Instagramissa<\/a>.<\/p>\n<p>J\u00e4rjest\u00f6n\u00a0toiminnan\u00a0suunnittelee ja j\u00e4rjest\u00e4\u00e4 kaksi kertaa kuukaudessa kokoustava Prometheuksen <a href=\"https:\/\/tyyala.utu.fi\/prometheus\/tietoa\/vuoden-hallitus\/\">hallitus<\/a>, johon kuka tahansa j\u00e4sen voi liitty\u00e4 yhdistyksen kokouksissa, joita j\u00e4rjestet\u00e4\u00e4n v\u00e4hint\u00e4\u00e4n kaksi kertaa vuodessa.<\/p>\n<p>Mik\u00e4li mielit turkulaisten kirjallisuustieteilij\u00f6iden iloiseen joukkoon, liity <a href=\"https:\/\/tyyala.utu.fi\/prometheus\/tietoa\/jaseneksi\/\">j\u00e4seneksi<\/a>!<\/p>\n<p>&nbsp;<\/p>\n","protected":false},"excerpt":{"rendered":"<p>Prometheus ry, tutummin Prome, on Turun yliopiston yleisen kirjallisuustieteen opiskelijoiden ainej\u00e4rjest\u00f6.\u00a0Jo vuodesta 1977 se on koonnut yhteen yleisen kirjallisuustieteen opiskelijoita, jotta yliopistomaailmassa ei tulisi ik\u00e4v\u00e4, opiskelut sujuisivat jouhevasti ja vapaa-ajallakin riitt\u00e4isi mielek\u00e4st\u00e4 tekemist\u00e4. Toimintaa l\u00f6ytyykin jokaiseen makuun &#8211; on runsaasti juhlia, lukupiirej\u00e4, leffailtoja, m\u00f6kkireissuja ja hyvinvointia kasvattavaa rentoa yhdess\u00e4oloa. Hauskanpidon ja yhteis\u00f6llisen toiminnan lis\u00e4ksi Prometheuksella [&hellip;]<\/p>\n","protected":false},"author":274,"featured_media":0,"parent":0,"menu_order":0,"comment_status":"closed","ping_status":"closed","template":"","meta":{"_mc_calendar":[],"footnotes":""},"class_list":["post-1606","page","type-page","status-publish","hentry","post-preview"],"_links":{"self":[{"href":"https:\/\/tyyala.utu.fi\/prometheus\/wp-json\/wp\/v2\/pages\/1606","targetHints":{"allow":["GET"]}}],"collection":[{"href":"https:\/\/tyyala.utu.fi\/prometheus\/wp-json\/wp\/v2\/pages"}],"about":[{"href":"https:\/\/tyyala.utu.fi\/prometheus\/wp-json\/wp\/v2\/types\/page"}],"author":[{"embeddable":true,"href":"https:\/\/tyyala.utu.fi\/prometheus\/wp-json\/wp\/v2\/users\/274"}],"replies":[{"embeddable":true,"href":"https:\/\/tyyala.utu.fi\/prometheus\/wp-json\/wp\/v2\/comments?post=1606"}],"version-history":[{"count":6,"href":"https:\/\/tyyala.utu.fi\/prometheus\/wp-json\/wp\/v2\/pages\/1606\/revisions"}],"predecessor-version":[{"id":1717,"href":"https:\/\/tyyala.utu.fi\/prometheus\/wp-json\/wp\/v2\/pages\/1606\/revisions\/1717"}],"wp:attachment":[{"href":"https:\/\/tyyala.utu.fi\/prometheus\/wp-json\/wp\/v2\/media?parent=1606"}],"curies":[{"name":"wp","href":"https:\/\/api.w.org\/{rel}","templated":true}]}}