{"id":1581,"date":"2017-05-25T00:07:53","date_gmt":"2017-05-24T22:07:53","guid":{"rendered":"http:\/\/tyyala.utu.fi\/prometheus\/?page_id=1581"},"modified":"2019-09-17T18:43:35","modified_gmt":"2019-09-17T16:43:35","slug":"jaseneksi","status":"publish","type":"page","link":"https:\/\/tyyala.utu.fi\/prometheus\/tietoa\/jaseneksi\/","title":{"rendered":"J\u00e4seneksi"},"content":{"rendered":"<p>Vaikka Prometheuksen toimintaan ovat l\u00e4mpim\u00e4sti tervetulleita kaikki yleisen kirjallisuustieteen p\u00e4\u00e4- ja sivuaineopiskelijat, pyyd\u00e4mme sinua harkitsemaan my\u00f6s viralliseksi j\u00e4seneksi liittymist\u00e4.<\/p>\n<p>J\u00e4seneksi liittyminen on t\u00e4rke\u00e4\u00e4, koska Prometheuksen toiminta rahoitetaan kokonaisuudessaan j\u00e4senmaksuilla ja ylioppilaskunnan toiminta-avustuksilla, joiden suuruuteen j\u00e4senten m\u00e4\u00e4r\u00e4 vaikuttaa. J\u00e4senyys on tehokas tapa osoittaa tukensa.\u00a0J\u00e4senyyden my\u00f6t\u00e4 saat muun muassa \u00e4\u00e4nioikeuden virallisissa kokouksissa, ilmaisia vohveleita ja muuta kestityst\u00e4 Prometheuksen tapahtumissa sek\u00e4 rahanarvoisen j\u00e4senedun Alfa Antikva -divarista.<\/p>\n<p>J\u00e4seneksi liityt\u00a0t\u00e4ytt\u00e4m\u00e4ll\u00e4 <a href=\"https:\/\/docs.google.com\/forms\/d\/e\/1FAIpQLSd_0sd1IvVCyNmRvwPdl5m4wd1IXZaYELtLDPpwuEGGuzYO5Q\/viewform?usp=sf_link\">j\u00e4senyyslomakkeen<\/a> sek\u00e4 maksamalla j\u00e4senmaksun lomakkeen ohjeiden mukaisesti.<\/p>\n<p>J\u00e4senrekisteri\u00e4 yll\u00e4pit\u00e4\u00e4 Turun yliopiston yleisen kirjallisuustieteen opiskelijoiden yhdistys Prometheus ry. Yhteyshenkil\u00f6in\u00e4 toimivat puheenjohtaja Milja Majanlahti (milja.s.majanlahti@utu.fi) ja taloudenhoitaja Essi Stenberg (ekaste@utu.fi). Rekisteri\u00e4 yll\u00e4pidet\u00e4\u00e4n, sill\u00e4 yhdistyslaki vaatii yhdistyksilt\u00e4 tietoa j\u00e4sentens\u00e4 koko nimest\u00e4 sek\u00e4 kotipaikkakunnasta. Tiedotusta varten lomakkeessa pyydet\u00e4\u00e4n my\u00f6s j\u00e4senten s\u00e4hk\u00f6postiosoitetta. Koska Prometheus on TYY:n alainen j\u00e4rjest\u00f6, pyyd\u00e4mme tietoa my\u00f6s siit\u00e4, opiskeletko kirjallisuustiedett\u00e4 Turun yliopistossa. J\u00e4senrekisterin ainoa tietol\u00e4hde on yll\u00e4 linkitetty lomake.<\/p>\n<p>Lomakkeella ker\u00e4tyt tiedot ovat vain Prometheuksen hallituksen n\u00e4ht\u00e4viss\u00e4 eik\u00e4 niit\u00e4 luovuteta ulkopuolisille tai hy\u00f6dynnet\u00e4 muussa mainonnassa. Tiedot siirret\u00e4\u00e4n lomakkeelta viralliseen j\u00e4senrekisteriin, joka on vain yhdistyksen nimenkirjoitusoikeudellisten j\u00e4senten hallussa.<\/p>\n","protected":false},"excerpt":{"rendered":"<p>Vaikka Prometheuksen toimintaan ovat l\u00e4mpim\u00e4sti tervetulleita kaikki yleisen kirjallisuustieteen p\u00e4\u00e4- ja sivuaineopiskelijat, pyyd\u00e4mme sinua harkitsemaan my\u00f6s viralliseksi j\u00e4seneksi liittymist\u00e4. J\u00e4seneksi liittyminen on t\u00e4rke\u00e4\u00e4, koska Prometheuksen toiminta rahoitetaan kokonaisuudessaan j\u00e4senmaksuilla ja ylioppilaskunnan toiminta-avustuksilla, joiden suuruuteen j\u00e4senten m\u00e4\u00e4r\u00e4 vaikuttaa. J\u00e4senyys on tehokas tapa osoittaa tukensa.\u00a0J\u00e4senyyden my\u00f6t\u00e4 saat muun muassa \u00e4\u00e4nioikeuden virallisissa kokouksissa, ilmaisia vohveleita ja muuta kestityst\u00e4 [&hellip;]<\/p>\n","protected":false},"author":274,"featured_media":0,"parent":8,"menu_order":0,"comment_status":"closed","ping_status":"closed","template":"","meta":{"_mc_calendar":[],"footnotes":""},"class_list":["post-1581","page","type-page","status-publish","hentry","post-preview"],"_links":{"self":[{"href":"https:\/\/tyyala.utu.fi\/prometheus\/wp-json\/wp\/v2\/pages\/1581","targetHints":{"allow":["GET"]}}],"collection":[{"href":"https:\/\/tyyala.utu.fi\/prometheus\/wp-json\/wp\/v2\/pages"}],"about":[{"href":"https:\/\/tyyala.utu.fi\/prometheus\/wp-json\/wp\/v2\/types\/page"}],"author":[{"embeddable":true,"href":"https:\/\/tyyala.utu.fi\/prometheus\/wp-json\/wp\/v2\/users\/274"}],"replies":[{"embeddable":true,"href":"https:\/\/tyyala.utu.fi\/prometheus\/wp-json\/wp\/v2\/comments?post=1581"}],"version-history":[{"count":4,"href":"https:\/\/tyyala.utu.fi\/prometheus\/wp-json\/wp\/v2\/pages\/1581\/revisions"}],"predecessor-version":[{"id":1937,"href":"https:\/\/tyyala.utu.fi\/prometheus\/wp-json\/wp\/v2\/pages\/1581\/revisions\/1937"}],"up":[{"embeddable":true,"href":"https:\/\/tyyala.utu.fi\/prometheus\/wp-json\/wp\/v2\/pages\/8"}],"wp:attachment":[{"href":"https:\/\/tyyala.utu.fi\/prometheus\/wp-json\/wp\/v2\/media?parent=1581"}],"curies":[{"name":"wp","href":"https:\/\/api.w.org\/{rel}","templated":true}]}}