{"id":4,"date":"2013-01-21T16:03:27","date_gmt":"2013-01-21T14:03:27","guid":{"rendered":"http:\/\/tyyala.utu.fi\/pappagallo\/?page_id=4"},"modified":"2025-01-13T17:16:58","modified_gmt":"2025-01-13T15:16:58","slug":"pappagallo-ry","status":"publish","type":"page","link":"https:\/\/tyyala.utu.fi\/pappagallo\/pappagallo-ry\/","title":{"rendered":"Pappagallo ry."},"content":{"rendered":"<div align=\"justify\">\n<p>Suomeksi:<\/p>\n<p>Pappagallo ry on Turun yliopiston italian kielen opiskelijoiden ainej\u00e4rjest\u00f6. T\u00e4m\u00e4 TYYn alayhdistys perustettiin uudelleen t\u00e4ll\u00e4 nimell\u00e4 vuonna 1993. J\u00e4seneksi p\u00e4\u00e4see maksamalla 5 euron j\u00e4senmaksun aina vuoden alussa. Kaikki ovat tervetulleita Pappagallon j\u00e4rjest\u00e4miin tapahtumiin, mutta j\u00e4senmaksun maksaneet saavat tiettyj\u00e4 etuja.<\/p>\n<p>Ainej\u00e4rjest\u00f6mme toimii aktiivisesti. Pid\u00e4mme vuosittain monien muiden alayhdistysten tavoin myyj\u00e4isi\u00e4 yleisimmin Arcanum-rakennuksen aulassa. Myyj\u00e4isi\u00e4 pid\u00e4mme yleens\u00e4 2 &#8211; 4 kertaa vuodessa. J\u00e4rjest\u00f6mme toiminta koostuu vaihtelevasti viini-illoista, leffailloista, sy\u00f6misest\u00e4, ulkoilusta sek\u00e4 erilaisista bileist\u00e4&#8230; Uusia ideoita otetaan aina vastaan! Sitsaamista emme tietenk\u00e4\u00e4n unohda. Sitsien ohella teemme mielell\u00e4mme muutakin yhteisty\u00f6t\u00e4 muiden alayhdistysten kanssa. Tapahtumissa noudatamme <a href=\"https:\/\/www.tyy.fi\/fi\/node\/11133\" target=\"_blank\" rel=\"noopener\">TYY:n turvallisen tilan periaatteita.<\/a><\/p>\n<p>Hallitus kokoontuu noin kerran kuussa, ja kokouksiin ovat kaikki j\u00e4senet tervetulleita. Hallituksen ajankohtaisen j\u00e4senist\u00f6n l\u00f6yd\u00e4t <a href=\"https:\/\/tyyala.utu.fi\/pappagallo\/hallitus\/\" target=\"_blank\" rel=\"noopener noreferrer\">t\u00e4st\u00e4<\/a>.<\/p>\n<p>Ajankohtaista tietoa toiminnastamme saat liittym\u00e4ll\u00e4 Pappagallon <a href=\"https:\/\/lists.utu.fi\/mailman\/listinfo\/pappagallo\">s\u00e4hk\u00f6postilistalle<\/a>, seuraamalla Pappagallon <a href=\"https:\/\/www.instagram.com\/pappagallo_utu\/\" target=\"_blank\" rel=\"noopener noreferrer\">Instagramia<\/a>&nbsp;ja seuraamalla nettisivujamme.<\/p>\n<\/div>\n<p>&nbsp;<\/p>\n<p>In English:&nbsp;<\/p>\n<p>Pappagallo ry is an organization for students in University of Turku who study Italian either as a major or a minor. This organization was founded with this name in 1993. You can become a member by paying a membership fee of 5 euros at the start of the year. Everyone is welcome to join our various events, but members of this organisation get some benefits.<\/p>\n<p>Our organization is active. We, as well as many other sub-organizations, hold bake sales often in the lobby of Arcanum-building. Usually we hold these bake sales about 2-4 times a year. The activities of our organization include e.g. wine nights, movie nights, eating, going outdoors and different kinds of parties\u2026 We will happily receive new ideas! We also hold \u201dsitsit\u201d in collaboration with other organizations. In our events we obey <a href=\"https:\/\/www.tyy.fi\/fi\/node\/11133\" target=\"_blank\" rel=\"noopener\">TYY&#8217;s principles for a safe space<\/a>.<\/p>\n<p>The board of our organization holds meetings about once a month and all members are welcome to join them. You can find our current board members <a href=\"https:\/\/tyyala.utu.fi\/pappagallo\/hallitus\/\" target=\"_blank\" rel=\"noopener\">here.<\/a><\/p>\n<p>To receive\/find current info about our activity you can join Pappagallo\u2019s <a href=\"https:\/\/lists.utu.fi\/mailman\/listinfo\/pappagallo\">mailing list<\/a>, follow our <a href=\"http:\/\/www.instagram.com\/pappagallo_utu\" target=\"_blank\" rel=\"noopener\">Instagram<\/a> page and visit this website.<\/p>\n\n\n<p><\/p>\n","protected":false},"excerpt":{"rendered":"<p>Suomeksi: Pappagallo ry on Turun yliopiston italian kielen opiskelijoiden ainej\u00e4rjest\u00f6. T\u00e4m\u00e4 TYYn alayhdistys perustettiin uudelleen t\u00e4ll\u00e4 nimell\u00e4 vuonna 1993. J\u00e4seneksi p\u00e4\u00e4see maksamalla 5 euron j\u00e4senmaksun aina vuoden alussa. Kaikki ovat tervetulleita Pappagallon j\u00e4rjest\u00e4miin tapahtumiin, mutta j\u00e4senmaksun maksaneet saavat tiettyj\u00e4 etuja. Ainej\u00e4rjest\u00f6mme toimii aktiivisesti. Pid\u00e4mme vuosittain monien muiden alayhdistysten tavoin myyj\u00e4isi\u00e4 &#8230;<\/p>\n","protected":false},"author":367,"featured_media":0,"parent":0,"menu_order":0,"comment_status":"open","ping_status":"closed","template":"","meta":{"ngg_post_thumbnail":0,"footnotes":""},"class_list":["post-4","page","type-page","status-publish","hentry","column","twocol"],"_links":{"self":[{"href":"https:\/\/tyyala.utu.fi\/pappagallo\/wp-json\/wp\/v2\/pages\/4","targetHints":{"allow":["GET"]}}],"collection":[{"href":"https:\/\/tyyala.utu.fi\/pappagallo\/wp-json\/wp\/v2\/pages"}],"about":[{"href":"https:\/\/tyyala.utu.fi\/pappagallo\/wp-json\/wp\/v2\/types\/page"}],"author":[{"embeddable":true,"href":"https:\/\/tyyala.utu.fi\/pappagallo\/wp-json\/wp\/v2\/users\/367"}],"replies":[{"embeddable":true,"href":"https:\/\/tyyala.utu.fi\/pappagallo\/wp-json\/wp\/v2\/comments?post=4"}],"version-history":[{"count":12,"href":"https:\/\/tyyala.utu.fi\/pappagallo\/wp-json\/wp\/v2\/pages\/4\/revisions"}],"predecessor-version":[{"id":968,"href":"https:\/\/tyyala.utu.fi\/pappagallo\/wp-json\/wp\/v2\/pages\/4\/revisions\/968"}],"wp:attachment":[{"href":"https:\/\/tyyala.utu.fi\/pappagallo\/wp-json\/wp\/v2\/media?parent=4"}],"curies":[{"name":"wp","href":"https:\/\/api.w.org\/{rel}","templated":true}]}}