{"id":2,"date":"2013-01-21T13:50:20","date_gmt":"2013-01-21T13:50:20","guid":{"rendered":"http:\/\/tyyala.utu.fi\/pappagallo\/?page_id=2"},"modified":"2026-03-15T09:58:52","modified_gmt":"2026-03-15T07:58:52","slug":"esimerkkisivu","status":"publish","type":"page","link":"https:\/\/tyyala.utu.fi\/pappagallo\/","title":{"rendered":"Benvenuti! Tervetuloa!"},"content":{"rendered":"<p>&nbsp;<\/p>\n<p style=\"text-align: center\"><img decoding=\"async\" title=\"Pappagallon logo\" src=\"https:\/\/tyyala.utu.fi\/pappagallo\/logo.png\" alt=\"\" width=\"300\"><\/p>\n<p style=\"text-align: center\">Pappagallo on Turun yliopiston italian kielen opiskelijoiden ainej\u00e4rjest\u00f6, joka ajaa opiskelijoiden etua, luo heille yhteisi\u00e4 tapahtumia ja jakaa informaatiota opiskeluun liittyen.&nbsp;<\/p>\n<p style=\"text-align: center\">Pappagallo toivottaa kaikki italian kielt\u00e4 opiskelevat ja kielest\u00e4 kiinnostuneet tervetulleiksi iloiseen joukkoonsa! Lis\u00e4tietoa yhdistyksen toiminnasta saa Instagramista (@pappagallo_utu) ja s\u00e4hk\u00f6postin v\u00e4lityksell\u00e4.<\/p>\n<p style=\"text-align: center\">Tervetuloa Pappagallo ry:n kotisivulle!<\/p>\n\n\n<p><\/p>\n","protected":false},"excerpt":{"rendered":"<p>&nbsp; Pappagallo on Turun yliopiston italian kielen opiskelijoiden ainej\u00e4rjest\u00f6, joka ajaa opiskelijoiden etua, luo heille yhteisi\u00e4 tapahtumia ja jakaa informaatiota opiskeluun liittyen.&nbsp; Pappagallo toivottaa kaikki italian kielt\u00e4 opiskelevat ja kielest\u00e4 kiinnostuneet tervetulleiksi iloiseen joukkoonsa! Lis\u00e4tietoa yhdistyksen toiminnasta saa Instagramista (@pappagallo_utu) ja s\u00e4hk\u00f6postin v\u00e4lityksell\u00e4. Tervetuloa Pappagallo ry:n kotisivulle!<\/p>\n","protected":false},"author":367,"featured_media":0,"parent":0,"menu_order":0,"comment_status":"open","ping_status":"closed","template":"","meta":{"ngg_post_thumbnail":0,"footnotes":""},"class_list":["post-2","page","type-page","status-publish","hentry","column","twocol"],"_links":{"self":[{"href":"https:\/\/tyyala.utu.fi\/pappagallo\/wp-json\/wp\/v2\/pages\/2","targetHints":{"allow":["GET"]}}],"collection":[{"href":"https:\/\/tyyala.utu.fi\/pappagallo\/wp-json\/wp\/v2\/pages"}],"about":[{"href":"https:\/\/tyyala.utu.fi\/pappagallo\/wp-json\/wp\/v2\/types\/page"}],"author":[{"embeddable":true,"href":"https:\/\/tyyala.utu.fi\/pappagallo\/wp-json\/wp\/v2\/users\/367"}],"replies":[{"embeddable":true,"href":"https:\/\/tyyala.utu.fi\/pappagallo\/wp-json\/wp\/v2\/comments?post=2"}],"version-history":[{"count":18,"href":"https:\/\/tyyala.utu.fi\/pappagallo\/wp-json\/wp\/v2\/pages\/2\/revisions"}],"predecessor-version":[{"id":1046,"href":"https:\/\/tyyala.utu.fi\/pappagallo\/wp-json\/wp\/v2\/pages\/2\/revisions\/1046"}],"wp:attachment":[{"href":"https:\/\/tyyala.utu.fi\/pappagallo\/wp-json\/wp\/v2\/media?parent=2"}],"curies":[{"name":"wp","href":"https:\/\/api.w.org\/{rel}","templated":true}]}}