{"id":106,"date":"2014-07-07T12:46:35","date_gmt":"2014-07-07T09:46:35","guid":{"rendered":"http:\/\/tyyala.utu.fi\/pappagallo\/?page_id=106"},"modified":"2026-03-14T11:39:48","modified_gmt":"2026-03-14T09:39:48","slug":"yhdistyksen-saannot","status":"publish","type":"page","link":"https:\/\/tyyala.utu.fi\/pappagallo\/yhdistyksen-saannot\/","title":{"rendered":"Yhdistyksen s\u00e4\u00e4nn\u00f6t"},"content":{"rendered":"<p><a href=\"#1\">1. Yhdistyksen nimi ja kotipaikka<\/a><br \/>\n<a href=\"#2\">2. Yhdistyksen tarkoitus ja toiminnan laatu<\/a><br \/>\n<a href=\"#3\">3. Yhdistyksen j\u00e4senet<\/a><br \/>\n<a href=\"#4\">4. J\u00e4senen eroaminen ja erottaminen<\/a><br \/>\n<a href=\"#5\">5. Liittymis- ja j\u00e4senmaksu<\/a><br \/>\n<a href=\"#6\">6. Yhdistyksen Hallitus<\/a><br \/>\n<a href=\"#7\">7. Yhdistyksen nimen kirjoittaminen<\/a><br \/>\n<a href=\"#8\">8. Tilikausi ja toiminnantarkastus<\/a><br \/>\n<a href=\"#9\">9. Yhdistyksen kokoukset<\/a><br \/>\n<a href=\"#10\">10. Yhdistyksen koollekutsuminen<\/a><br \/>\n<a href=\"#11\">11. Yhdistyksen kokoukset<\/a><br \/>\n<a href=\"#12\">12. S\u00e4\u00e4nt\u00f6jen muuttaminen ja yhdistyksen purkaminen<\/a><\/p>\n<div align=\"justify\">\n<p><strong>1. Yhdistyksen nimi ja kotipaikka<\/strong><\/p>\n<p>Yhdistyksen nimi on Pappagallo ja sen kotikunta on Turku.<\/p>\n<p><a name=\"2\"><\/a><\/p>\n<p><strong>2. Yhdistyksen tarkoitus ja toiminnan laatu<\/strong><\/p>\n<p>Yhdistyksen tarkoitus on edist\u00e4\u00e4 Italian kielen ja kulttuurin tuntemusta ja parantaa italian opiskelijoiden asemaa Turun yliopistossa sek\u00e4 ennen kaikkea toimia yhdyssiteen\u00e4 Turun yliopiston italian opiskelijoiden v\u00e4lill\u00e4.<\/p>\n<p>Tarkoituksensa toteuttamiseksi yhdistys j\u00e4rjest\u00e4\u00e4 tilaisuuksia, joita ovat italiankieliset laulu- ja elokuvaillat, vuosijuhla, pikkujoulu, uusien opiskelijoiden kastajaiset sek\u00e4 muu vastaava vapaa-ajan toiminta. Yhdistys pyrkii kutsumaan tilaisuuksiinsa my\u00f6s oppilaitoksen italialaisia vaihto-opiskelijoita, aineensa opettajia sek\u00e4 j\u00e4seniens\u00e4 italialaisia tuttavia. Yhdistys my\u00f6s seuraa Turun yliopiston kieli- ja k\u00e4\u00e4nn\u00f6stieteiden laitoksen kehityst\u00e4 ja opetustoimintaa. Yhdistyksell\u00e4 on oikeus ottaa vastaan lahjoituksia, perustaa rahastoja ja jakaa stipendej\u00e4 oman oppiaineensa opiskelijoille Turun yliopistossa.<\/p>\n<p>Toimintansa tukemiseksi yhdistys j\u00e4rjest\u00e4\u00e4 myyj\u00e4isi\u00e4 Turun yliopiston tiloissa.<\/p>\n<p><a name=\"3\"><\/a><\/p>\n<p><strong>3. Yhdistyksen j\u00e4senet<\/strong><\/p>\n<p><span style=\"font-weight: 400\">Yhdistyksen j\u00e4seneksi voi liitty\u00e4 jokainen, joka hyv\u00e4ksyy yhdistyksen tarkoituksen ja&nbsp; s\u00e4\u00e4nn\u00f6t. Kuitenkin niin, ett\u00e4 aina v\u00e4hint\u00e4\u00e4n puolet yhdistyksen j\u00e4senist\u00e4 on my\u00f6s Turun yliopiston ylioppilaskunnan j\u00e4seni\u00e4.<\/span><\/p>\n<p><a name=\"4\"><\/a><\/p>\n<p><strong>4. J\u00e4senen eroaminen ja erottaminen<\/strong><\/p>\n<p>J\u00e4senell\u00e4 on oikeus erota yhdistyksest\u00e4 ilmoittamalla siit\u00e4 kirjallisesti hallitukselle tai sen puheenjohtajalle taikka ilmoittamalla erosta yhdistyksen kokouksessa merkitt\u00e4v\u00e4ksi p\u00f6yt\u00e4kirjaan. Hallitus voi erottaa j\u00e4senen yhdistyksest\u00e4, jos j\u00e4sen on menettelyll\u00e4\u00e4n yhdistyksess\u00e4 tai sen ulkopuolella huomattavasti vahingoittanut yhdistyst\u00e4 tai ei en\u00e4\u00e4 t\u00e4yt\u00e4 laissa taikka yhdistyksen s\u00e4\u00e4nn\u00f6iss\u00e4 mainittuja j\u00e4senyyden ehtoja.<\/p>\n<p><a name=\"5\"><\/a><\/p>\n<p><strong>5. Liittymis- ja j\u00e4senmaksu<\/strong><\/p>\n<p>Mahdollisesta j\u00e4senmaksusta sek\u00e4 liittymismaksusta yhdistykseen sek\u00e4 maksujen suuruudesta p\u00e4\u00e4tt\u00e4\u00e4 syyskokous.<\/p>\n<p><a name=\"6\"><\/a><\/p>\n<p><strong>6. Yhdistyksen Hallitus<\/strong><\/p>\n<p>Yhdistyksen asioita hoitaa hallitus, johon kuuluvat syyskokouksessa valitut, kalenterivuoden alussa (1.1.) toimeen astuvat, puheenjohtaja ja v\u00e4hint\u00e4\u00e4n kolme (3) ja enint\u00e4\u00e4n kymmenen (10) j\u00e4sent\u00e4. Syyskokous valitsee hallituksen j\u00e4senten keskuudesta varapuheenjohtajan, sihteerin ja rahastonhoitajan sek\u00e4 tarvittaessa muita toimihenkil\u00f6it\u00e4. Hallitukseen pyrit\u00e4\u00e4n valitsemaan kaksi (2) ensimm\u00e4isen vuoden opiskelijaa.<\/p>\n<p>Hallituksen j\u00e4senten toimikausi on kalenterivuosi (1.1. \u2013 31.12.)<\/p>\n<p>Hallitus kokoontuu puheenjohtajan tai h\u00e4nen estyneen\u00e4 ollessaan varapuheenjohtajan kutsusta, kun he katsovat siihen olevan aihetta tai kun v\u00e4hint\u00e4\u00e4n puolet hallituksen j\u00e4senist\u00e4 sit\u00e4 vaatii.<\/p>\n<p>Hallituksen kokoukset ovat avoimia yhdistyksen j\u00e4senille ja heill\u00e4 on my\u00f6s aloiteoikeus.<\/p>\n<p>Hallituksen kokoukset ovat p\u00e4\u00e4t\u00f6svaltaisia, kun v\u00e4hint\u00e4\u00e4n kolme (3) hallituksen j\u00e4sent\u00e4 on paikalla ja puheenjohtaja tai varapuheenjohtaja on l\u00e4sn\u00e4. Asiat ratkaistaan yksinkertaisella \u00e4\u00e4nten enemmist\u00f6ll\u00e4. Puheenjohtajan \u00e4\u00e4ni ratkaisee asian \u00e4\u00e4nten menness\u00e4 tasan, kuitenkin vaaleissa asian ratkaisee arpa.<\/p>\n<p><a name=\"7\"><\/a><\/p>\n<p><strong>7. Yhdistyksen nimen kirjoittaminen<\/strong><\/p>\n<p>Yhdistyksen nimen kirjoittaa puheenjohtaja, varapuheenjohtaja tai rahastonhoitaja.<\/p>\n<p><a name=\"8\"><\/a><\/p>\n<p><strong>8. Tilikausi ja toiminnantarkastus<\/strong><\/p>\n<p>Yhdistyksen tilikausi on kalenterivuosi (1.1. \u2013 31.12.).<\/p>\n<p>Yhdistykselle valitaan syyskokouksessa kaksi (2) toiminnantarkastajaa varamiehineen. Heid\u00e4n toimikautensa on kalenterivuosi kuten hallituksen j\u00e4sentenkin.<\/p>\n<p>Tilinp\u00e4\u00e4t\u00f6s tarvittavine asiakirjoineen ja hallituksen vuosikertomus on annettava toiminnantarkastajille viimeist\u00e4\u00e4n kolme (3) viikkoa ennen kev\u00e4tkokousta, jossa tilinp\u00e4\u00e4t\u00f6s vahvistetaan ja vastuuvapaudesta p\u00e4\u00e4tet\u00e4\u00e4n.<\/p>\n<p>Toiminnantarkastajien tulee antaa kirjallinen lausuntonsa viimeist\u00e4\u00e4n kaksi (2) viikkoa ennen kev\u00e4tkokousta yhdistyksen hallitukselle.<\/p>\n<p><a name=\"9\"><\/a><\/p>\n<p><strong>9. Yhdistyksen kokoukset<\/strong><\/p>\n<p>Yhdistys kokoontuu loka tai marraskuussa hallituksen m\u00e4\u00e4r\u00e4\u00e4m\u00e4n\u00e4 p\u00e4iv\u00e4n\u00e4 syyskokoukseen, jossa sille valitaan uusi hallitus. Syyskokouksessa valittu uusi hallitus astuu voimaan seuraavan kalenterivuoden alussa (1.1).<br \/>\nYhdistys kokoontuu tammi-maaliskuussa hallituksen m\u00e4\u00e4r\u00e4\u00e4m\u00e4n\u00e4 p\u00e4iv\u00e4n\u00e4 kev\u00e4tkokoukseen.<\/p>\n<p>Ylim\u00e4\u00e4r\u00e4inen kokous pidet\u00e4\u00e4n, kun yhdistyksen kokous tai hallitus niin p\u00e4\u00e4tt\u00e4\u00e4 tai kun kymmenesosa (1\/10) yhdistyksen \u00e4\u00e4nioikeutetuista j\u00e4senist\u00e4 sit\u00e4 kirjallisesti vaatii.<\/p>\n<p>Yhdistyksen kokouksessa on jokaisella j\u00e4senell\u00e4 \u00e4\u00e4nioikeus ja jokaisella \u00e4\u00e4nioikeutetulla yksi (1) \u00e4\u00e4ni.<\/p>\n<p>Yhdistyksen p\u00e4\u00e4t\u00f6kseksi tulee se mielipide, jota on kannattanut yli puolet annetuista \u00e4\u00e4nist\u00e4. \u00c4\u00e4nten menness\u00e4 tasan ratkaistaan vaalit arvalla. Mutoin p\u00e4\u00e4t\u00f6kseksi tulee kokouksen puheenjohtajan kannattama mielipide.<\/p>\n<p>Yhdistyksen kokous on p\u00e4\u00e4t\u00f6svaltainen, kun kokous on kutsuttu koolle s\u00e4\u00e4nt\u00f6jen mukaisesti.<\/p>\n<p><a name=\"10\"><\/a><\/p>\n<p><strong>10. Yhdistyksen koollekutsuminen<\/strong><\/p>\n<p>Yhdistyksen kokoukset kutsuu koolle hallitus. Kutsu yhdistyksen syys- ja kev\u00e4tkokoukseen sek\u00e4 ylim\u00e4\u00e4r\u00e4isiin kokouksiin ilmoitetaan s\u00e4hk\u00f6postilla s\u00e4hk\u00f6postiosoitteensa yhdistykselle antaneille viimeist\u00e4\u00e4n seitsem\u00e4n (7) p\u00e4iv\u00e4\u00e4 ennen kokousta.<\/p>\n<p><a name=\"11\"><\/a><\/p>\n<p><strong>11. Yhdistyksen kokoukset<\/strong><\/p>\n<p>Yhdistyksen syys- ja kev\u00e4tkokouksessa k\u00e4sitell\u00e4\u00e4n seuraavat asiat:<br \/>\n1. kokous avataan;<br \/>\n2. valitaan kokouksen puheenjohtaja, sihteeri ja kaksi (2) p\u00f6yt\u00e4kirjantarkastajaa varamiehineen ja tarvittaessa kaksi (2) \u00e4\u00e4ntenlaskijaa;<br \/>\n3. todetaan kokouksen laillisuus ja p\u00e4\u00e4t\u00f6svaltaisuus;<br \/>\n4. hyv\u00e4ksyt\u00e4\u00e4n kokouksen ty\u00f6j\u00e4rjestys;<br \/>\nKev\u00e4tkokouksessa k\u00e4sitell\u00e4\u00e4n:<br \/>\n5. esitet\u00e4\u00e4n tilinp\u00e4\u00e4t\u00f6s, vuosikertomus ja toiminnantarkastajien lausunto;<br \/>\n6. p\u00e4\u00e4tet\u00e4\u00e4n tilinp\u00e4\u00e4t\u00f6ksen vahvistamisesta ja vastuuvapauden my\u00f6nt\u00e4misest\u00e4 hallitukselle ja muille vastuuvelvollisille;<br \/>\nSyyskokouksessa k\u00e4sitell\u00e4\u00e4n:<br \/>\n7. vahvistetaan uuden hallituksen esitt\u00e4m\u00e4 toimintasuunnitelma, tulo- ja menoarvio sek\u00e4 mahdollinen liittymis- ja j\u00e4senmaksu;<br \/>\n8. valitaan hallituksen puheenjohtaja ja muut j\u00e4senet;<br \/>\n9. valitaan kaksi (2) toiminnantarkastajaa varamiehineen<br \/>\n10. k\u00e4sitell\u00e4\u00e4n muut kokouskutsussa mainitut asiat.<\/p>\n<p>Mik\u00e4li yhdistyksen j\u00e4sen haluaa saada jonkin asian yhdistyksen syys- tai kev\u00e4tkokouksen k\u00e4sitelt\u00e4v\u00e4ksi, on h\u00e4nen ilmoitettava siit\u00e4 kirjallisesti hallitukselle niin hyviss\u00e4 ajoin, ett\u00e4 asia voidaan sis\u00e4llytt\u00e4\u00e4 kokouskutsuun.<\/p>\n<p><a name=\"12\"><\/a><\/p>\n<p><strong>12. S\u00e4\u00e4nt\u00f6jen muuttaminen ja yhdistyksen purkaminen<\/strong><\/p>\n<p>P\u00e4\u00e4t\u00f6s s\u00e4\u00e4nt\u00f6jen muuttamisesta ja yhdistyksen purkamisesta on teht\u00e4v\u00e4 yhdistyksen kokouksessa v\u00e4hint\u00e4\u00e4n kolmen nelj\u00e4sosan (3\/4) enemmist\u00f6ll\u00e4 annetuista \u00e4\u00e4nist\u00e4. Kokouskutsussa on mainittava s\u00e4\u00e4nt\u00f6jen muuttamisesta tai yhdistyksen purkamisesta.<\/p>\n<p>Yhdistyksen purkautuessa, tai jos se lakkautetaan, k\u00e4ytet\u00e4\u00e4n yhdistyksen varat yhdistyksen tarkoituksen edist\u00e4miseen purkamisesta p\u00e4\u00e4tt\u00e4v\u00e4n kokouksen m\u00e4\u00e4r\u00e4\u00e4m\u00e4ll\u00e4 tavalla.<\/p>\n<\/div>\n","protected":false},"excerpt":{"rendered":"<p>1. Yhdistyksen nimi ja kotipaikka 2. Yhdistyksen tarkoitus ja toiminnan laatu 3. Yhdistyksen j\u00e4senet 4. J\u00e4senen eroaminen ja erottaminen 5. Liittymis- ja j\u00e4senmaksu 6. Yhdistyksen Hallitus 7. Yhdistyksen nimen kirjoittaminen 8. Tilikausi ja toiminnantarkastus 9. Yhdistyksen kokoukset 10. Yhdistyksen koollekutsuminen 11. Yhdistyksen kokoukset 12. S\u00e4\u00e4nt\u00f6jen muuttaminen ja yhdistyksen purkaminen 1. &#8230;<\/p>\n","protected":false},"author":367,"featured_media":0,"parent":0,"menu_order":0,"comment_status":"closed","ping_status":"closed","template":"","meta":{"ngg_post_thumbnail":0,"footnotes":""},"class_list":["post-106","page","type-page","status-publish","hentry","column","twocol"],"_links":{"self":[{"href":"https:\/\/tyyala.utu.fi\/pappagallo\/wp-json\/wp\/v2\/pages\/106","targetHints":{"allow":["GET"]}}],"collection":[{"href":"https:\/\/tyyala.utu.fi\/pappagallo\/wp-json\/wp\/v2\/pages"}],"about":[{"href":"https:\/\/tyyala.utu.fi\/pappagallo\/wp-json\/wp\/v2\/types\/page"}],"author":[{"embeddable":true,"href":"https:\/\/tyyala.utu.fi\/pappagallo\/wp-json\/wp\/v2\/users\/367"}],"replies":[{"embeddable":true,"href":"https:\/\/tyyala.utu.fi\/pappagallo\/wp-json\/wp\/v2\/comments?post=106"}],"version-history":[{"count":12,"href":"https:\/\/tyyala.utu.fi\/pappagallo\/wp-json\/wp\/v2\/pages\/106\/revisions"}],"predecessor-version":[{"id":1043,"href":"https:\/\/tyyala.utu.fi\/pappagallo\/wp-json\/wp\/v2\/pages\/106\/revisions\/1043"}],"wp:attachment":[{"href":"https:\/\/tyyala.utu.fi\/pappagallo\/wp-json\/wp\/v2\/media?parent=106"}],"curies":[{"name":"wp","href":"https:\/\/api.w.org\/{rel}","templated":true}]}}