{"id":1027,"date":"2026-03-13T20:51:14","date_gmt":"2026-03-13T18:51:14","guid":{"rendered":"https:\/\/tyyala.utu.fi\/pappagallo\/?page_id=1027"},"modified":"2026-03-13T21:05:28","modified_gmt":"2026-03-13T19:05:28","slug":"ymparistosuunnitelma","status":"publish","type":"page","link":"https:\/\/tyyala.utu.fi\/pappagallo\/ymparistosuunnitelma\/","title":{"rendered":"Ymp\u00e4rist\u00f6suunnitelma 2026"},"content":{"rendered":"\n<ol class=\"wp-block-list\">\n<li class=\"has-medium-font-size\"><strong>Ymp\u00e4rist\u00f6suunnitelma<\/strong><\/li>\n<\/ol>\n\n\n\n<p>T\u00e4m\u00e4n ymp\u00e4rist\u00f6suunnitelman avulla tuodaan esille, miten Pappagallo ry ottaa ymp\u00e4rist\u00f6n huomioon toiminnassaan ja n\u00e4in omalta osaltaan kehitt\u00e4\u00e4 toimintaansa ekologisesti kest\u00e4v\u00e4mm\u00e4ksi sek\u00e4 v\u00e4hent\u00e4\u00e4 ymp\u00e4rist\u00f6n kuormitusta. Suunnitelma toimii my\u00f6s ohjeena niin hallituksen kuin yhdistyksen j\u00e4senille, ja pyrkii ohjaamaan yhdistyksen toimintaa vastuullisemmaksi. Pappagallo ry sitoutuu noudattamaan ymp\u00e4rist\u00f6suunnitelmaa kaikessa toiminnassaan ja p\u00e4ivitt\u00e4m\u00e4\u00e4n sit\u00e4 tarvittaessa.&nbsp;<\/p>\n\n\n\n<ol start=\"2\" class=\"wp-block-list\">\n<li class=\"has-medium-font-size\"><strong>Vastuullisuus ja ymp\u00e4rist\u00f6asiat toimintasuunnitelmassa ja -kertomuksessa<\/strong><\/li>\n<\/ol>\n\n\n\n<p>Ymp\u00e4rist\u00f6suunnitelman lis\u00e4ksi jokaisessa toimintasuunnitelmassa Pappagallo ry tuo ilmi toimintatapoja ja tavoitteita, joilla yhdistys sitoutuu ottamaan ymp\u00e4rist\u00f6n\u00e4k\u00f6kulmat ja vastuullisuuden huomioon toiminnassaan. Toimintakertomuksessa Pappagallo ry raportoi, miten n\u00e4m\u00e4 ovat toteutuneet yhdistyksen toiminnassa toimintavuoden aikana.<\/p>\n\n\n\n<ol start=\"3\" class=\"wp-block-list\">\n<li class=\"has-medium-font-size\"><strong>Ymp\u00e4rist\u00f6vastaavan nime\u00e4minen<\/strong><\/li>\n<\/ol>\n\n\n\n<p>Pappagallo ry:n hallitus pyrkii nime\u00e4m\u00e4\u00e4n yhdistykselle joka vuosi ymp\u00e4rist\u00f6vastaavan, jonka rooli on muun muassa ohjeistaa hallitusta ja j\u00e4senist\u00f6\u00e4 toimimaan ymp\u00e4rist\u00f6suunnitelman ja TYYn ymp\u00e4rist\u00f6ohjelman mukaisesti sek\u00e4 kannustaa ymp\u00e4rist\u00f6yst\u00e4v\u00e4llisiin k\u00e4yt\u00e4nt\u00f6ihin, kest\u00e4v\u00e4n kehityksen edist\u00e4miseen ja ymp\u00e4rist\u00f6n\u00e4k\u00f6kulman huomioonottamiseen kaikessa yhdistyksen toiminnassa. Ymp\u00e4rist\u00f6vastaava perehtyy TYYn ymp\u00e4rist\u00f6oppaaseen ja ymp\u00e4rist\u00f6ohjelmaan sek\u00e4 osallistuu my\u00f6s mahdollisuuksien mukaan esimerkiksi TYYn ymp\u00e4rist\u00f6koulutuksiin ja ymp\u00e4rist\u00f6neuvostoihin, joiden sis\u00e4ll\u00f6ist\u00e4 h\u00e4n tiedottaa hallituksen kokouksissa. Lis\u00e4ksi h\u00e4n laatii seuraajalleen testamentin, p\u00e4ivitt\u00e4\u00e4 yhdistyksen ymp\u00e4rist\u00f6suunnitelmaa tarpeen vaatiessa, sek\u00e4 seuraa suunnitelman toteutumista ja raportoida siit\u00e4 s\u00e4\u00e4nn\u00f6llisesti yhdistyksen hallitukselle. Ymp\u00e4rist\u00f6vastaavan ei tule olla yksin vastuussa ymp\u00e4rist\u00f6n huomioimisesta yhdistyksen toiminnassa, vaan siihen osallistuvat kaikki hallituksen j\u00e4senet omalta osaltaan.<\/p>\n\n\n\n<ol start=\"4\" class=\"wp-block-list\">\n<li class=\"has-medium-font-size\"><strong>J\u00e4tteet ja kierr\u00e4tys<\/strong><\/li>\n<\/ol>\n\n\n\n<p>Pappagallo ry sitoutuu lajittelemaan ja kierr\u00e4tt\u00e4m\u00e4\u00e4n yhdistyksen toiminnassa (esimerkiksi tapahtumien ja kokousten yhteydess\u00e4) syntyv\u00e4t j\u00e4tteet. Monet Pappagallo ry:n tapahtumat j\u00e4rjestet\u00e4\u00e4n Turun yliopiston Arcanumissa, josta l\u00f6ytyy kierr\u00e4tysohjeet ja -astiat bioj\u00e4tteelle, sekaj\u00e4tteelle (\/energiaj\u00e4tteelle), pahville, lasille, metallille ja muoville sek\u00e4 ker\u00e4ysastia panttipulloille ja -t\u00f6lkeille. Kierr\u00e4tyksest\u00e4 ja lajittelusta huolehditaan my\u00f6s muualla j\u00e4rjestett\u00e4v\u00e4ss\u00e4 (esimerkiksi ulkona) toiminnassa. Roskat lajitellaan ja vied\u00e4\u00e4n mahdollisuuksien mukaan asianmukaisiin kierr\u00e4tysastioihin. Pullot ja t\u00f6lkit ker\u00e4t\u00e4\u00e4n erikseen ja vied\u00e4\u00e4n palautukseen tai niille tarkoitettuun ker\u00e4ysastiaan. Yhdistys ohjeistaa asiasta tarvittaessa j\u00e4senist\u00f6\u00e4 sek\u00e4 seuraa, ett\u00e4 yhdistyksen tapahtumiin osallistuvat henkil\u00f6t osallistuvat kierr\u00e4tykseen ja noudattavat kierr\u00e4tysohjeita.&nbsp;<\/p>\n\n\n\n<p>Toiminnassa pyrit\u00e4\u00e4n my\u00f6s v\u00e4hent\u00e4m\u00e4\u00e4n syntyv\u00e4n j\u00e4tteen m\u00e4\u00e4r\u00e4\u00e4, esimerkiksi v\u00e4ltt\u00e4m\u00e4ll\u00e4 kertak\u00e4ytt\u00f6astioiden k\u00e4ytt\u00e4mist\u00e4 sek\u00e4 pyrkim\u00e4ll\u00e4 v\u00e4hent\u00e4m\u00e4\u00e4n paperitulosteiden m\u00e4\u00e4r\u00e4\u00e4 mahdollisuuksien mukaan (kaksipuolisen tulostaminen, useampi sivu samalle arkille, s\u00e4hk\u00f6iset asiakirjat paperisten sijaan).<\/p>\n\n\n\n<ol start=\"5\" class=\"wp-block-list\">\n<li class=\"has-medium-font-size\"><strong>Kest\u00e4v\u00e4t tilat ja tapahtumat<\/strong><\/li>\n<\/ol>\n\n\n\n<p>Pappagallo ry on sitoutunut k\u00e4ytt\u00e4m\u00e4\u00e4n Reilun kaupan kahvia ja teet\u00e4, ja pyrkii mahdollisuuksien mukaan suosimaan my\u00f6s muita Reilun kaupan tuotteita (kuten Reilun kaupan suklaa), luomutuotteita (esimerkiksi tapahtumiin, joissa tarjotaan viini\u00e4, pyrit\u00e4\u00e4n aina ostamaan luomuviini\u00e4) sek\u00e4 kotimaisia tuotteita. Tapahtumissa sek\u00e4 myyj\u00e4isiss\u00e4 suositaan kasvispainotteista ruokaa ja juomaa, joten tarjolla aina jotain vegaanista. Ruokah\u00e4vikilt\u00e4 v\u00e4ltyt\u00e4\u00e4n l\u00e4hes poikkeuksetta, sill\u00e4 tapahtumiin pyrit\u00e4\u00e4n hankkimaan vain tarpeellinen m\u00e4\u00e4r\u00e4 tarjottavaa. Jos ruokaa ja juomaa j\u00e4\u00e4 yli, s\u00e4\u00e4stet\u00e4\u00e4n niit\u00e4 mahdollisuuksien mukaan seuraaviin tapahtumiin tai ne jaetaan tapahtuman osallistujille (tai j\u00e4tet\u00e4\u00e4n yleisesti tarjolle Arcanumin opiskelijatilaan).<\/p>\n\n\n\n<p>Yhdistyksen tapahtumissa huolehditaan my\u00f6s aina j\u00e4tteiden lajittelusta ja kierr\u00e4tyksest\u00e4 (kts. kohta 4) sek\u00e4 pyrit\u00e4\u00e4n v\u00e4hent\u00e4m\u00e4\u00e4n syntyv\u00e4n j\u00e4tteen m\u00e4\u00e4r\u00e4\u00e4. Lis\u00e4ksi huolehditaan, ett\u00e4 tapahtumissa ei tuhlata s\u00e4hk\u00f6\u00e4 ja vett\u00e4.<\/p>\n\n\n\n<p>Koska monet Pappagallo ry:n tapahtumat j\u00e4rjestet\u00e4\u00e4n Arcanumin opiskelijatilassa, jonka keitti\u00f6st\u00e4 l\u00f6ytyy muun muassa aterimia, laseja ja lautasia, voidaan n\u00e4it\u00e4 hy\u00f6dynt\u00e4\u00e4 kertak\u00e4ytt\u00f6astioiden sijaan. Pappagallo ry:ll\u00e4 on my\u00f6s omat viinilasit, joita j\u00e4senist\u00f6 saa k\u00e4ytt\u00e4\u00e4 sek\u00e4 tarjoiluastioita esimerkiksi myyj\u00e4isi\u00e4 varten. Tarvittaessa Pappagallo ry voi hy\u00f6dynt\u00e4\u00e4 my\u00f6s esimerkiksi TYYlt\u00e4 vuokrattavaa astiastoa. Lis\u00e4ksi myyj\u00e4isiss\u00e4 tarjotaan halvempaan hintaan kahvi tai tee, jos asiakas ottaa sen omaan mukiinsa.&nbsp;<\/p>\n\n\n\n<p>Pappagallo ry:n tapahtumat pyrit\u00e4\u00e4n j\u00e4rjest\u00e4m\u00e4\u00e4n aina paikoissa, jotka ovat helposti saavutettavissa k\u00e4vellen, py\u00f6r\u00e4ll\u00e4 tai julkisilla liikennev\u00e4lineill\u00e4. Pappagallo ry kannustaa j\u00e4senist\u00f6\u00e4\u00e4n tarvittaessa kimppakyyteihin tai joukkoliikenteen k\u00e4ytt\u00f6\u00f6n saapuessaan Pappagallo ry:n j\u00e4rjest\u00e4miin tapahtumiin. Kokouksiin on mahdollista aina osallistua my\u00f6s et\u00e4n\u00e4.<\/p>\n\n\n\n<p>Mahdollisuuksien mukaan Pappagallo ry osallistuu erilaisiin ymp\u00e4rist\u00f6tietoisuuteen ja kest\u00e4v\u00e4\u00e4n kehitykseen liittyviin kampanjoihin ja tapahtumiin, esimerkiksi mainostamalla n\u00e4it\u00e4 j\u00e4senist\u00f6lleen viikkotiedotteissa (esimerkiksi WWF:n Earth Hour, #SiistiVappu, Kirpputoriapprot). Jos kiinnostuneita l\u00f6ytyy tarpeeksi, Pappagallo ry voi j\u00e4rjest\u00e4\u00e4 my\u00f6s omia ymp\u00e4rist\u00f6tapahtumia, esimerkiksi roskaretken (roskien ker\u00e4ys luonnosta).<\/p>\n\n\n\n<ol start=\"6\" class=\"wp-block-list\">\n<li class=\"has-medium-font-size\"><strong>Kest\u00e4v\u00e4t hankinnat<\/strong><\/li>\n<\/ol>\n\n\n\n<p>Sen sijaan, ett\u00e4 ostetaan uutta, Pappagallo ry pyrkii hy\u00f6dynt\u00e4m\u00e4\u00e4n kaikkea, mit\u00e4 l\u00f6ytyy jo ennest\u00e4\u00e4n. Pappagallon kaapista l\u00f6ytyy esimerkiksi edellisiin vuosijuhliin hankittuja koristeita, joita voi k\u00e4ytt\u00e4\u00e4 uudelleen. Lis\u00e4ksi my\u00f6s j\u00e4senist\u00f6lt\u00e4 (tai mahdollisesti muilta j\u00e4rjest\u00f6ilt\u00e4) voidaan lainata tavaroita, kuten koristeita, kaiuttimen tai lauta- ja korttipelej\u00e4 tapahtumiin.<\/p>\n\n\n\n<p>Hankintoja tehdess\u00e4 selvitet\u00e4\u00e4n aina mahdollisuus hankkia kyseinen asia esimerkiksi k\u00e4ytettyn\u00e4. Pappagallo ry suosii mahdollisuuksien mukaan kirpputoreja ja vastuullisia kauppoja ja valmistajia. Esimerkiksi collegepaita- ja kangaskassitilausta tehdess\u00e4 on erityisen t\u00e4rke\u00e4\u00e4 perehty\u00e4 vaihtoehtoihin ja valita mahdollisimman vastuullinen toimija (vuonna 2025 tilaus tehtiin Kloffa Clothingilta, joka on erikoistunut kiertotalouteen ja kierr\u00e4tysmateriaalien hy\u00f6dynt\u00e4miseen), eik\u00e4 esimerkiksi valita vain halvinta vaihtoehtoa. Vuosijuhlalahjoina suositaan aineettomia lahjoja, esimerkiksi lahjoituksia hyv\u00e4ntekev\u00e4isyyteen.<\/p>\n\n\n\n<p>Pappagallo ry suosii kasvispainotteista ruokaa sek\u00e4 Reilun kaupan sertifikaatin tuotteita, luomu- ja kotimaisia tuotteita, ja pyrkii minimoimaan ruokah\u00e4vikin m\u00e4\u00e4r\u00e4n. Jos tulee tarve hankkia pesuaineita, valitaan ymp\u00e4rist\u00f6merkittyj\u00e4 tuotteita (esimerkiksi Joutsenmerkki).&nbsp;<\/p>\n\n\n\n<p>Pappagallo ry pyrkii v\u00e4ltt\u00e4m\u00e4\u00e4n kertak\u00e4ytt\u00f6isten astioiden hankkimista. Myyj\u00e4isi\u00e4 varten on kuitenkin jouduttu ostamaan ajoittain servettej\u00e4 sek\u00e4 kertak\u00e4ytt\u00f6isi\u00e4 kahvikuppeja, lusikoita ja lautasia, mutta t\u00e4ll\u00f6in on valittu luonnonmateriaalista valmistettuja tuotteita, jotka voidaan kierr\u00e4tt\u00e4\u00e4.<\/p>\n\n\n\n<ol start=\"7\" class=\"wp-block-list\">\n<li class=\"has-medium-font-size\"><strong>Ymp\u00e4rist\u00f6suunnitelman toteuttaminen ja p\u00e4ivitt\u00e4minen<\/strong><\/li>\n<\/ol>\n\n\n\n<p>Ymp\u00e4rist\u00f6suunnitelman toteutumisesta vastaa koko Pappagallo ry:n hallitus. Ymp\u00e4rist\u00f6vastaavan vastuulla on p\u00e4ivitt\u00e4\u00e4 yhdistyksen ymp\u00e4rist\u00f6suunnitelma tarvittaessa sek\u00e4 tuoda suunnitelma esille niin hallitukselle kuin j\u00e4senist\u00f6lle. Ymp\u00e4rist\u00f6suunnitelma on esill\u00e4 yhdistyksen nettisivuilla ja sit\u00e4 voi jakaa eteenp\u00e4in j\u00e4senist\u00f6lle esimerkiksi s\u00e4hk\u00f6postitse. Ymp\u00e4rist\u00f6vastaava seuraa ymp\u00e4rist\u00f6suunnitelman toteutumista ja raportoi siit\u00e4 yhdistyksen hallitukselle aina tarvittaessa, viimeist\u00e4\u00e4n kuitenkin toimintavuoden lopussa.&nbsp;<\/p>\n","protected":false},"excerpt":{"rendered":"<p>T\u00e4m\u00e4n ymp\u00e4rist\u00f6suunnitelman avulla tuodaan esille, miten Pappagallo ry ottaa ymp\u00e4rist\u00f6n huomioon toiminnassaan ja n\u00e4in omalta osaltaan kehitt\u00e4\u00e4 toimintaansa ekologisesti kest\u00e4v\u00e4mm\u00e4ksi sek\u00e4 v\u00e4hent\u00e4\u00e4 ymp\u00e4rist\u00f6n kuormitusta. Suunnitelma toimii my\u00f6s ohjeena niin hallituksen kuin yhdistyksen j\u00e4senille, ja pyrkii ohjaamaan yhdistyksen toimintaa vastuullisemmaksi. Pappagallo ry sitoutuu noudattamaan ymp\u00e4rist\u00f6suunnitelmaa kaikessa toiminnassaan ja p\u00e4ivitt\u00e4m\u00e4\u00e4n sit\u00e4 tarvittaessa.&nbsp; &#8230;<\/p>\n","protected":false},"author":367,"featured_media":0,"parent":0,"menu_order":0,"comment_status":"closed","ping_status":"closed","template":"","meta":{"ngg_post_thumbnail":0,"footnotes":""},"class_list":["post-1027","page","type-page","status-publish","hentry","column","twocol"],"_links":{"self":[{"href":"https:\/\/tyyala.utu.fi\/pappagallo\/wp-json\/wp\/v2\/pages\/1027","targetHints":{"allow":["GET"]}}],"collection":[{"href":"https:\/\/tyyala.utu.fi\/pappagallo\/wp-json\/wp\/v2\/pages"}],"about":[{"href":"https:\/\/tyyala.utu.fi\/pappagallo\/wp-json\/wp\/v2\/types\/page"}],"author":[{"embeddable":true,"href":"https:\/\/tyyala.utu.fi\/pappagallo\/wp-json\/wp\/v2\/users\/367"}],"replies":[{"embeddable":true,"href":"https:\/\/tyyala.utu.fi\/pappagallo\/wp-json\/wp\/v2\/comments?post=1027"}],"version-history":[{"count":6,"href":"https:\/\/tyyala.utu.fi\/pappagallo\/wp-json\/wp\/v2\/pages\/1027\/revisions"}],"predecessor-version":[{"id":1038,"href":"https:\/\/tyyala.utu.fi\/pappagallo\/wp-json\/wp\/v2\/pages\/1027\/revisions\/1038"}],"wp:attachment":[{"href":"https:\/\/tyyala.utu.fi\/pappagallo\/wp-json\/wp\/v2\/media?parent=1027"}],"curies":[{"name":"wp","href":"https:\/\/api.w.org\/{rel}","templated":true}]}}