{"id":9,"date":"2023-04-05T13:51:23","date_gmt":"2023-04-05T10:51:23","guid":{"rendered":"https:\/\/tyyala.utu.fi\/palladion\/?page_id=9"},"modified":"2024-11-29T20:29:29","modified_gmt":"2024-11-29T17:29:29","slug":"palladion-ry","status":"publish","type":"page","link":"https:\/\/tyyala.utu.fi\/palladion\/palladion-ry\/","title":{"rendered":"Palladion ry"},"content":{"rendered":"\n<p><\/p>\n\n\n\n<p>Ainej\u00e4rjest\u00f6mme on perustettu 4. 2. 1969. Vuonna 2024 juhlistimme t\u00e4ten jo 55-vuotista taivaltamme. Palladion ry on\u00a0Turun yliopiston ylioppilaskunnan\u00a0(TYY) alayhdistys ja kuuluu Turun yliopiston humanistisen tiedekunnan opiskelijoiden edunvalvontaj\u00e4rjest\u00f6\u00a0<a href=\"http:\/\/humanitas.fi\/\" target=\"_blank\" rel=\"noreferrer noopener\">Humanitasiin<\/a>.\u00a0<\/p>\n\n\n\n<p>Teht\u00e4v\u00e4mme on valvoa opiskelijoiden etua pit\u00e4m\u00e4ll\u00e4\u00a0yhteytt\u00e4 niin henkil\u00f6kuntaan kuin laitoshallintoon ja tiedekuntaankin. Ker\u00e4\u00e4mme palautetta opiskeluun liittyvist\u00e4 ajankohtaisista asioista, jolloin my\u00f6s opiskelijat itse p\u00e4\u00e4sev\u00e4t osallistumaan opetuksen kehitt\u00e4miseen.<\/p>\n\n\n\n<p>Organisoimme erilaisia tapahtumia ja muuta toimintaa edist\u00e4m\u00e4\u00e4n opiskelijoidemme yhteishenke\u00e4. Palladion toivoo tavoittavansa niin uudet kuin vanhatkin opiskelijat, my\u00f6s sivuainepuolelta!<\/p>\n\n\n\n<p>Palladionin j\u00e4seneksi\u00a0voit liitty\u00e4 maksamalla\u00a0lukuvuosittaisen j\u00e4senmaksun, joka on t\u00e4ll\u00e4 hetkell\u00e4\u00a010 euroa.\u00a0Se oikeuttaa\u00a0osallistumaan kaikkiin Palladionin tapahtumiin, jotka\u00a0harvoja poikkeuksia lukuun ottamatta ovat t\u00e4ysin ilmaisia. Lis\u00e4ksi rohkaisemme\u00a0uusiakin opiskelijoita\u00a0kokeilemaan siipi\u00e4\u00e4n Palladionin hallituksessa! Pienell\u00e4kin panostuksella voi tehd\u00e4 paljon\u00a0ainej\u00e4rjest\u00f6mme hyv\u00e4ksi.<\/p>\n\n\n\n<p>Joka&nbsp;kev\u00e4t j\u00e4rjest\u00e4mme v\u00e4rv\u00e4ysrituaalin eli kierr\u00e4mme&nbsp;lukioissa esittelem\u00e4ss\u00e4 oppiainettamme, jotta se tulisi mahdollisimman monen yliopisto-opiskelua&nbsp;harkitsevan abiturientin&nbsp;tietoisuuteen. Jos tahdot meid\u00e4t vieraisille kouluusi, otathan&nbsp;yhteytt\u00e4&nbsp;osoitteeseen palladion-hallitus@utu.fi.<\/p>\n\n\n\n<p><\/p>\n","protected":false},"excerpt":{"rendered":"<p>Ainej\u00e4rjest\u00f6mme on perustettu 4. 2. 1969. Vuonna 2024 juhlistimme t\u00e4ten jo 55-vuotista taivaltamme. Palladion ry on\u00a0Turun yliopiston ylioppilaskunnan\u00a0(TYY) alayhdistys ja kuuluu Turun yliopiston humanistisen tiedekunnan opiskelijoiden edunvalvontaj\u00e4rjest\u00f6\u00a0Humanitasiin.\u00a0 Teht\u00e4v\u00e4mme on valvoa opiskelijoiden etua pit\u00e4m\u00e4ll\u00e4\u00a0yhteytt\u00e4 niin henkil\u00f6kuntaan kuin laitoshallintoon ja tiedekuntaankin. Ker\u00e4\u00e4mme palautetta opiskeluun liittyvist\u00e4 ajankohtaisista asioista, jolloin my\u00f6s opiskelijat itse p\u00e4\u00e4sev\u00e4t osallistumaan opetuksen kehitt\u00e4miseen. Organisoimme erilaisia [&hellip;]<\/p>\n","protected":false},"author":3072,"featured_media":177,"parent":0,"menu_order":0,"comment_status":"closed","ping_status":"closed","template":"","meta":{"footnotes":""},"class_list":["post-9","page","type-page","status-publish","has-post-thumbnail","czr-hentry"],"_links":{"self":[{"href":"https:\/\/tyyala.utu.fi\/palladion\/wp-json\/wp\/v2\/pages\/9","targetHints":{"allow":["GET"]}}],"collection":[{"href":"https:\/\/tyyala.utu.fi\/palladion\/wp-json\/wp\/v2\/pages"}],"about":[{"href":"https:\/\/tyyala.utu.fi\/palladion\/wp-json\/wp\/v2\/types\/page"}],"author":[{"embeddable":true,"href":"https:\/\/tyyala.utu.fi\/palladion\/wp-json\/wp\/v2\/users\/3072"}],"replies":[{"embeddable":true,"href":"https:\/\/tyyala.utu.fi\/palladion\/wp-json\/wp\/v2\/comments?post=9"}],"version-history":[{"count":5,"href":"https:\/\/tyyala.utu.fi\/palladion\/wp-json\/wp\/v2\/pages\/9\/revisions"}],"predecessor-version":[{"id":348,"href":"https:\/\/tyyala.utu.fi\/palladion\/wp-json\/wp\/v2\/pages\/9\/revisions\/348"}],"wp:featuredmedia":[{"embeddable":true,"href":"https:\/\/tyyala.utu.fi\/palladion\/wp-json\/wp\/v2\/media\/177"}],"wp:attachment":[{"href":"https:\/\/tyyala.utu.fi\/palladion\/wp-json\/wp\/v2\/media?parent=9"}],"curies":[{"name":"wp","href":"https:\/\/api.w.org\/{rel}","templated":true}]}}