{"id":15,"date":"2023-04-05T13:51:23","date_gmt":"2023-04-05T10:51:23","guid":{"rendered":"https:\/\/tyyala.utu.fi\/palladion\/?page_id=15"},"modified":"2023-04-05T17:40:03","modified_gmt":"2023-04-05T14:40:03","slug":"saannot","status":"publish","type":"page","link":"https:\/\/tyyala.utu.fi\/palladion\/saannot\/","title":{"rendered":"S\u00e4\u00e4nn\u00f6t"},"content":{"rendered":"\n<p> <\/p>\n\n\n\n<p><strong>1 \u00a7 Yhdistyksen nimi ja kotipaikkakunta<\/strong><\/p>\n\n\n\n<ul class=\"wp-block-list\"><li>Yhdistyksen nimi on Palladion ry ja sen kotipaikka Turku.<\/li><\/ul>\n\n\n\n<p><strong>2 \u00a7 Yhdistyksen tarkoitus ja toimintatapa<\/strong><\/p>\n\n\n\n<ul class=\"wp-block-list\"><li>Yhdistyksen tarkoituksena on toimia Turun yliopiston klassillisten kielten ja klassillisen arkeologian opiskelijoiden yhdyssiteen\u00e4, lis\u00e4ten antiikkiin kohdistuvaa kiinnostusta, pyrki\u00e4 kaikin mahdollisin tavoin tukemaan j\u00e4sentens\u00e4 opintoja, edist\u00e4\u00e4 opintoyhteisty\u00f6t\u00e4 ja pit\u00e4\u00e4 yhteytt\u00e4 vastaavien yhdistysten kanssa.&nbsp;<\/li><li>Tarkoituksensa toteuttamiseksi yhdistys j\u00e4rjest\u00e4\u00e4 kokouksia, valistustilaisuuksia, seminaareja, juhlia ja retki\u00e4, julkaisee omaa lehte\u00e4 ja pit\u00e4\u00e4 yhteytt\u00e4 alan muihin j\u00e4rjest\u00f6ihin.&nbsp;<\/li><li>Yhdistys voi toimintansa tukemiseksi ottaa vastaan lahjoituksia ja testamentteja, omistaa toimintaansa varten tarpeellista kiinte\u00e4\u00e4 ja irtainta omaisuutta sek\u00e4 j\u00e4rjest\u00e4\u00e4 asianomaisen luvalla myyj\u00e4isi\u00e4, rahanker\u00e4yksi\u00e4 ja arpajaisia.&nbsp;<\/li><\/ul>\n\n\n\n<p><strong>3 \u00a7 J\u00e4senet<\/strong><\/p>\n\n\n\n<ul class=\"wp-block-list\"><li>Yhdistyksen varsinaiseksi j\u00e4seneksi voi liitty\u00e4 Turun yliopiston ylioppilaskunnan j\u00e4sen, Turun yliopiston henkil\u00f6kuntaan kuuluva henkil\u00f6 tai muu henkil\u00f6, jonka hallitus hyv\u00e4ksyy. Hallitus pit\u00e4\u00e4 luetteloa j\u00e4senist\u00e4.<\/li><li>Yhdistys voi kutsua kunniaj\u00e4senekseen henkil\u00f6n, joka on toiminut ansiokkaasti yhdistyksen, opiskelijoiden tai yleens\u00e4 klassillisten kielten tai klassillisen arkeologian hyv\u00e4ksi.<\/li><li>J\u00e4senell\u00e4 on oikeus erota yhdistyksest\u00e4 ilmoittamalla siit\u00e4 kirjallisesti yhdistyksen hallitukselle tai sen puheenjohtajalle tai tekem\u00e4ll\u00e4 ilmoituksen yhdistyksen kokouksen p\u00f6yt\u00e4kirjaan merkitt\u00e4v\u00e4ksi.<\/li><li>Varsinaisilta j\u00e4senilt\u00e4 peritt\u00e4v\u00e4n vuotuisen j\u00e4senmaksun suuruudesta p\u00e4\u00e4tt\u00e4\u00e4 vuosikokous. Kunniaj\u00e4senilt\u00e4 ei perit\u00e4 j\u00e4senmaksua.<\/li><li>J\u00e4senill\u00e4 on velvollisuus maksaa j\u00e4senmaksua, kuten edell\u00e4 on mainittu.<\/li><li>J\u00e4senill\u00e4 on velvollisuus noudattaa yhdistyksen s\u00e4\u00e4nt\u00f6j\u00e4 ja p\u00e4\u00e4t\u00f6ksi\u00e4 ja hallitus voi erottaa varsinaisen j\u00e4senen, mik\u00e4li j\u00e4sen on toiminut yhdistyst\u00e4 vahingoittavalla tavalla.<\/li><li>Mik\u00e4li yhdistyksen hallitus toteaa jonkin yhdistyksen j\u00e4senist\u00e4 k\u00e4ytt\u00e4ytyv\u00e4n yhdistyksen tilaisuuksissa yhdistykselle vahingollisella tavalla, yhdistyksen hallitus voi antaa yhdistyksen j\u00e4senelle kirjallisen huomautuksen. Mik\u00e4li ep\u00e4asiallinen k\u00e4yt\u00f6s jatkuu, yhdistyksen hallitus voi antaa j\u00e4senelle kirjallisen varoituksen. Mik\u00e4li yhdistyksen j\u00e4sen jatkaa k\u00e4yt\u00f6st\u00e4\u00e4n edell\u00e4 mainituista toimenpiteist\u00e4 huolimatta, yhdistys voi \u00e4\u00e4nest\u00e4\u00e4 j\u00e4senen&nbsp;erottamisesta.&nbsp;<\/li><li>J\u00e4senen erottamisesta p\u00e4\u00e4tt\u00e4\u00e4 yhdistys kokouksessaan. P\u00e4\u00e4t\u00f6ksess\u00e4 on mainittava erottamisen syy. J\u00e4sen ei ole yhdistyksen kokouksessa esteellinen \u00e4\u00e4nest\u00e4m\u00e4\u00e4n itse\u00e4\u00e4n koskevasta erottamisasiasta.&nbsp;<\/li><li>Varsinainen j\u00e4sen voidaan erottaa yhdistyksest\u00e4, mik\u00e4li j\u00e4sen on j\u00e4tt\u00e4nyt j\u00e4senmaksunsa maksamatta 30 p\u00e4iv\u00e4\u00e4 j\u00e4senmaksupyynn\u00f6ss\u00e4 ilmoitetun p\u00e4iv\u00e4m\u00e4\u00e4r\u00e4n j\u00e4lkeen.<\/li><li>Ennen j\u00e4senen erottamista asianomaiselle j\u00e4senelle on varattava tilaisuus selityksien antamiseen asiassa paitsi silloin jos erottamisen syyn\u00e4 on j\u00e4senmaksun maksamatta j\u00e4tt\u00e4minen.<\/li><\/ul>\n\n\n\n<p><strong>4 \u00a7 Hallitus<\/strong><\/p>\n\n\n\n<ul class=\"wp-block-list\"><li>Yhdistyksen hallitukseen kuuluvat vuosikokouksessa valitut puheenjohtaja ja v\u00e4hint\u00e4\u00e4n kaksi muuta sek\u00e4 enint\u00e4\u00e4n kahdeksan varsinaista j\u00e4sent\u00e4. Hallitus valitsee keskuudestaan sihteerin ja rahastonhoitajan.&nbsp;<\/li><li>Hallituksen kutsuu koolle puheenjohtaja tai kaksi hallituksen j\u00e4sent\u00e4. Kokous on p\u00e4\u00e4t\u00f6svaltainen, jos v\u00e4hint\u00e4\u00e4n kolme j\u00e4sent\u00e4 on koolla. P\u00e4\u00e4t\u00f6kset tehd\u00e4\u00e4n yksinkertaisella \u00e4\u00e4nten enemmist\u00f6ll\u00e4. \u00c4\u00e4nten menness\u00e4 tasan puheenjohtajan \u00e4\u00e4ni ratkaisee.<\/li><li>Hallituksen j\u00e4senten toimikausi on vuosikokousten v\u00e4linen aika.<\/li><\/ul>\n\n\n\n<p><strong>5 \u00a7 Yhdistyksen nimen kirjoittaminen<\/strong><\/p>\n\n\n\n<ul class=\"wp-block-list\"><li>Yhdistyksen nimen kirjoittaa puheenjohtaja tai varapuheenjohtaja, jompikumpi yhdess\u00e4 sihteerin tai rahastonhoitajan kanssa.&nbsp;<\/li><\/ul>\n\n\n\n<p><strong>6 \u00a7 Tilit ja tilintarkastus<\/strong><\/p>\n\n\n\n<ul class=\"wp-block-list\"><li>Yhdistyksen tilikausi alkaa elokuun ensimm\u00e4isen\u00e4 p\u00e4iv\u00e4n\u00e4 ja p\u00e4\u00e4ttyy hein\u00e4kuun viimeisen\u00e4.<\/li><li>Tilinp\u00e4\u00e4t\u00f6s on teht\u00e4v\u00e4 elokuun aikana.<\/li><li>Yhdistys valitsee yhdistyksen hallintoa ja tilej\u00e4 tarkastamaan yhden toiminnantarkastajan ja h\u00e4nelle varahenkil\u00f6n yhdistyksen vuosikokouksessa.<\/li><li>Tilinp\u00e4\u00e4t\u00f6s asiakirjoineen on annettava toiminnantarkastajille viimeist\u00e4\u00e4n kolme viikkoa ennen vuosikokousta. Toiminnantarkastajien on annettava kirjallinen lausuntonsa hallitukselle viimeist\u00e4\u00e4n kaksi viikkoa ennen vuosikokousta.<\/li><li>Yhdistyksen toiminnantarkastajan ja varatoiminnantarkastajan toimikausi on vuosikokousten v\u00e4linen aika.<\/li><\/ul>\n\n\n\n<p><strong>7 \u00a7 Yhdistyksen kokousten koollekutsuminen<\/strong><\/p>\n\n\n\n<ul class=\"wp-block-list\"><li>Yhdistyksen kutsuu koolle hallitus. Kokouskutsu on toimitettava aikaisintaan kaksi kuukautta ja viimeist\u00e4\u00e4n viikkoa ennen kokousta&nbsp;joko l\u00e4hett\u00e4m\u00e4ll\u00e4 kutsu kirjallisena kullekin j\u00e4senelle tai asettamalla se n\u00e4ht\u00e4v\u00e4ksi yhdistyksen ilmoitustaululle.<\/li><\/ul>\n\n\n\n<p><strong>8 \u00a7 Yhdistyksen kokoukset<\/strong><\/p>\n\n\n\n<ul class=\"wp-block-list\"><li>Yhdistyksen vuosikokous pidet\u00e4\u00e4n vuosittain hallituksen m\u00e4\u00e4r\u00e4\u00e4m\u00e4n\u00e4 p\u00e4iv\u00e4n\u00e4 ennen syyskuun loppua.<\/li><li>Ylim\u00e4\u00e4r\u00e4inen kokous pidet\u00e4\u00e4n, kun hallitus katsoo siihen olevan aihetta tai kun v\u00e4hint\u00e4\u00e4n kymmenesosa (1\/10) yhdistyksen j\u00e4senist\u00e4 sit\u00e4 hallitukselta ilmoittamaansa asiaa varten kirjallisesti pyyt\u00e4\u00e4. Kokous on kutsuttava kokoon viikon kuluessa pyynn\u00f6n esitt\u00e4misest\u00e4.<\/li><li>Yhdistyksen kokoukseen voidaan osallistua hallituksen tai yhdistyksen kokouksen niin p\u00e4\u00e4tt\u00e4ess\u00e4 my\u00f6s tietoliikenneyhteyden tai muun teknisen apuv\u00e4lineen avulla kokouksen aikana tai ennen kokousta.<\/li><li>Jokaisella j\u00e4senell\u00e4 on yhdistyksen kokouksessa yksi \u00e4\u00e4ni.&nbsp;<\/li><\/ul>\n\n\n\n<p><strong>9 \u00a7 Vuosikokous<\/strong><\/p>\n\n\n\n<ul class=\"wp-block-list\"><li>Yhdistyksen vuosikokouksessa k\u00e4sitell\u00e4\u00e4n seuraavat asiat:&nbsp;<\/li><li>1. kokous avataan.&nbsp;<\/li><li>2. valitaan kokouksen puheenjohtaja, sihteeri ja kaksi p\u00f6yt\u00e4kirjantarkastajaa&nbsp;<\/li><li>3. todetaan kokouksen laillisuus ja p\u00e4\u00e4t\u00f6svaltaisuus&nbsp;<\/li><li>4. esitet\u00e4\u00e4n tilinp\u00e4\u00e4t\u00f6s, hallituksen toimintakertomus ja toiminnantarkastajien lausunto&nbsp;<\/li><li>5. p\u00e4\u00e4tet\u00e4\u00e4n tilinp\u00e4\u00e4t\u00f6ksen vahvistamisesta<\/li><li>6. p\u00e4\u00e4tet\u00e4\u00e4n vastuuvapauden my\u00f6nt\u00e4misest\u00e4 hallitukselle ja muille tilivelvolliselle<\/li><li>7. p\u00e4\u00e4tet\u00e4\u00e4n j\u00e4senmaksun suuruus<\/li><li>8. vahvistetaan toimintasuunnitelma ja talousarvio kuluvalle toimintakaudelle<\/li><li>9. valitaan hallituksen puheenjohtaja ja muut j\u00e4senet<\/li><li>10. valitaan toiminnantarkastaja ja h\u00e4nelle varatoiminnantarkastaja<\/li><li>11. k\u00e4sitell\u00e4\u00e4n muut kokouskutsussa mainitut ja kokoukselle esitetyt asiat.<\/li><li>Jos yhdistyksen j\u00e4sen haluaa saada asian yhdistyksen kokouksen p\u00e4\u00e4tett\u00e4v\u00e4ksi, h\u00e4nen on ilmoitettava siit\u00e4 kirjallisesti hallitukselle niin ajoissa, ett\u00e4 asia voidaan sis\u00e4llytt\u00e4\u00e4 kokouskutsuun<\/li><\/ul>\n\n\n\n<p><strong>10 \u00a7 Yhdistyksen purkautuminen<\/strong><\/p>\n\n\n\n<ul class=\"wp-block-list\"><li>Mik\u00e4li yhdistys purkautuu, sen varat on luovutettava klassillisen filologian ja klassillisen arkeologian opiskelijoiden etua ajavalle rekister\u00f6idylle yhdistykselle.<\/li><\/ul>\n\n\n\n<p><\/p>\n","protected":false},"excerpt":{"rendered":"<p>1 \u00a7 Yhdistyksen nimi ja kotipaikkakunta Yhdistyksen nimi on Palladion ry ja sen kotipaikka Turku. 2 \u00a7 Yhdistyksen tarkoitus ja toimintatapa Yhdistyksen tarkoituksena on toimia Turun yliopiston klassillisten kielten ja klassillisen arkeologian opiskelijoiden yhdyssiteen\u00e4, lis\u00e4ten antiikkiin kohdistuvaa kiinnostusta, pyrki\u00e4 kaikin mahdollisin tavoin tukemaan j\u00e4sentens\u00e4 opintoja, edist\u00e4\u00e4 opintoyhteisty\u00f6t\u00e4 ja pit\u00e4\u00e4 yhteytt\u00e4 vastaavien yhdistysten kanssa.&nbsp; Tarkoituksensa toteuttamiseksi [&hellip;]<\/p>\n","protected":false},"author":3072,"featured_media":0,"parent":0,"menu_order":0,"comment_status":"closed","ping_status":"closed","template":"","meta":{"footnotes":""},"class_list":["post-15","page","type-page","status-publish","czr-hentry"],"_links":{"self":[{"href":"https:\/\/tyyala.utu.fi\/palladion\/wp-json\/wp\/v2\/pages\/15","targetHints":{"allow":["GET"]}}],"collection":[{"href":"https:\/\/tyyala.utu.fi\/palladion\/wp-json\/wp\/v2\/pages"}],"about":[{"href":"https:\/\/tyyala.utu.fi\/palladion\/wp-json\/wp\/v2\/types\/page"}],"author":[{"embeddable":true,"href":"https:\/\/tyyala.utu.fi\/palladion\/wp-json\/wp\/v2\/users\/3072"}],"replies":[{"embeddable":true,"href":"https:\/\/tyyala.utu.fi\/palladion\/wp-json\/wp\/v2\/comments?post=15"}],"version-history":[{"count":2,"href":"https:\/\/tyyala.utu.fi\/palladion\/wp-json\/wp\/v2\/pages\/15\/revisions"}],"predecessor-version":[{"id":62,"href":"https:\/\/tyyala.utu.fi\/palladion\/wp-json\/wp\/v2\/pages\/15\/revisions\/62"}],"wp:attachment":[{"href":"https:\/\/tyyala.utu.fi\/palladion\/wp-json\/wp\/v2\/media?parent=15"}],"curies":[{"name":"wp","href":"https:\/\/api.w.org\/{rel}","templated":true}]}}