{"id":228,"date":"2020-09-16T09:19:10","date_gmt":"2020-09-16T09:19:10","guid":{"rendered":"https:\/\/tyyala.utu.fi\/mimesis\/?page_id=228"},"modified":"2020-09-17T10:55:03","modified_gmt":"2020-09-17T10:55:03","slug":"oppiaineet","status":"publish","type":"page","link":"https:\/\/tyyala.utu.fi\/mimesis\/?page_id=228","title":{"rendered":"Oppiaineet"},"content":{"rendered":"\n<p>Mimesiksen j\u00e4seni\u00e4 yhdist\u00e4v\u00e4t oppiaineet eli kotimainen kirjallisuus ja yleinen kirjallisuustiede toimivat Turun yliopiston <a href=\"https:\/\/www.utu.fi\/fi\/yliopisto\/humanistinen-tiedekunta\">Humanistisen tiedekunnan<\/a> Historian, kulttuurin ja taiteiden tutkimuksen yksik\u00f6ss\u00e4.<\/p>\n\n\n\n<p>Oppiaineissa on yhteinen sis\u00e4\u00e4notto, ja hakukohteena toimiikin &#8221;Kirjallisuustieteet&#8221;. Ensimm\u00e4isen vuoden opinnot ovat kaikille yhteisi\u00e4, ja p\u00e4\u00e4aine valitaan niiden j\u00e4lkeen. Molemmista aineista valmistutaan Humanististen tieteiden kandidaatiksi (HuK) ja sitten Filosofian maisteriksi (FM). Opintojen laajuus on 180+120 opintopistett\u00e4.<\/p>\n\n\n\n<blockquote class=\"wp-block-quote is-layout-flow wp-block-quote-is-layout-flow\"><p>Kirjallisuuden opiskelu avartaa maailmaa, saa ymm\u00e4rt\u00e4m\u00e4\u00e4n paremmin sek\u00e4 yhteiskuntaa ett\u00e4 itse\u00e4. Se opettaa lukemaan, tulkitsemaan ja ajattelemaan.<\/p><cite>opiskelija<\/cite><\/blockquote>\n\n\n\n<h2 class=\"wp-block-heading\"><a href=\"https:\/\/www.utu.fi\/fi\/yliopisto\/humanistinen-tiedekunta\/kotimainen-kirjallisuus\"><span class=\"has-inline-color has-accent-color\">Kotimainen kirjallisuus<\/span><\/a><\/h2>\n\n\n\n<p>&#8221;Kotimaisen kirjallisuuden oppiaine kouluttaa opiskelijoistaan suomalaisen kirjallisuuden ja kirjallisuusinstituution asiantuntijoita sek\u00e4 \u00e4idinkielen ja kirjallisuuden opettajia. Oppiaineessa opetetaan ja tutkitaan niin suomalaisen kirjallisuuden historiaa kuin nykyhetken kirjallista el\u00e4m\u00e4\u00e4.<\/p>\n\n\n\n<p>Painopistealueitamme ovat feministinen kirjallisuudentutkimus, kirjallisuuden ylirajaisuus, kirjallisuuden ja luonnon v\u00e4liset suhteet, digitaalinen kulttuuri, lyriikan tutkimus sek\u00e4 lasten- ja nuortenkirjallisuuden tutkimus. Kotimainen kirjallisuus kuuluu historian, kulttuurin ja taiteiden tutkimuksen laitokseen, ja teemme yhteisty\u00f6t\u00e4 muiden taiteidentutkimuksen oppiaineiden kanssa.&#8221;<\/p>\n\n\n\n<h2 class=\"wp-block-heading\"><a href=\"https:\/\/www.utu.fi\/fi\/yliopisto\/humanistinen-tiedekunta\/yleinen-kirjallisuustiede\">Yleinen kirjallisuustiede<\/a><\/h2>\n\n\n\n<p>&#8221;Yleisess\u00e4 kirjallisuustieteess\u00e4 pyrit\u00e4\u00e4n teoreettisen ja historiallisen tiedon avulla ymm\u00e4rt\u00e4m\u00e4\u00e4n ja tulkitsemaan kirjallisuuden ominaispiirteit\u00e4, merkityksi\u00e4 ja yhteiskunnallisia edellytyksi\u00e4. Opinnot avaavat n\u00e4k\u00f6alaa eri kulttuuripiirien tuntemukseen ja antavat valmiuksia aikamme kulttuuristen ilmi\u00f6iden analyyttiseen ja kriittiseen tarkasteluun.<\/p>\n\n\n\n<p>Oppiaineen tutkimusprofiili on laaja sek\u00e4 teoreettisten kysymyksenasettelujen suhteen ett\u00e4 maantieteellisesti ja ajallisesti. Tutkimusaiheet ulottuvat 1600-luvulta nykyp\u00e4iv\u00e4\u00e4n ja eurooppalaisista kirjallisuuksista Yhdysvaltain, Karibian alueen ja Etel\u00e4-Amerikan kirjallisuuteen. Teoreettisia suuntautumistapoja yhdist\u00e4\u00e4 kontekstualisoiva tarkastelutapa: kirjallisuus n\u00e4hd\u00e4\u00e4n yhteiskunnassa ja kulttuurissa toimivana, ihmisen kulloistakin historiallisesti m\u00e4\u00e4rittynytt\u00e4 olemista ilment\u00e4v\u00e4n\u00e4 mutta my\u00f6s siihen kantaa ottavana ja sit\u00e4 problematisoivana.<\/p>\n\n\n\n<p>Oppiaineen tavoitteena on kouluttaa kriittisi\u00e4, laajasti kirjallisuuden kysymyksiin perehtyneit\u00e4 asiantuntijoita, joilla on valmiudet toimia opetuksen, tutkimuksen ja kulttuuriel\u00e4m\u00e4n moninaisilla kentill\u00e4.&#8221;<\/p>\n\n\n\n<p><\/p>\n","protected":false},"excerpt":{"rendered":"<p>Mimesiksen j\u00e4seni\u00e4 yhdist\u00e4v\u00e4t oppiaineet eli kotimainen kirjallisuus ja yleinen kirjallisuustiede toimivat Turun yliopiston Humanistisen tiedekunnan Historian, kulttuurin ja taiteiden tutkimuksen yksik\u00f6ss\u00e4. Oppiaineissa on yhteinen sis\u00e4\u00e4notto, ja hakukohteena toimiikin &#8221;Kirjallisuustieteet&#8221;. Ensimm\u00e4isen vuoden opinnot ovat kaikille yhteisi\u00e4, ja p\u00e4\u00e4aine valitaan niiden j\u00e4lkeen. Molemmista aineista valmistutaan Humanististen tieteiden kandidaatiksi (HuK) ja sitten Filosofian maisteriksi (FM). Opintojen laajuus on [&hellip;]<\/p>\n","protected":false},"author":1373,"featured_media":663,"parent":0,"menu_order":0,"comment_status":"closed","ping_status":"closed","template":"","meta":{"_kad_blocks_custom_css":"","_kad_blocks_head_custom_js":"","_kad_blocks_body_custom_js":"","_kad_blocks_footer_custom_js":"","footnotes":""},"class_list":["post-228","page","type-page","status-publish","has-post-thumbnail","hentry","post-preview"],"taxonomy_info":[],"featured_image_src_large":["https:\/\/tyyala.utu.fi\/mimesis\/wp-content\/uploads\/sites\/96\/2020\/09\/3-1-1024x457.png",676,302,true],"author_info":{"display_name":"lianme","author_link":"https:\/\/tyyala.utu.fi\/mimesis\/?author=1373"},"comment_info":0,"_links":{"self":[{"href":"https:\/\/tyyala.utu.fi\/mimesis\/index.php?rest_route=\/wp\/v2\/pages\/228","targetHints":{"allow":["GET"]}}],"collection":[{"href":"https:\/\/tyyala.utu.fi\/mimesis\/index.php?rest_route=\/wp\/v2\/pages"}],"about":[{"href":"https:\/\/tyyala.utu.fi\/mimesis\/index.php?rest_route=\/wp\/v2\/types\/page"}],"author":[{"embeddable":true,"href":"https:\/\/tyyala.utu.fi\/mimesis\/index.php?rest_route=\/wp\/v2\/users\/1373"}],"replies":[{"embeddable":true,"href":"https:\/\/tyyala.utu.fi\/mimesis\/index.php?rest_route=%2Fwp%2Fv2%2Fcomments&post=228"}],"version-history":[{"count":2,"href":"https:\/\/tyyala.utu.fi\/mimesis\/index.php?rest_route=\/wp\/v2\/pages\/228\/revisions"}],"predecessor-version":[{"id":303,"href":"https:\/\/tyyala.utu.fi\/mimesis\/index.php?rest_route=\/wp\/v2\/pages\/228\/revisions\/303"}],"wp:featuredmedia":[{"embeddable":true,"href":"https:\/\/tyyala.utu.fi\/mimesis\/index.php?rest_route=\/wp\/v2\/media\/663"}],"wp:attachment":[{"href":"https:\/\/tyyala.utu.fi\/mimesis\/index.php?rest_route=%2Fwp%2Fv2%2Fmedia&parent=228"}],"curies":[{"name":"wp","href":"https:\/\/api.w.org\/{rel}","templated":true}]}}