{"id":782,"date":"2023-08-15T12:24:38","date_gmt":"2023-08-15T12:24:38","guid":{"rendered":"https:\/\/tyyala.utu.fi\/manana\/?page_id=782"},"modified":"2025-02-10T09:40:34","modified_gmt":"2025-02-10T09:40:34","slug":"infopaketti","status":"publish","type":"page","link":"https:\/\/tyyala.utu.fi\/manana\/infopaketti\/","title":{"rendered":"INFOPAKETTI"},"content":{"rendered":"\n<p>Ma\u00f1anan infopaketista l\u00f6yd\u00e4t vastauksia kaikenlaisiin opiskeluun ja opiskelijael\u00e4m\u00e4\u00e4n liittyviin kysymyksiin. Mik\u00e4li et l\u00f6yd\u00e4 vastaksia kysymyksiisi, voit aina l\u00e4hett\u00e4\u00e4 viesti\u00e4 hallituksen j\u00e4senille tai l\u00e4hett\u00e4\u00e4 kysymyksesi anonyymisti <a rel=\"noreferrer noopener\" href=\"https:\/\/forms.gle\/9FHGi8bgUGVzZa2o6\" data-type=\"URL\" data-id=\"https:\/\/forms.gle\/9FHGi8bgUGVzZa2o6\" target=\"_blank\">t\u00e4\u00e4ll\u00e4<\/a>. Jos infopaketissa on mielest\u00e4si puutteita, voit pyyt\u00e4\u00e4 my\u00f6s p\u00e4ivityst\u00e4 lomakkeen kautta.<\/p>\n\n\n\n<p><a href=\"https:\/\/tyyala.utu.fi\/manana\/wp-content\/uploads\/sites\/90\/2024\/05\/Mananan-infopaketti.docx.pdf\" data-type=\"link\" data-id=\"https:\/\/tyyala.utu.fi\/manana\/wp-content\/uploads\/sites\/90\/2024\/05\/Mananan-infopaketti.docx.pdf\" target=\"_blank\" rel=\"noreferrer noopener\">Infopaketti<\/a><\/p>\n","protected":false},"excerpt":{"rendered":"<p>Ma\u00f1anan infopaketista l\u00f6yd\u00e4t vastauksia kaikenlaisiin opiskeluun ja opiskelijael\u00e4m\u00e4\u00e4n liittyviin kysymyksiin. Mik\u00e4li et l\u00f6yd\u00e4 vastaksia kysymyksiisi, voit aina l\u00e4hett\u00e4\u00e4 viesti\u00e4 hallituksen j\u00e4senille tai l\u00e4hett\u00e4\u00e4 kysymyksesi anonyymisti t\u00e4\u00e4ll\u00e4. Jos infopaketissa on mielest\u00e4si puutteita, voit pyyt\u00e4\u00e4 my\u00f6s p\u00e4ivityst\u00e4 lomakkeen kautta. Infopaketti<\/p>\n","protected":false},"author":3108,"featured_media":0,"parent":0,"menu_order":3,"comment_status":"closed","ping_status":"closed","template":"","meta":{"footnotes":""},"class_list":["post-782","page","type-page","status-publish","hentry"],"_links":{"self":[{"href":"https:\/\/tyyala.utu.fi\/manana\/wp-json\/wp\/v2\/pages\/782","targetHints":{"allow":["GET"]}}],"collection":[{"href":"https:\/\/tyyala.utu.fi\/manana\/wp-json\/wp\/v2\/pages"}],"about":[{"href":"https:\/\/tyyala.utu.fi\/manana\/wp-json\/wp\/v2\/types\/page"}],"author":[{"embeddable":true,"href":"https:\/\/tyyala.utu.fi\/manana\/wp-json\/wp\/v2\/users\/3108"}],"replies":[{"embeddable":true,"href":"https:\/\/tyyala.utu.fi\/manana\/wp-json\/wp\/v2\/comments?post=782"}],"version-history":[{"count":4,"href":"https:\/\/tyyala.utu.fi\/manana\/wp-json\/wp\/v2\/pages\/782\/revisions"}],"predecessor-version":[{"id":1061,"href":"https:\/\/tyyala.utu.fi\/manana\/wp-json\/wp\/v2\/pages\/782\/revisions\/1061"}],"wp:attachment":[{"href":"https:\/\/tyyala.utu.fi\/manana\/wp-json\/wp\/v2\/media?parent=782"}],"curies":[{"name":"wp","href":"https:\/\/api.w.org\/{rel}","templated":true}]}}