{"id":60,"date":"2016-03-22T13:54:41","date_gmt":"2016-03-22T13:54:41","guid":{"rendered":"http:\/\/tyyala.utu.fi\/seita\/?page_id=60"},"modified":"2022-09-07T17:08:56","modified_gmt":"2022-09-07T17:08:56","slug":"jasen","status":"publish","type":"page","link":"https:\/\/tyyala.utu.fi\/kutu\/jasen\/","title":{"rendered":"J\u00e4senet"},"content":{"rendered":"<p>Yhdistykseen voi varsinaiseksi j\u00e4seneksi liitty\u00e4 jokainen Turun yliopistossa etnologiaa, folkloristiikkaa tai uskontotiedett\u00e4 opiskeleva henkil\u00f6, joka hyv\u00e4ksyy yhdistyksen s\u00e4\u00e4nn\u00f6t.<\/p>\n<p>Varsinaisen j\u00e4senen hyv\u00e4ksymisest\u00e4 p\u00e4\u00e4tt\u00e4\u00e4 yhdistyksen hallitus. Vain yhdistyksen varsinainen j\u00e4sen voidaan valita hallitukseen tai muihin luottamusteht\u00e4viin. Kaikilla varsinaisilla j\u00e4senill\u00e4 on oikeus osallistua yhdistyksen j\u00e4rjest\u00e4miin kokouksiin ja tilaisuuksiin, ottaa osaa p\u00e4\u00e4t\u00f6ksentekoon sek\u00e4 p\u00e4\u00e4st\u00e4 osalliseksi yhdistyksen tarjoamista palveluista ja eduista.<\/p>\n<p>Yhdistykseen voi kannatusj\u00e4seneksi liitty\u00e4 kuka tahansa henkil\u00f6, joka haluaa tukea yhdistyksen tarkoitusta ja joka hyv\u00e4ksyy yhdistyksen s\u00e4\u00e4nn\u00f6t. Kannatusj\u00e4senen hyv\u00e4ksymisest\u00e4 p\u00e4\u00e4tt\u00e4\u00e4 my\u00f6skin yhdistyksen hallitus. Kannatusj\u00e4senill\u00e4 on oikeus osallistua yhdistyksen j\u00e4rjest\u00e4miin kokouksiin ja tilaisuuksiin ja p\u00e4\u00e4st\u00e4 osalliseksi yhdistyksen tarjoamista palveluista ja eduista, mutta yhdistyksen kokouksissa heill\u00e4 on ainoastaan puhe- ja l\u00e4sn\u00e4olo-oikeus, mutta ei \u00e4\u00e4nioikeutta eik\u00e4 heit\u00e4 voida valita yhdistyksen hallitukseen tai muihin luottamusteht\u00e4viin.<\/p>\n<p>Varsinaiset j\u00e4senet voivat maksaa vuosij\u00e4senmaksun tai opiskeluajan kest\u00e4v\u00e4n kertaj\u00e4senmaksun. Vuosij\u00e4senmaksu maksetaan lukuvuodeksi (1.8.-31.7.) kerrallaan. Kannatusj\u00e4senet maksavat kertaluontoisen kannatusj\u00e4senmaksun. J\u00e4senyys p\u00e4\u00e4ttyy, kun j\u00e4sen eroaa tai erotetaan tai katsotaan eronneeksi. Varsinaisten j\u00e4senten ja kannatusj\u00e4senten j\u00e4senmaksuista p\u00e4\u00e4tt\u00e4\u00e4 yhdistyksen kev\u00e4tkokous, erikseen kullekin j\u00e4senryhm\u00e4lle.<\/p>\n<p>J\u00e4sen voi erota yhdistyksest\u00e4 ilmoittamalla siit\u00e4 kirjallisesti hallitukselle tai sen puheenjohtajalle tai ilmoittamalla erosta yhdistyksen kokouksen p\u00f6yt\u00e4kirjaan. Yhdistyksen j\u00e4sen on velvoitettu ilmoittamaan yhdistyksen hallitukselle h\u00e4nest\u00e4 j\u00e4senrekisteriss\u00e4 pidett\u00e4vien tietojen muutoksista.<\/p>\n<p>Yhdistyksen hallitus erottaa varsinaisen j\u00e4senen, jos t\u00e4m\u00e4 ei en\u00e4\u00e4 t\u00e4yt\u00e4 yhdistyksen s\u00e4\u00e4nn\u00f6iss\u00e4 mainittuja varsinaisen j\u00e4senyyden ehtoja, eli opiskele etnologiaa, folkloristiikkaa tai uskontotiedett\u00e4 Turun yliopistossa. Hallituksen erottaman j\u00e4senen j\u00e4senyys on voimassa kuluvan lukuvuoden viimeiseen p\u00e4iv\u00e4\u00e4n (31.7.) saakka. Yhdistyksen kokous voi erottaa j\u00e4senen, joka<\/p>\n<p>on j\u00e4tt\u00e4nyt kahtena (2) per\u00e4tt\u00e4isen\u00e4 lukuvuonna (1.8.-31.7.) er\u00e4\u00e4ntyneen j\u00e4senmaksunsa maksamatta; tai<\/p>\n<p>on menettelyll\u00e4\u00e4n yhdistyksess\u00e4 tai sen ulkopuolella huomattavasti vahingoittanut yhdistyst\u00e4.<\/p>\n<hr \/>\n","protected":false},"excerpt":{"rendered":"<p>Yhdistykseen voi varsinaiseksi j\u00e4seneksi liitty\u00e4 jokainen Turun yliopistossa etnologiaa, folkloristiikkaa tai uskontotiedett\u00e4 opiskeleva henkil\u00f6, joka hyv\u00e4ksyy yhdistyksen s\u00e4\u00e4nn\u00f6t. Varsinaisen j\u00e4senen hyv\u00e4ksymisest\u00e4 p\u00e4\u00e4tt\u00e4\u00e4 yhdistyksen hallitus. Vain yhdistyksen varsinainen j\u00e4sen voidaan valita hallitukseen tai muihin luottamusteht\u00e4viin. Kaikilla varsinaisilla j\u00e4senill\u00e4 on oikeus osallistua yhdistyksen j\u00e4rjest\u00e4miin kokouksiin ja tilaisuuksiin, ottaa osaa p\u00e4\u00e4t\u00f6ksentekoon sek\u00e4 p\u00e4\u00e4st\u00e4 osalliseksi yhdistyksen tarjoamista palveluista ja &hellip; <a href=\"https:\/\/tyyala.utu.fi\/kutu\/jasen\/\" class=\"more-link\">Jatka artikkeliin <span class=\"screen-reader-text\">J\u00e4senet<\/span><\/a><\/p>\n","protected":false},"author":92,"featured_media":0,"parent":0,"menu_order":0,"comment_status":"closed","ping_status":"closed","template":"","meta":{"footnotes":""},"class_list":["post-60","page","type-page","status-publish","hentry"],"_links":{"self":[{"href":"https:\/\/tyyala.utu.fi\/kutu\/wp-json\/wp\/v2\/pages\/60","targetHints":{"allow":["GET"]}}],"collection":[{"href":"https:\/\/tyyala.utu.fi\/kutu\/wp-json\/wp\/v2\/pages"}],"about":[{"href":"https:\/\/tyyala.utu.fi\/kutu\/wp-json\/wp\/v2\/types\/page"}],"author":[{"embeddable":true,"href":"https:\/\/tyyala.utu.fi\/kutu\/wp-json\/wp\/v2\/users\/92"}],"replies":[{"embeddable":true,"href":"https:\/\/tyyala.utu.fi\/kutu\/wp-json\/wp\/v2\/comments?post=60"}],"version-history":[{"count":11,"href":"https:\/\/tyyala.utu.fi\/kutu\/wp-json\/wp\/v2\/pages\/60\/revisions"}],"predecessor-version":[{"id":1989,"href":"https:\/\/tyyala.utu.fi\/kutu\/wp-json\/wp\/v2\/pages\/60\/revisions\/1989"}],"wp:attachment":[{"href":"https:\/\/tyyala.utu.fi\/kutu\/wp-json\/wp\/v2\/media?parent=60"}],"curies":[{"name":"wp","href":"https:\/\/api.w.org\/{rel}","templated":true}]}}