{"id":34,"date":"2016-03-22T11:39:29","date_gmt":"2016-03-22T11:39:29","guid":{"rendered":"http:\/\/tyyala.utu.fi\/seita\/?page_id=34"},"modified":"2025-05-08T10:08:19","modified_gmt":"2025-05-08T10:08:19","slug":"riimu","status":"publish","type":"page","link":"https:\/\/tyyala.utu.fi\/kutu\/riimu\/","title":{"rendered":"Ainej\u00e4rjest\u00f6lehti Riimu"},"content":{"rendered":"<div class=\"wp-block-image\">\n<figure class=\"alignright\"><img loading=\"lazy\" decoding=\"async\" width=\"300\" height=\"114\" src=\"https:\/\/tyyala.utu.fi\/seita\/wp-content\/uploads\/sites\/18\/2016\/03\/N\u00e4ytt\u00f6kuva-2016-12-09-kello-3.51.06-300x114.png\" alt=\"\" class=\"wp-image-996\" srcset=\"https:\/\/tyyala.utu.fi\/kutu\/wp-content\/uploads\/sites\/18\/2016\/03\/N\u00e4ytt\u00f6kuva-2016-12-09-kello-3.51.06-300x114.png 300w, https:\/\/tyyala.utu.fi\/kutu\/wp-content\/uploads\/sites\/18\/2016\/03\/N\u00e4ytt\u00f6kuva-2016-12-09-kello-3.51.06.png 400w\" sizes=\"auto, (max-width: 300px) 100vw, 300px\" \/><\/figure><\/div>\n\n\n<p><\/p>\n\n\n\n<p>Riimu on ainej\u00e4rjest\u00f6lehti, joka julkaistaan vuosittain. Ensimm\u00e4inen Riimu julkaistiin marraskuussa 2016 pikkujoulujen yhteydess\u00e4.&nbsp;<\/p>\n\n\n\n<hr class=\"wp-block-separator has-alpha-channel-opacity\" \/>\n\n\n\n<p>Lue t\u00e4st\u00e4 uusin Vappu-Riimu!<\/p>\n\n\n\n<figure class=\"wp-block-embed is-type-wp-embed is-provider-kutu-ry wp-block-embed-kutu-ry\"><div class=\"wp-block-embed__wrapper\">\n<blockquote class=\"wp-embedded-content\" data-secret=\"O3upZwOvxs\"><a href=\"https:\/\/tyyala.utu.fi\/kutu\/vappu-riimu-2024\/\">Vappu-Riimu 2024<\/a><\/blockquote><iframe loading=\"lazy\" class=\"wp-embedded-content\" sandbox=\"allow-scripts\" security=\"restricted\" style=\"position: absolute; visibility: hidden;\" title=\"&#8221;Vappu-Riimu 2024&#8221; &#8212; Kutu ry\" src=\"https:\/\/tyyala.utu.fi\/kutu\/vappu-riimu-2024\/embed\/#?secret=ggKzHTkNO3#?secret=O3upZwOvxs\" data-secret=\"O3upZwOvxs\" width=\"600\" height=\"338\" frameborder=\"0\" marginwidth=\"0\" marginheight=\"0\" scrolling=\"no\"><\/iframe>\n<\/div><\/figure>\n\n\n\n<hr class=\"wp-block-separator has-alpha-channel-opacity\" \/>\n\n\n\n<p>Lue t\u00e4st\u00e4 Riimu s\u00e4hk\u00f6isess\u00e4 muodossa (PDF):<\/p>\n\n\n\n<div class=\"wp-block-buttons is-layout-flex wp-block-buttons-is-layout-flex\">\n<div class=\"wp-block-button\"><a class=\"wp-block-button__link wp-element-button\" href=\"https:\/\/drive.google.com\/file\/d\/1gPk95EarO2U8wsSZZihDmjZkIlcqX-eL\/view?usp=drive_link\">Vappu-Riimu 2025<\/a><\/div>\n<\/div>\n\n\n\n<p><\/p>\n\n\n\n<p><a href=\"https:\/\/tyyala.utu.fi\/seita\/wp-content\/uploads\/sites\/18\/2016\/03\/Riimu2016_nettiversio.pdf\">Riimu 1\/2016<\/a><\/p>\n\n\n\n<p><a href=\"https:\/\/tyyala.utu.fi\/seita\/wp-content\/uploads\/sites\/18\/2016\/03\/riimu_1_2017_netti1.pdf\">Riim<\/a><a href=\"https:\/\/tyyala.utu.fi\/seita\/wp-content\/uploads\/sites\/18\/2016\/03\/riimu_1_2017_netti1.pdf\">u 1\/2017<\/a><\/p>\n\n\n\n<p><a href=\"https:\/\/tyyala.utu.fi\/seita\/wp-content\/uploads\/sites\/18\/2018\/01\/Riimu_2017_2_nettiversio.pdf\">Riimu 2\/2017<\/a><\/p>\n\n\n\n<p><a href=\"https:\/\/tyyala.utu.fi\/kutu\/wp-content\/uploads\/sites\/18\/2018\/11\/Riimu-2018-nettiversio-1.pdf\">Riimu 1\/2018<\/a><\/p>\n\n\n\n<p><a href=\"https:\/\/issuu.com\/kutury\/docs\/riimu_12020\">Riimu 1\/2020<\/a><\/p>\n\n\n\n<p><a href=\"https:\/\/issuu.com\/kutury\/docs\/riimu_12021\">Riimu 1\/2021<\/a><\/p>\n\n\n\n<p><a href=\"https:\/\/tyyala.utu.fi\/kutu\/wp-content\/uploads\/sites\/18\/2022\/12\/riimu-22.pdf\">Riimu 1\/2022<\/a><\/p>\n\n\n\n<p><\/p>\n","protected":false},"excerpt":{"rendered":"<p>Riimu on ainej\u00e4rjest\u00f6lehti, joka julkaistaan vuosittain. Ensimm\u00e4inen Riimu julkaistiin marraskuussa 2016 pikkujoulujen yhteydess\u00e4.&nbsp; Lue t\u00e4st\u00e4 uusin Vappu-Riimu! Lue t\u00e4st\u00e4 Riimu s\u00e4hk\u00f6isess\u00e4 muodossa (PDF): Riimu 1\/2016 Riimu 1\/2017 Riimu 2\/2017 Riimu 1\/2018 Riimu 1\/2020 Riimu 1\/2021 Riimu 1\/2022<\/p>\n","protected":false},"author":92,"featured_media":0,"parent":0,"menu_order":0,"comment_status":"closed","ping_status":"closed","template":"","meta":{"footnotes":""},"class_list":["post-34","page","type-page","status-publish","hentry"],"_links":{"self":[{"href":"https:\/\/tyyala.utu.fi\/kutu\/wp-json\/wp\/v2\/pages\/34","targetHints":{"allow":["GET"]}}],"collection":[{"href":"https:\/\/tyyala.utu.fi\/kutu\/wp-json\/wp\/v2\/pages"}],"about":[{"href":"https:\/\/tyyala.utu.fi\/kutu\/wp-json\/wp\/v2\/types\/page"}],"author":[{"embeddable":true,"href":"https:\/\/tyyala.utu.fi\/kutu\/wp-json\/wp\/v2\/users\/92"}],"replies":[{"embeddable":true,"href":"https:\/\/tyyala.utu.fi\/kutu\/wp-json\/wp\/v2\/comments?post=34"}],"version-history":[{"count":25,"href":"https:\/\/tyyala.utu.fi\/kutu\/wp-json\/wp\/v2\/pages\/34\/revisions"}],"predecessor-version":[{"id":2513,"href":"https:\/\/tyyala.utu.fi\/kutu\/wp-json\/wp\/v2\/pages\/34\/revisions\/2513"}],"wp:attachment":[{"href":"https:\/\/tyyala.utu.fi\/kutu\/wp-json\/wp\/v2\/media?parent=34"}],"curies":[{"name":"wp","href":"https:\/\/api.w.org\/{rel}","templated":true}]}}