{"id":2480,"date":"2025-01-20T11:32:37","date_gmt":"2025-01-20T11:32:37","guid":{"rendered":"https:\/\/tyyala.utu.fi\/kutu\/?page_id=2480"},"modified":"2026-01-20T11:25:11","modified_gmt":"2026-01-20T11:25:11","slug":"vuoden-2025-tapahtumapassi","status":"publish","type":"page","link":"https:\/\/tyyala.utu.fi\/kutu\/vuoden-2025-tapahtumapassi\/","title":{"rendered":"Tapahtumapassi!"},"content":{"rendered":"\n<p>Ker\u00e4\u00e4 leimoja Kutun tapahtumista! Yksi leima\/tapahtuma. Leiman tai leimat saa<br \/>kuvaa vastaan kutukahveilta. Ker\u00e4tty\u00e4si 15 leimaa saat palkinnoksi SUPERKUTU-haalarimerkin!<\/p>\n\n\n\n<p>T\u00e4ll\u00e4 sivulla voit ladata ja tulostaa itsellesi t\u00e4ytett\u00e4v\u00e4ksi tapahtumapassin! Onnea leimojen ker\u00e4ilyyn!! Passi on vuosikohtainen, joten leimoja saa t\u00e4n\u00e4 vuonna vuoden 2026 passiin. Vanhaan passiin ei en\u00e4\u00e4 anneta leimoja.<\/p>\n\n\n\n<div data-wp-interactive=\"core\/file\" class=\"wp-block-file\"><object data-wp-bind--hidden=\"!state.hasPdfPreview\" hidden class=\"wp-block-file__embed\" data=\"https:\/\/tyyala.utu.fi\/kutu\/wp-content\/uploads\/sites\/18\/2026\/01\/Tapahtumapassi.pdf\" type=\"application\/pdf\" style=\"width:100%;height:600px\" aria-label=\"Tiedoston Tapahtumapassi upotus.\"><\/object><a id=\"wp-block-file--media-db129eac-f05b-44a2-9f0b-9cabd2d12cb7\" href=\"https:\/\/tyyala.utu.fi\/kutu\/wp-content\/uploads\/sites\/18\/2026\/01\/Tapahtumapassi.pdf\">Tapahtumapassi<\/a><a href=\"https:\/\/tyyala.utu.fi\/kutu\/wp-content\/uploads\/sites\/18\/2026\/01\/Tapahtumapassi.pdf\" class=\"wp-block-file__button wp-element-button\" download aria-describedby=\"wp-block-file--media-db129eac-f05b-44a2-9f0b-9cabd2d12cb7\">Lataa<\/a><\/div>\n","protected":false},"excerpt":{"rendered":"<p>Ker\u00e4\u00e4 leimoja Kutun tapahtumista! Yksi leima\/tapahtuma. Leiman tai leimat saakuvaa vastaan kutukahveilta. Ker\u00e4tty\u00e4si 15 leimaa saat palkinnoksi SUPERKUTU-haalarimerkin! T\u00e4ll\u00e4 sivulla voit ladata ja tulostaa itsellesi t\u00e4ytett\u00e4v\u00e4ksi tapahtumapassin! Onnea leimojen ker\u00e4ilyyn!! Passi on vuosikohtainen, joten leimoja saa t\u00e4n\u00e4 vuonna vuoden 2026 passiin. Vanhaan passiin ei en\u00e4\u00e4 anneta leimoja.<\/p>\n","protected":false},"author":3386,"featured_media":0,"parent":0,"menu_order":0,"comment_status":"closed","ping_status":"closed","template":"","meta":{"footnotes":""},"class_list":["post-2480","page","type-page","status-publish","hentry"],"_links":{"self":[{"href":"https:\/\/tyyala.utu.fi\/kutu\/wp-json\/wp\/v2\/pages\/2480","targetHints":{"allow":["GET"]}}],"collection":[{"href":"https:\/\/tyyala.utu.fi\/kutu\/wp-json\/wp\/v2\/pages"}],"about":[{"href":"https:\/\/tyyala.utu.fi\/kutu\/wp-json\/wp\/v2\/types\/page"}],"author":[{"embeddable":true,"href":"https:\/\/tyyala.utu.fi\/kutu\/wp-json\/wp\/v2\/users\/3386"}],"replies":[{"embeddable":true,"href":"https:\/\/tyyala.utu.fi\/kutu\/wp-json\/wp\/v2\/comments?post=2480"}],"version-history":[{"count":4,"href":"https:\/\/tyyala.utu.fi\/kutu\/wp-json\/wp\/v2\/pages\/2480\/revisions"}],"predecessor-version":[{"id":2570,"href":"https:\/\/tyyala.utu.fi\/kutu\/wp-json\/wp\/v2\/pages\/2480\/revisions\/2570"}],"wp:attachment":[{"href":"https:\/\/tyyala.utu.fi\/kutu\/wp-json\/wp\/v2\/media?parent=2480"}],"curies":[{"name":"wp","href":"https:\/\/api.w.org\/{rel}","templated":true}]}}