{"id":2342,"date":"2024-04-04T09:54:21","date_gmt":"2024-04-04T09:54:21","guid":{"rendered":"https:\/\/tyyala.utu.fi\/kutu\/?page_id=2342"},"modified":"2024-04-04T09:54:57","modified_gmt":"2024-04-04T09:54:57","slug":"toimintaohjeet-hairintatilanteisiin","status":"publish","type":"page","link":"https:\/\/tyyala.utu.fi\/kutu\/toimintaohjeet-hairintatilanteisiin\/","title":{"rendered":"Toimintaohjeet h\u00e4irint\u00e4tilanteisiin"},"content":{"rendered":"\n<p>Emme ainej\u00e4rjest\u00f6n\u00e4 hyv\u00e4ksy mink\u00e4\u00e4nlaista syrjint\u00e4\u00e4, joka kohdistuu mm. ik\u00e4\u00e4n, sukupuoleen, seksuaalisuuteen, etnisyyteen, kieleen, uskontoon, vakaumukseen tai mielipiteeseen, poliittiseen- tai ammatilliseen toimintaan, vammaisuuteen taikka terveydentilaan. Kutu ry pyrkii siihen, ett\u00e4 opiskelijat voivat toteuttaa itse\u00e4\u00e4n vailla pelkoa syrjinn\u00e4st\u00e4. Nime\u00e4mme virallisiin tapahtumiimme aina h\u00e4irint\u00e4yhdyshenkil\u00f6n, johon voi olla yhteydess\u00e4 h\u00e4irint\u00e4\u00e4n tai ep\u00e4asialliseen kohteluun liittyen. Turvalliseen tilaan kuuluu my\u00f6s saavutettavuuden, kuten esteett\u00f6myyden ja edullisten p\u00e4\u00e4symaksujen huomiointi.<\/p>\n\n\n\n<p>Kutu ry noudattaa kaikissa tilaisuuksissaan turvallisemman tilan periaatteita ja Suomen lains\u00e4\u00e4d\u00e4nt\u00f6\u00e4. Turvallisemman tilan periaatteet ovat esitettyin\u00e4 Kutu ry:n nettisivuilla kohdassa <em>J\u00e4senet <\/em>ja <em>Turvallisemman tilan periaatteet<\/em>, ja ne on kirjoitettu ruskeattytot.fi sivuja mukaillen. Tapahtumien ilmoittautumisessa mainitaan turvallisemman tilan periaatteet, ja niist\u00e4 muistutetaan my\u00f6s isompien tapahtumien alussa, jotta kaikki tuntevat ne.<\/p>\n\n\n\n<p>Kutu ry:ss\u00e4 otetaan vakavasti kaikki h\u00e4irint\u00e4, syrjint\u00e4 ja muut ep\u00e4mukavat tilanteet, jotka tulevat vastuuhenkil\u00f6iden tietoon. Kutu ry:n hallituksella on toimintasuunnitelma, jota se noudattaa h\u00e4irint\u00e4tilanteiden k\u00e4sittelyss\u00e4, jotta vastuuhenkil\u00f6t osaavat k\u00e4sitell\u00e4 niit\u00e4 vakavuudella ja johdonmukaisesti. Ohjeistusta tarvittaessa sovelletaan ja p\u00e4ivitet\u00e4\u00e4n kattavammaksi.<\/p>\n\n\n\n<p>Kannustamme j\u00e4senist\u00f6\u00e4 tuomaan avoimesti ilmi pienemm\u00e4tkin ep\u00e4mukavat tilanteet. Tilanne kannattaa my\u00f6s vain jakaa h\u00e4irint\u00e4yhdyshenkil\u00f6n tai sopo-vastaavan kanssa, jos ei tahdo sit\u00e4 k\u00e4sitelt\u00e4v\u00e4n muuten. Tilanteet k\u00e4sitell\u00e4\u00e4n luottamuksellisesti ja harkinnalla. Asianomaisen halutessa avuksi voidaan pyyt\u00e4\u00e4 my\u00f6s ulkopuolinen sovittelija tai muu asiantunteva, puolueeton taho. H\u00e4irinn\u00e4st\u00e4 syytetyll\u00e4 on aina oikeus tulla asiasta kuulluksi.&nbsp;<\/p>\n\n\n\n<p>Kutu ry:n nettisivuilta l\u00f6ytyy anonyymi palautelomake, jolla voi tuoda ilmi ongelmatilanteita. Lomakkeelta viesti tulee Kutu ry:n hallituksen s\u00e4hk\u00f6postiin. Kannustamme antamaan palautetta toiminnastamme, jotta sit\u00e4 voidaan kehitt\u00e4\u00e4.&nbsp;<\/p>\n\n\n\n<div class=\"wp-block-buttons is-horizontal is-layout-flex wp-block-buttons-is-layout-flex\">\n<div class=\"wp-block-button is-style-no-shadow\"><a class=\"wp-block-button__link has-background wp-element-button\" href=\"https:\/\/tyyala.utu.fi\/kutu\/jasen\/turvallisemman-tilan-periaatteet\/\" style=\"background-color:#b0c75b\" target=\"_blank\" rel=\"noreferrer noopener\">Turvallisemman tilan periaatteet<\/a><\/div>\n<\/div>\n\n\n\n<div class=\"wp-block-buttons is-layout-flex wp-block-buttons-is-layout-flex\">\n<div class=\"wp-block-button is-style-no-shadow\"><a class=\"wp-block-button__link has-background wp-element-button\" href=\"https:\/\/tyyala.utu.fi\/kutu\/muu-toiminta\/jata-palautetta\/\" style=\"background-color:#b0c75b\" target=\"_blank\" rel=\"noreferrer noopener\">Palautelomake<\/a><\/div>\n<\/div>\n\n\n\n<h2 class=\"wp-block-heading\">Ohjeita j\u00e4senist\u00f6lle, jos turvallisempi tila vaarantuu&#8230;<\/h2>\n\n\n\n<ul class=\"wp-block-list\">\n<li>Jos kohtaat ahdistavaa k\u00e4yt\u00f6st\u00e4, pyri ihmisten seuraan ja kerro tilanteesta jollekin, ettet joutuisi k\u00e4sittelem\u00e4\u00e4n tilannetta yksin. Kehotamme l\u00e4hestym\u00e4\u00e4n Kutu ry:n vastuuhenkil\u00f6it\u00e4, mieluiten h\u00e4irint\u00e4yhdyshenkil\u00f6\u00e4.<\/li>\n\n\n\n<li>Uhkaavassa tilanteessa soita 112.<\/li>\n\n\n\n<li>Jos huomaat h\u00e4irint\u00e4\u00e4, joka ei kohdistu itseesi, ensin kannattaa kysy\u00e4 h\u00e4irinn\u00e4n kohteelta, haluaako h\u00e4n kertoa tilanteesta h\u00e4irint\u00e4yhdyshenkil\u00f6lle.<\/li>\n\n\n\n<li>Voit my\u00f6s itse raportoida tilanteen, mutta \u00e4l\u00e4 kerro tunnistettavia tietoja h\u00e4irinn\u00e4n kohteesta, ellet ole saanut h\u00e4nelt\u00e4 lupaa.&nbsp;<\/li>\n\n\n\n<li>H\u00e4irint\u00e4yhdyshenkil\u00f6lle raportoidessa \u00e4l\u00e4 ved\u00e4 asiaan ylim\u00e4\u00e4r\u00e4ist\u00e4 huomiota. Voit esim. pyyt\u00e4\u00e4 h\u00e4net sivuun muista.<\/li>\n<\/ul>\n\n\n\n<h2 class=\"wp-block-heading\">H\u00e4irint\u00e4yhdyshenkil\u00f6t<\/h2>\n\n\n\n<p>\u201ch\u00e4ryt\u201d ovat keskusteleva ja ohjaava apu h\u00e4irint\u00e4\u00e4, ahdistelua, kiusaamista, syrjint\u00e4\u00e4 tai muuta ep\u00e4asiallista kohtelua kohdanneille opiskelijoille. Vastuuhenkil\u00f6t toimivat luottamuksellisesti opiskelijan ehdoilla, eik\u00e4 mit\u00e4\u00e4n jatkotoimenpiteit\u00e4 tai yhteydenottoja tehd\u00e4 ilman h\u00e4irinn\u00e4n kokeneen suostumusta. Tarvittaessa h\u00e4irint\u00e4yhdyshenkil\u00f6 ohjaa lis\u00e4avun piiriin. H\u00e4irint\u00e4yhdyshenkil\u00f6t ovat tapahtumissa toimintakykyisin\u00e4 valmiina vastaanottamaan tietoon tulleiden turvallisemman tilan periaatteiden rikkomuksen tai j\u00e4senist\u00f6n kohtaaman muun ahdistavan tilanteen. Kutu ry:n h\u00e4irint\u00e4yhdyshenkil\u00f6t l\u00f6ytyv\u00e4t Kutu ry:n nettisivuilta kohdasta <em>Hallitus<\/em>. Tapahtumille valitaan my\u00f6s omia h\u00e4irint\u00e4yhdyshenkil\u00f6it\u00e4, joiden nimet kerrotaan paikan p\u00e4\u00e4ll\u00e4.<\/p>\n\n\n\n<div class=\"wp-block-buttons is-layout-flex wp-block-buttons-is-layout-flex\">\n<div class=\"wp-block-button is-style-no-shadow\"><a class=\"wp-block-button__link has-background wp-element-button\" href=\"https:\/\/tyyala.utu.fi\/kutu\/hallitus\/\" style=\"background-color:#b0c75b\" target=\"_blank\" rel=\"noreferrer noopener\">Hallitus<\/a><\/div>\n<\/div>\n","protected":false},"excerpt":{"rendered":"<p>Emme ainej\u00e4rjest\u00f6n\u00e4 hyv\u00e4ksy mink\u00e4\u00e4nlaista syrjint\u00e4\u00e4, joka kohdistuu mm. ik\u00e4\u00e4n, sukupuoleen, seksuaalisuuteen, etnisyyteen, kieleen, uskontoon, vakaumukseen tai mielipiteeseen, poliittiseen- tai ammatilliseen toimintaan, vammaisuuteen taikka terveydentilaan. Kutu ry pyrkii siihen, ett\u00e4 opiskelijat voivat toteuttaa itse\u00e4\u00e4n vailla pelkoa syrjinn\u00e4st\u00e4. Nime\u00e4mme virallisiin tapahtumiimme aina h\u00e4irint\u00e4yhdyshenkil\u00f6n, johon voi olla yhteydess\u00e4 h\u00e4irint\u00e4\u00e4n tai ep\u00e4asialliseen kohteluun liittyen. Turvalliseen tilaan kuuluu my\u00f6s saavutettavuuden, &hellip; <a href=\"https:\/\/tyyala.utu.fi\/kutu\/toimintaohjeet-hairintatilanteisiin\/\" class=\"more-link\">Jatka artikkeliin <span class=\"screen-reader-text\">Toimintaohjeet h\u00e4irint\u00e4tilanteisiin<\/span><\/a><\/p>\n","protected":false},"author":3386,"featured_media":0,"parent":0,"menu_order":0,"comment_status":"closed","ping_status":"closed","template":"","meta":{"footnotes":""},"class_list":["post-2342","page","type-page","status-publish","hentry"],"_links":{"self":[{"href":"https:\/\/tyyala.utu.fi\/kutu\/wp-json\/wp\/v2\/pages\/2342","targetHints":{"allow":["GET"]}}],"collection":[{"href":"https:\/\/tyyala.utu.fi\/kutu\/wp-json\/wp\/v2\/pages"}],"about":[{"href":"https:\/\/tyyala.utu.fi\/kutu\/wp-json\/wp\/v2\/types\/page"}],"author":[{"embeddable":true,"href":"https:\/\/tyyala.utu.fi\/kutu\/wp-json\/wp\/v2\/users\/3386"}],"replies":[{"embeddable":true,"href":"https:\/\/tyyala.utu.fi\/kutu\/wp-json\/wp\/v2\/comments?post=2342"}],"version-history":[{"count":2,"href":"https:\/\/tyyala.utu.fi\/kutu\/wp-json\/wp\/v2\/pages\/2342\/revisions"}],"predecessor-version":[{"id":2344,"href":"https:\/\/tyyala.utu.fi\/kutu\/wp-json\/wp\/v2\/pages\/2342\/revisions\/2344"}],"wp:attachment":[{"href":"https:\/\/tyyala.utu.fi\/kutu\/wp-json\/wp\/v2\/media?parent=2342"}],"curies":[{"name":"wp","href":"https:\/\/api.w.org\/{rel}","templated":true}]}}