{"id":170,"date":"2016-03-22T16:04:38","date_gmt":"2016-03-22T16:04:38","guid":{"rendered":"http:\/\/tyyala.utu.fi\/seita\/?page_id=170"},"modified":"2022-09-07T20:19:43","modified_gmt":"2022-09-07T20:19:43","slug":"saannot","status":"publish","type":"page","link":"https:\/\/tyyala.utu.fi\/kutu\/jasen\/saannot\/","title":{"rendered":"S\u00e4\u00e4nn\u00f6t"},"content":{"rendered":"\n<p>Etnologian, folkloristiikan ja uskontotieteen ainej\u00e4rjest\u00f6n s\u00e4\u00e4nn\u00f6t<br \/><\/p>\n\n\n\n<p><strong>I LUKU<\/strong><\/p>\n\n\n\n<p>Yleisi\u00e4 s\u00e4\u00e4nn\u00f6ksi\u00e4<br \/>\u00a7 1<br \/>Yhdistyksen nimi on Turun yliopiston etnologian, folkloristiikan ja uskontotieteen opiskelijain yhdistys Kutu ry ja kotipaikka Turun kaupunki.<br \/>\u00a7 2<br \/>Yhdistyksen tarkoituksena on:<br \/>1. huolehtia j\u00e4senist\u00f6ns\u00e4 edunvalvonnasta ja harjoittaa aktiivista koulutuspolitiikkaa<br \/>2. tukea j\u00e4senist\u00f6ns\u00e4 opintoja ja luoda sosiaalisia kontakteja opiskelijoiden v\u00e4lille<br \/>3. olla yhdyssiteen\u00e4 Turun yliopiston nykyisille ja entisille folkloristiikan, kansatieteen ja uskontotieteen opiskelijoille<br \/>4. edist\u00e4\u00e4 ja tukea folkloristiikan, kansatieteen ja uskontotieteen alan opetusta ja tutkimusta<\/p>\n\n\n\n<p>Yhdistys on Turun yliopiston ylioppilaskunnan piiriin kuuluva j\u00e4rjest\u00f6. Tarkoituksensa toteuttamiseksi yhdistys j\u00e4rjest\u00e4\u00e4 kokouksia, juhla- ja huvitilaisuuksia, edist\u00e4\u00e4 j\u00e4sentens\u00e4 osallistumista opiskelija- ja ammatilliseen toimintaan sek\u00e4 suorittaa yhdistykselle s\u00e4\u00e4nt\u00f6jen mukaan kuuluvat teht\u00e4v\u00e4t.<\/p>\n\n\n\n<p><strong>II LUKU<\/strong><\/p>\n\n\n\n<p>J\u00e4senyys<br \/>\u00a7 3<br \/>Yhdistykseen voi varsinaiseksi j\u00e4seneksi liitty\u00e4 jokainen Turun yliopistossa etnologiaa, folkloristiikkaa tai uskontotiedett\u00e4 opiskeleva henkil\u00f6, joka hyv\u00e4ksyy yhdistyksen s\u00e4\u00e4nn\u00f6t. Varsinaisen j\u00e4senen hyv\u00e4ksymisest\u00e4 p\u00e4\u00e4tt\u00e4\u00e4 yhdistyksen hallitus. Vain yhdistyksen varsinainen j\u00e4sen voidaan valita hallitukseen tai muihin luottamusteht\u00e4viin. Kaikilla varsinaisilla j\u00e4senill\u00e4 on oikeus osallistua yhdistyksen j\u00e4rjest\u00e4miin kokouksiin ja tilaisuuksiin, ottaa osaa p\u00e4\u00e4t\u00f6ksentekoon sek\u00e4 p\u00e4\u00e4st\u00e4 osalliseksi yhdistyksen tarjoamista palveluista ja eduista. Yhdistykseen voi kannatusj\u00e4seneksi liitty\u00e4 kuka tahansa henkil\u00f6, joka haluaa tukea yhdistyksen tarkoitusta ja joka hyv\u00e4ksyy yhdistyksen s\u00e4\u00e4nn\u00f6t. Kannatusj\u00e4senen hyv\u00e4ksymisest\u00e4 p\u00e4\u00e4tt\u00e4\u00e4 my\u00f6skin yhdistyksen hallitus. Kannatusj\u00e4senill\u00e4 on oikeus osallistua yhdistyksen j\u00e4rjest\u00e4miin kokouksiin ja tilaisuuksiin ja p\u00e4\u00e4st\u00e4 osalliseksi yhdistyksentarjoamista palveluista ja eduista, mutta yhdistyksen kokouksissa heill\u00e4 on ainoastaan puhe- ja l\u00e4sn\u00e4olo-oikeus mutta ei \u00e4\u00e4nioikeutta eik\u00e4 heit\u00e4 voida valita yhdistyksen hallitukseen tai muihin luottamusteht\u00e4viin. Varsinaiset j\u00e4senet voivat maksaa vuosij\u00e4senmaksun, tai opiskeluajan kest\u00e4v\u00e4n kertaj\u00e4senmaksun. Vuosij\u00e4senmaksu maksetaan lukuvuodeksi (1.8.-31.7.) kerrallaan. Kannatusj\u00e4senet maksavat kertaluontoisen kannatusj\u00e4senmaksun. J\u00e4senyys p\u00e4\u00e4ttyy, kun j\u00e4sen eroaa tai erotetaan tai katsotaan eronneeksi 5 \u00a7:n perusteella. Varsinaisten j\u00e4senten ja kannatusj\u00e4senten j\u00e4senmaksuista p\u00e4\u00e4tt\u00e4\u00e4 yhdistyksen kev\u00e4tkokous, erikseen kullekin j\u00e4senryhm\u00e4lle.<br \/>\u00a7 4<br \/>J\u00e4sen voi erota yhdistyksest\u00e4 ilmoittamalla siit\u00e4 kirjallisesti hallitukselle tai sen puheenjohtajalle tai ilmoittamalla erosta yhdistyksen kokouksen p\u00f6yt\u00e4kirjaan. Yhdistyksen j\u00e4sen on velvoitettu ilmoittamaan yhdistyksen hallitukselle h\u00e4nest\u00e4 j\u00e4senrekisteriss\u00e4 pidett\u00e4vien tietojen muutoksista.<br \/>\u00a7 5<br \/>Yhdistyksen hallitus erottaa varsinaisen j\u00e4senen, jos t\u00e4m\u00e4 ei en\u00e4\u00e4 t\u00e4yt\u00e4 yhdistyksen s\u00e4\u00e4nn\u00f6iss\u00e4 mainittuja varsinaisen j\u00e4senyyden ehtoja, eli opiskele etnologiaa, folkloristiikkaa tai uskontotiedett\u00e4 Turun yliopistossa. Hallituksen erottaman j\u00e4senen j\u00e4senyys on voimassa kuluvan lukuvuoden viimeiseen p\u00e4iv\u00e4\u00e4n (31.7.) saakka. Yhdistyksen kokous voi erottaa j\u00e4senen, joka<br \/>on j\u00e4tt\u00e4nyt kahtena (2) per\u00e4tt\u00e4isen\u00e4 lukuvuonna (1.8.-31.7.) er\u00e4\u00e4ntyneen j\u00e4senmaksunsa maksamatta; tai<br \/>on menettelyll\u00e4\u00e4n yhdistyksess\u00e4 tai sen ulkopuolella huomattavasti vahingoittanut yhdistyst\u00e4<\/p>\n\n\n\n<p><strong>III LUKU<\/strong><\/p>\n\n\n\n<p>Kokoukset<br \/>\u00a7 6<br \/>Yhdistyksen p\u00e4\u00e4tt\u00e4v\u00e4n\u00e4 elimen\u00e4 on yhdistyksen kokous. Yhdistyksell\u00e4 on kaksi (2) s\u00e4\u00e4nt\u00f6m\u00e4\u00e4r\u00e4ist\u00e4 yhdistyksen kokousta: kev\u00e4tkokous pidet\u00e4\u00e4n helmi-maaliskuussa ja syyskokous loka-marraskuussa. Yhdistyksen ylim\u00e4\u00e4r\u00e4inen kokous on pidett\u00e4v\u00e4, kun yhdistyksen kokous niin p\u00e4\u00e4tt\u00e4\u00e4 tai hallitus katsoo siihen olevan aihetta taikka v\u00e4hint\u00e4\u00e4n yksi kymmenesosa yhdistyksen \u00e4\u00e4nioikeutetuista j\u00e4senist\u00e4 sit\u00e4 ilmoittamansa asian k\u00e4sittely\u00e4 varten vaatii. Kokous on pidett\u00e4v\u00e4 kahden (2) viikon kuluessa siit\u00e4, kun pyynt\u00f6 on saapunut. Kutsut yhdistyksen kokouksiin laatii hallitus. Kutsut julkaistaan yhdistyksen s\u00e4hk\u00f6postilistalla. Syys- ja kev\u00e4tkokous on kutsuttava v\u00e4hint\u00e4\u00e4n yht\u00e4 (1) viikkoa ennen kokousta ja muut kokoukset v\u00e4hint\u00e4\u00e4n kolme (3) p\u00e4iv\u00e4\u00e4 ennen kokousta. Kokouskutsussa on mainittava t\u00e4rkeimm\u00e4t kokouksessa esiin tulevat asiat.<br \/>\u00a7 7<br \/>Yhdistyksen kokouksessa on jokaisella kokoukseen osallistuvalla yhdistyksen varsinaisella j\u00e4senell\u00e4 yksi (1) \u00e4\u00e4ni. Vaalit toimitetaan suljettuna lippu\u00e4\u00e4nestyksen\u00e4, jos yksikin l\u00e4sn\u00e4 oleva j\u00e4sen sit\u00e4 vaatii. \u00c4\u00e4nten jakautuessa tasan tulee p\u00e4\u00e4t\u00f6kseksi se mielipide, johon puheenjohtaja on ryhtynyt, paitsi vaaleissa ja suljetussa lippu\u00e4\u00e4nestyksess\u00e4, joissa ratkaisee arpa. Yhdistyksen kokouksessa voi \u00e4\u00e4nest\u00e4\u00e4 my\u00f6s valtakirjalla. Valtakirjasta tulee k\u00e4yd\u00e4 ilmi kokouksen ajankohta ja paikka sek\u00e4 valtuuttaja ja valtuutettu. Valtuutetun t\u00e4ytyy olla yhdistyksen varsinainen j\u00e4sen ja h\u00e4n saa k\u00e4ytt\u00e4\u00e4 yhdess\u00e4 kokouksessa korkeintaan kahden (2) muun varsinaisen j\u00e4senen \u00e4\u00e4nioikeutta.<br \/>\u00a7 8<br \/>Yhdistyksen kokouksessa laadittu p\u00f6yt\u00e4kirja on luettava ja vahvistettava seuraavassa kokouksessa, jollei p\u00f6yt\u00e4kirjan tarkistamista ole kokouksen p\u00e4\u00e4t\u00f6ksen mukaisesti j\u00e4tett\u00e4v\u00e4 kahden kokouksen kultakin kertaa varten erikseen valitseman p\u00f6yt\u00e4kirjantarkistajan teht\u00e4v\u00e4ksi. Milloin asian kiireellisyys vaatii, kokouksen p\u00f6yt\u00e4kirja voidaan joko kokonaan tai tarpeelliselta osin tarkistaa ja hyv\u00e4ksy\u00e4 heti samassa kokouksessa. P\u00f6yt\u00e4kirjan allekirjoittaa asianomaisen kokouksen puheenjohtaja yhdess\u00e4 sihteerin\u00e4 toimineen henkil\u00f6n kanssa.<br \/>\u00a7 9<br \/>Yhdistyksen kev\u00e4tkokouksen teht\u00e4v\u00e4n\u00e4 on:<br \/>valita kokouksen toimihenkil\u00f6t,<br \/>k\u00e4sitell\u00e4 ja vahvistaa hallituksen laatima toimintakertomus sek\u00e4 toiminnantarkastajien antaman lausunnon perusteella tilinp\u00e4\u00e4t\u00f6s p\u00e4\u00e4ttyneelt\u00e4 vuodelta,<br \/>p\u00e4\u00e4tt\u00e4\u00e4 tili- ja vastuuvapauden my\u00f6nt\u00e4misest\u00e4 hallitukselle ja muille vastuuvelvollisille,<br \/>p\u00e4\u00e4tt\u00e4\u00e4 seuraavan lukuvuoden (1.8.-31.7.) aikana kannettavista j\u00e4senmaksuista,<br \/>k\u00e4sitell\u00e4 hallituksen kev\u00e4tkokoukselle valmistelemat, kokouskutsussa nimenomaan mainitut asiat sek\u00e4<br \/>p\u00e4\u00e4tt\u00e4\u00e4 muista n\u00e4iden s\u00e4\u00e4nt\u00f6jen mukaan kev\u00e4tkokouksen p\u00e4\u00e4tett\u00e4viin kuuluvista asioista.<br \/>Yhdistyksen syyskokouksen teht\u00e4v\u00e4n\u00e4 on:<br \/>valita kokouksen toimihenkil\u00f6t,<br \/>hyv\u00e4ksy\u00e4 talousarvio ja toimintasuunnitelma seuraavaa kalenterivuotta varten,<br \/>valita hallituksen puheenjohtaja, taloudenhoitaja, sek\u00e4 muut hallituksen j\u00e4senet seuraavaa kalenterivuotta varten,<br \/>valita yksi tai kaksi varsinaista toiminnantarkastajaa sek\u00e4 heille varatoiminnantarkastajat seuraavaa kalenterivuotta varten sek\u00e4<br \/>p\u00e4\u00e4tt\u00e4\u00e4 muista kokouskutsuissa mainituista asioista.<\/p>\n\n\n\n<p><strong>IV LUKU<\/strong><\/p>\n\n\n\n<p>Hallitus<br \/>\u00a7 10<br \/>Yhdistyksen t\u00e4yt\u00e4nt\u00f6\u00f6npanevan elimen\u00e4 ja lainmukaisena hallituksena on hallitus, johon kuuluu yhdistyksen syyskokouksen erikseen valitsemana puheenjohtaja, taloudenhoitaja sek\u00e4 n\u00e4iden lis\u00e4ksi v\u00e4hint\u00e4\u00e4n nelj\u00e4 (4) ja enint\u00e4\u00e4n kymmenen (10) muuta j\u00e4sent\u00e4, sek\u00e4 tarvittaessa alle nelj\u00e4 (0-4) varaj\u00e4sent\u00e4. Hallituksen j\u00e4senet valitaan siten, ett\u00e4 sek\u00e4 etnologian, folkloristiikan ett\u00e4 uskontotieteen opiskelijat ovat edustettuina hallituksessa. Hallitus valitsee keskuudestaan sihteerin ja varapuheenjohtajan. Hallituksen toimikausi on kalenterivuosi. Hallitus kokoontuu puheenjohtajan tai h\u00e4nen estyneen\u00e4 ollessaan varapuheenjohtajan kutsusta tarvittaessa. Hallitus on p\u00e4\u00e4t\u00f6svaltainen, kun puheenjohtajan tai varapuheenjohtajan lis\u00e4ksi v\u00e4hint\u00e4\u00e4n puolet j\u00e4senist\u00e4 on l\u00e4sn\u00e4. Kaikilla yhdistyksen j\u00e4senill\u00e4 on puhe- ja l\u00e4sn\u00e4olo-oikeus hallituksen kokouksissa. Hallitus voi my\u00f6nt\u00e4\u00e4 puhe- ja l\u00e4sn\u00e4olo-oikeuden my\u00f6s yhdistyksen ulkopuolisille. Yhdistyksen kokous voi vapauttaa hallituksen j\u00e4senen kesken toimikauden perustelluista syist\u00e4 sek\u00e4 valita uuden j\u00e4senen toimikauden loppuun.<br \/>\u00a7 11<br \/>Hallituksen teht\u00e4v\u00e4n\u00e4 on:<br \/>hoitaa yhdistyksen asioita yhdistyksen s\u00e4\u00e4nt\u00f6jen ja yhdistyslain mukaan, panna t\u00e4yt\u00e4nt\u00f6\u00f6n yhdistyksen kokousten p\u00e4\u00e4t\u00f6kset sek\u00e4 valmistella yhdistyksen kokouksissa esille tulevat, valmistelutoimenpiteit\u00e4 vaativat asiat,<br \/>m\u00e4\u00e4r\u00e4t\u00e4 j\u00e4sentens\u00e4 erityisteht\u00e4v\u00e4t ja keskin\u00e4inen ty\u00f6njako ottaen huomioon, ett\u00e4 hallituksen puheenjohtajan asiana on toimia hallituksen ja, kev\u00e4t- ja syyskokousta lukuun ottamatta, my\u00f6s yhdistyksen kokousten puheenjohtajana, esitell\u00e4 niiss\u00e4 asiat, allekirjoittaa yhdess\u00e4 p\u00f6yt\u00e4kirjanpit\u00e4j\u00e4n kanssa edell\u00e4 mainittujen kokousten p\u00f6yt\u00e4kirjat sek\u00e4 valvoa, ett\u00e4 hallituksen tekem\u00e4t p\u00e4\u00e4t\u00f6kset pannaan t\u00e4yt\u00e4nt\u00f6\u00f6n,<br \/>asettaa hallituksen toiminnassa v\u00e4ltt\u00e4m\u00e4tt\u00f6miksi osoittautuvat apuelimet ja tarvittaessa vahvistaa niille ohjes\u00e4\u00e4nn\u00f6t,<br \/>huolehtia siit\u00e4, ett\u00e4 yhdistyksen j\u00e4senist\u00e4 pidet\u00e4\u00e4n yhdistyslain 11 \u00a7:n mukaista luetteloa, joista j\u00e4senen henkil\u00f6tietojen avulla k\u00e4y selville kunkin j\u00e4senen suorittamat j\u00e4senmaksut sek\u00e4 muut sellaiset seikat, jotka tavalla tai toisella vaikuttavat asianomaisen henkil\u00f6n oikeuksiin yhdistyksess\u00e4.<\/p>\n\n\n\n<p><strong>V LUKU<\/strong><\/p>\n\n\n\n<p>Erin\u00e4isi\u00e4 s\u00e4\u00e4d\u00f6ksi\u00e4<br \/>\u00a7 12<br \/>Yhdistyksen nimen kirjoittavat hallituksen puheenjohtaja ja sihteeri sek\u00e4 hallituksen m\u00e4\u00e4r\u00e4\u00e4m\u00e4 hallituksen j\u00e4sen, aina kaksi yhdess\u00e4.<br \/>\u00a7 13<br \/>Yhdistyksen tilikausi on kalenterivuosi. P\u00e4\u00e4ttyneen vuoden tilit ja yhdistyksen toimintaa koskevat muut asiakirjat on j\u00e4tett\u00e4v\u00e4 syyskokouksen valitsemille toiminnantarkastajille tammikuun kuluessa. Toiminnantarkastajien on suoritettava tilien tarkastus ja annettava niist\u00e4 hallitukselle yhdistyksen kev\u00e4tkokousta varten laadittu kirjallinen lausunto viimeist\u00e4\u00e4n kahden viikon kuluessa siit\u00e4, kun tilit on j\u00e4tetty tarkistettavaksi. Toiminnantarkastajilla on oikeus suorittaa vuositarkastuksen ohella, joka k\u00e4sitt\u00e4\u00e4 my\u00f6s yhdistyksen hallinnon tarkastuksen, kirjanpidon ja kassan valvontatarkastus, milloin he katsovat sen aiheelliseksi.<br \/>\u00a7 14<br \/>Toimintansa tukemiseksi yhdistys voi ottaa vastaan avustuksia, lahjoituksia ja testamentteja sek\u00e4 hankkia ja omistaa kiinteist\u00f6j\u00e4 ja harjoittaa monistus- ja julkaisutoimintaa. Yhdistyksell\u00e4 on oikeus jakaa palkintoja tai apurahoja yhdistyksen j\u00e4senille ja muille yhdistyst\u00e4 tukeneille henkil\u00f6ille tai tahoille, mik\u00e4li t\u00e4h\u00e4n tarkoitukseen on saatu varoja k\u00e4ytett\u00e4v\u00e4ksi.<\/p>\n\n\n\n<p><strong>VI LUKU<\/strong><\/p>\n\n\n\n<p>S\u00e4\u00e4nt\u00f6jen muuttaminen ja yhdistyksen purkaminen<br \/>\u00a7 15<br \/>P\u00e4\u00e4t\u00f6st\u00e4 n\u00e4iden s\u00e4\u00e4nt\u00f6jen muuttamisesta tai niihin teht\u00e4v\u00e4st\u00e4 lis\u00e4yksest\u00e4 taikka yhdistyksen purkamisesta pit\u00e4\u00e4, jotta p\u00e4\u00e4t\u00f6s tulisi voimaan, kannattaa yhdistyksen kokouksessa v\u00e4hint\u00e4\u00e4n kolmen nelj\u00e4sosan (3\/4) annetuista \u00e4\u00e4nist\u00e4 tai kahdessa per\u00e4kk\u00e4isess\u00e4 v\u00e4hint\u00e4\u00e4n kahden viikon v\u00e4liajoin pidetyss\u00e4 kokouksessa v\u00e4hint\u00e4\u00e4n kahden kolmasosan (2\/3) annetuista \u00e4\u00e4nist\u00e4.<br \/>\u00a7 16<br \/>Yhdistyksen purkautuessa sen varojen ja omaisuuden k\u00e4yt\u00f6st\u00e4 p\u00e4\u00e4tt\u00e4\u00e4 viimeinen yhdistyksen kokous. Varat on k\u00e4ytett\u00e4v\u00e4 etnologian, folkloristiikan ja uskontotieteen opiskelijoiden hyv\u00e4ksi.<br \/>\u00a7 17<br \/>Niiss\u00e4 kohden, joista n\u00e4iss\u00e4 s\u00e4\u00e4nn\u00f6iss\u00e4 ei ole m\u00e4\u00e4r\u00e4yst\u00e4, noudatetaan yhdistyslakia.<br \/>N\u00e4m\u00e4 s\u00e4\u00e4nn\u00f6t on hyv\u00e4ksytty yhdistyksen ylim\u00e4\u00e4r\u00e4isess\u00e4 kokouksessa 28.9.2021. Ne ovat tulleet virallisesti voimaan, kun Patentti- ja rekisterihallitus on hyv\u00e4ksynyt viimeisimm\u00e4n s\u00e4\u00e4nt\u00f6muutoksen.<\/p>\n","protected":false},"excerpt":{"rendered":"<p>Etnologian, folkloristiikan ja uskontotieteen ainej\u00e4rjest\u00f6n s\u00e4\u00e4nn\u00f6t I LUKU Yleisi\u00e4 s\u00e4\u00e4nn\u00f6ksi\u00e4\u00a7 1Yhdistyksen nimi on Turun yliopiston etnologian, folkloristiikan ja uskontotieteen opiskelijain yhdistys Kutu ry ja kotipaikka Turun kaupunki.\u00a7 2Yhdistyksen tarkoituksena on:1. huolehtia j\u00e4senist\u00f6ns\u00e4 edunvalvonnasta ja harjoittaa aktiivista koulutuspolitiikkaa2. tukea j\u00e4senist\u00f6ns\u00e4 opintoja ja luoda sosiaalisia kontakteja opiskelijoiden v\u00e4lille3. olla yhdyssiteen\u00e4 Turun yliopiston nykyisille ja entisille folkloristiikan, kansatieteen &hellip; <a href=\"https:\/\/tyyala.utu.fi\/kutu\/jasen\/saannot\/\" class=\"more-link\">Jatka artikkeliin <span class=\"screen-reader-text\">S\u00e4\u00e4nn\u00f6t<\/span><\/a><\/p>\n","protected":false},"author":92,"featured_media":0,"parent":60,"menu_order":0,"comment_status":"closed","ping_status":"closed","template":"","meta":{"footnotes":""},"class_list":["post-170","page","type-page","status-publish","hentry"],"_links":{"self":[{"href":"https:\/\/tyyala.utu.fi\/kutu\/wp-json\/wp\/v2\/pages\/170","targetHints":{"allow":["GET"]}}],"collection":[{"href":"https:\/\/tyyala.utu.fi\/kutu\/wp-json\/wp\/v2\/pages"}],"about":[{"href":"https:\/\/tyyala.utu.fi\/kutu\/wp-json\/wp\/v2\/types\/page"}],"author":[{"embeddable":true,"href":"https:\/\/tyyala.utu.fi\/kutu\/wp-json\/wp\/v2\/users\/92"}],"replies":[{"embeddable":true,"href":"https:\/\/tyyala.utu.fi\/kutu\/wp-json\/wp\/v2\/comments?post=170"}],"version-history":[{"count":8,"href":"https:\/\/tyyala.utu.fi\/kutu\/wp-json\/wp\/v2\/pages\/170\/revisions"}],"predecessor-version":[{"id":2025,"href":"https:\/\/tyyala.utu.fi\/kutu\/wp-json\/wp\/v2\/pages\/170\/revisions\/2025"}],"up":[{"embeddable":true,"href":"https:\/\/tyyala.utu.fi\/kutu\/wp-json\/wp\/v2\/pages\/60"}],"wp:attachment":[{"href":"https:\/\/tyyala.utu.fi\/kutu\/wp-json\/wp\/v2\/media?parent=170"}],"curies":[{"name":"wp","href":"https:\/\/api.w.org\/{rel}","templated":true}]}}