{"id":833,"date":"2019-09-08T21:27:40","date_gmt":"2019-09-08T18:27:40","guid":{"rendered":"http:\/\/tyyala.utu.fi\/kanta\/?page_id=833"},"modified":"2022-08-23T12:25:55","modified_gmt":"2022-08-23T09:25:55","slug":"info-kieleke","status":"publish","type":"page","link":"https:\/\/tyyala.utu.fi\/kanta\/info-kieleke\/","title":{"rendered":"Info-Kieleke"},"content":{"rendered":"\n<p>Info-Kieleke on Kielekkeen alkusyksyisin\u00a0julkaisema uusille opiskelijoille suunnattu\u00a0lehti. Lehte\u00e4 varten ker\u00e4t\u00e4\u00e4n kev\u00e4isin ty\u00f6ryhm\u00e4, johon kuuluvat opetushenkil\u00f6kunnan,\u00a0hallituksien j\u00e4senten sek\u00e4 tuutorien lis\u00e4ksi kaikki lehdenteosta innostuneet. Vuonna 2020 lehti julkaistiin ensimm\u00e4ist\u00e4 kertaa s\u00e4hk\u00f6isen\u00e4.<\/p>\n\n\n\n<ul class=\"wp-block-list\"><li><a rel=\"noreferrer noopener\" href=\"https:\/\/kieleke.fi\/info-kieleke-2020\/\" target=\"_blank\">Info-Kieleke 2020 <\/a><\/li><li><a href=\"https:\/\/kieleke.fi\/info-kieleke-2021\/\" data-type=\"URL\" data-id=\"https:\/\/kieleke.fi\/info-kieleke-2021\/\">Info-Kieleke <\/a><a rel=\"noreferrer noopener\" href=\"https:\/\/kieleke.fi\/info-kieleke-2021\/\" data-type=\"URL\" data-id=\"https:\/\/kieleke.fi\/info-kieleke-2021\/\" target=\"_blank\">2021<\/a><\/li><li><a href=\"https:\/\/kieleke.fi\/info-kieleke-2022\/\" data-type=\"URL\" data-id=\"https:\/\/kieleke.fi\/info-kieleke-2022\/\">Info-Kieleke <\/a><a href=\"https:\/\/kieleke.fi\/info-kieleke-2022\/\" data-type=\"URL\" data-id=\"https:\/\/kieleke.fi\/info-kieleke-2022\/\" target=\"_blank\" rel=\"noreferrer noopener\">2022<\/a><\/li><\/ul>\n\n\n\n<p><\/p>\n","protected":false},"excerpt":{"rendered":"<p>Info-Kieleke on Kielekkeen alkusyksyisin\u00a0julkaisema uusille opiskelijoille suunnattu\u00a0lehti. Lehte\u00e4 varten ker\u00e4t\u00e4\u00e4n kev\u00e4isin ty\u00f6ryhm\u00e4, johon kuuluvat opetushenkil\u00f6kunnan,\u00a0hallituksien j\u00e4senten sek\u00e4 tuutorien lis\u00e4ksi kaikki lehdenteosta innostuneet. Vuonna 2020 lehti julkaistiin ensimm\u00e4ist\u00e4 kertaa s\u00e4hk\u00f6isen\u00e4. Info-Kieleke 2020 Info-Kieleke 2021 Info-Kieleke 2022<\/p>\n","protected":false},"author":241,"featured_media":0,"parent":0,"menu_order":0,"comment_status":"closed","ping_status":"closed","template":"","meta":{"footnotes":""},"class_list":["post-833","page","type-page","status-publish","hentry"],"_links":{"self":[{"href":"https:\/\/tyyala.utu.fi\/kanta\/wp-json\/wp\/v2\/pages\/833","targetHints":{"allow":["GET"]}}],"collection":[{"href":"https:\/\/tyyala.utu.fi\/kanta\/wp-json\/wp\/v2\/pages"}],"about":[{"href":"https:\/\/tyyala.utu.fi\/kanta\/wp-json\/wp\/v2\/types\/page"}],"author":[{"embeddable":true,"href":"https:\/\/tyyala.utu.fi\/kanta\/wp-json\/wp\/v2\/users\/241"}],"replies":[{"embeddable":true,"href":"https:\/\/tyyala.utu.fi\/kanta\/wp-json\/wp\/v2\/comments?post=833"}],"version-history":[{"count":5,"href":"https:\/\/tyyala.utu.fi\/kanta\/wp-json\/wp\/v2\/pages\/833\/revisions"}],"predecessor-version":[{"id":1591,"href":"https:\/\/tyyala.utu.fi\/kanta\/wp-json\/wp\/v2\/pages\/833\/revisions\/1591"}],"wp:attachment":[{"href":"https:\/\/tyyala.utu.fi\/kanta\/wp-json\/wp\/v2\/media?parent=833"}],"curies":[{"name":"wp","href":"https:\/\/api.w.org\/{rel}","templated":true}]}}