{"id":677,"date":"2019-01-24T11:06:33","date_gmt":"2019-01-24T09:06:33","guid":{"rendered":"http:\/\/tyyala.utu.fi\/kanta\/?page_id=677"},"modified":"2019-03-21T12:10:40","modified_gmt":"2019-03-21T10:10:40","slug":"kokouskoosteet-2019","status":"publish","type":"page","link":"https:\/\/tyyala.utu.fi\/kanta\/kokouskoosteet-2019\/","title":{"rendered":"Kokouskoosteet 2019"},"content":{"rendered":"\n<p><strong>Kokouskooste 25.2.<\/strong><\/p>\n\n\n\n<p>Parahin j\u00e4senist\u00f6,<\/p>\n\n\n\n<p>Kannan hallitus kokousti maanantaina 25. helmikuuta Kannan toimistolla. T\u00e4ss\u00e4 kokouksessa meille esiteltiin vuoden 2018 toimintakertomus ja tilinp\u00e4\u00e4t\u00f6s, jotka kokouksessa hyv\u00e4ksyimme esitelt\u00e4v\u00e4ksi kev\u00e4tkokouksessa. Kanta on my\u00f6s ottanut viitenumerot k\u00e4ytt\u00f6\u00f6n yh\u00e4 enenev\u00e4ss\u00e4 m\u00e4\u00e4rin. <\/p>\n\n\n\n<p>Kokouksessa keskustelimme menneist\u00e4 ja tulevista\ntapahtumista. Luvassa on taas kerran aktiivinen kev\u00e4t. Niin kev\u00e4\u00e4lle kuin\ntulevalle syksyllekin voi kuitenkin viel\u00e4 ehdottaa haluamiaan tapahtumia.\nUlkomaan ekskursio on k\u00e4sill\u00e4, ja vuoden ensimm\u00e4isen Kielekkeen julkaisuaikakin\nl\u00e4hestyy. Osma-toimikunta her\u00e4\u00e4 eloon 26.2. avoimen kokouksen merkeiss\u00e4. Vaikka\nkokoukseen ei p\u00e4\u00e4sisik\u00e4\u00e4n, otetaan kaikki innokkaat tietysti suunnittelemaan\nensi syksyn Turun Osmaa. Haalarimerkkikilpailu on k\u00e4ynniss\u00e4, ja j\u00e4senist\u00f6\np\u00e4\u00e4see \u00e4\u00e4nest\u00e4m\u00e4\u00e4n omaa suosikkiaan viikolla 11. <\/p>\n\n\n\n<p>Kokousterveisin,<\/p>\n\n\n\n<p>Mira Orko<\/p>\n\n\n\n<p>sihteeri<\/p>\n\n\n\n<p><strong>Kokouskooste 13.2.<\/strong><\/p>\n\n\n\n<p>Hyv\u00e4 j\u00e4senist\u00f6,<\/p>\n\n\n\n<p>Kannan hallitus kokousti keskiviikkona 13. helmikuuta pian\nKannan myyj\u00e4isten p\u00e4\u00e4ttymisen j\u00e4lkeen. Joku saattoi jo myyj\u00e4isiss\u00e4 huomata\nMobilePaylla maksaessaan Kannan uudet viitenumerot. Kanta siirtyykin\nviitenumeroiden k\u00e4ytt\u00f6\u00f6n t\u00e4m\u00e4n hallituskauden aikana.&nbsp;&nbsp;&nbsp; <\/p>\n\n\n\n<p>Kannan ja Kritiikin tiivis yhteisty\u00f6 on l\u00e4htenyt k\u00e4yntiin.\nHallitukset tapasivat keilauksen merkeiss\u00e4 11.2. My\u00f6s historian toinen Kannan\nja Kritiikin yhteisp\u00e4ivystys ker\u00e4si suuren joukon niin kantalaisia kuin\nkritiikkil\u00e4isi\u00e4 toimistolle. Toimisto on kokenut mullistuksia t\u00e4n\u00e4 vuonna.\nKierr\u00e4tyst\u00e4 on parannettu lis\u00e4\u00e4m\u00e4ll\u00e4 muovinker\u00e4ysastia keitti\u00f6\u00f6n. My\u00f6s j\u00e4\u00e4kaapin\nl\u00f6yt\u00e4\u00e4 nyky\u00e4\u00e4n nimenomaan keitti\u00f6st\u00e4. <\/p>\n\n\n\n<p>Toimikunnat ovat t\u00e4ydess\u00e4 vauhdissa. Budapestin matka on\npian k\u00e4sill\u00e4, samoin Kielekkeen deadlinet (luonnosdeadline 18.2. ja varsinainen\ndeadline 25.2.). Osma-toimikuntaa l\u00e4hdet\u00e4\u00e4n rakentamaan avoimessa kokouksessa\n26.2 klo 18 toimistolla. My\u00f6s haalarimerkkikilpailun ensimm\u00e4ist\u00e4 vaihetta on\nviel\u00e4 yli viikko j\u00e4ljell\u00e4, joten nyt vain suunnittelemaan!<\/p>\n\n\n\n<p>Kokouksen puolesta,<\/p>\n\n\n\n<p>Mira Orko, sihteeri<\/p>\n\n\n\n<p><strong>Kokouskooste 28.1.<\/strong><\/p>\n\n\n\n<p>Hyv\u00e4 j\u00e4senist\u00f6,<\/p>\n\n\n\n<p>Kanta kokousti maanantaina 28. tammikuuta. Kokous oli pitk\u00e4, mutta l\u00e4pi k\u00e4ytiin todella paljon asiaa. Paljon uutta, mutta my\u00f6s vanhoja tuttuja kuvioita luvassa t\u00e4n\u00e4 vuonna.<\/p>\n\n\n\n<p>Kannan aktiivinen tapahtumavuosi starttaa heti helmikuun alussa. Ensimm\u00e4inen tapahtuma on 5.2. peli- ja ompeluillan merkeiss\u00e4 Kampuskappelilla. Toimistoyhteisty\u00f6 Kritiikin kanssa tiivistyy. Tulevaisuudessa ei esimerkiksi tarvitse toimiston j\u00e4\u00e4kaapista maitoa kurottaessaan tarkistaa purkin omistajaa \u2013 jatkossa jaamme maidot ja v\u00e4henn\u00e4mme n\u00e4in ruokah\u00e4vikki\u00e4. T\u00e4m\u00e4 vuosi on muutenkin pyhitetty k\u00e4mppisj\u00e4rjest\u00f6\u00f6mme ja sen j\u00e4seniin tutustumiseen. T\u00e4h\u00e4n tarjoutuu oiva tilaisuus perjantaina 8. helmikuuta, kun Kanta ja Kritiikki j\u00e4rjest\u00e4v\u00e4t ensimm\u00e4isen yhteisen p\u00e4ivystyksens\u00e4 toimistolla klo 12\u201314! Nyt siis Pikkulaskiaisen j\u00e4lkimainingeissa parantelemaan oloa ja luomaan naapurisopua. Jatkossa p\u00e4ivystyksiin p\u00e4\u00e4see perjantaisin, ja j\u00e4rjest\u00e4misvastuu vuorottelee j\u00e4rjest\u00f6jen v\u00e4lill\u00e4 viikoittain.<\/p>\n\n\n\n<p>Kanta haluaa mainostaa j\u00e4senilleen Suomen Kielen Seuran esitelm\u00e4tilaisuuksia, joihin on vapaa p\u00e4\u00e4sy. Tilaisuuksia j\u00e4rjestet\u00e4\u00e4n useampia t\u00e4m\u00e4n kev\u00e4\u00e4n aikana. Kokouksessa p\u00e4\u00e4tettiin, ett\u00e4 Kanta lupautuu my\u00f6s j\u00e4rjest\u00e4m\u00e4\u00e4n kahvituksen seuran kev\u00e4tseminaariin. Lis\u00e4tietoa tapahtumista saa seuraamalla seuran Facebook-sivuja.<\/p>\n\n\n\n<p>Osma-toimikuntakin aktivoituu pikkuhiljaa syksyn Osmaa suunnittelemaan.<\/p>\n\n\n\n<p><strong>Kokouskooste&nbsp;17.1.<\/strong><\/p>\n\n\n\n<p>\n\nHyv\u00e4 j\u00e4senist\u00f6,<\/p>\n\n\n\n<p>Kanta ry:n t\u00e4m\u00e4n vuoden ja samalla uuden hallituksen ensimm\u00e4inen kokous pidettiin viime torstaina. Uuden hallituksen my\u00f6t\u00e4 otetaan k\u00e4ytt\u00f6\u00f6n my\u00f6s uusi k\u00e4yt\u00e4nt\u00f6 tiedottaa j\u00e4senist\u00f6lle lyhyesti kokouksessa esiin nousseista asioista.&nbsp;<\/p>\n\n\n\n<p>Uuden toimintavuoden suunnittelu on jo l\u00e4htenyt k\u00e4yntiin ja luvassa on paljon erilaista ohjelmaa. Muistattehan, ett\u00e4 hallitus toimii j\u00e4senist\u00f6\u00e4 varten. Nyt on siis hyv\u00e4 aika esitt\u00e4\u00e4 toiveita vaikkapa kulttuuri- ja liikuntatapahtumien suhteen.<br><br>My\u00f6s tiedekunnassa tapahtuu. Muutto Arcanumille l\u00e4hestyy, mutta kev\u00e4t on viel\u00e4 aikaa lobata omia tavoitteitaan. Humanitas tekee yleisen kannanoton, joten Kannan lis\u00e4ksi asiasta voi halutessaan olla suoraan yhteydess\u00e4 kattoj\u00e4rjest\u00f6\u00f6mme.&nbsp;<\/p>\n\n\n\n<p>Kokouksessa nimitimme my\u00f6s j\u00e4senvastaavan ja fuksivastaavan. Mikko Kiippa jatkaa j\u00e4senvastaavana, ja fuksivastaavaksi valitsimme Jenni Kitinpramin.&nbsp;<\/p>\n\n\n\n<p>Turku saa oman Wappuradion! L\u00e4hetyksi\u00e4 j\u00e4rjestet\u00e4\u00e4n 23.4.\u201330.4. ja ohjelmaa py\u00f6rii tuona aikana 24\/7. Ohjelmahaku on jo k\u00e4ynniss\u00e4, ja Kanta haluaakin kannustaa j\u00e4senist\u00f6\u00e4\u00e4n tarttumaan tilaisuuteen ja tuottamaan ohjelmaa upouuteen radioon. Toimintaan p\u00e4\u00e4see mukaan olemalla yhteydess\u00e4 toimitus[at]turunwappuradio.com<br><\/p>\n","protected":false},"excerpt":{"rendered":"<p>Kokouskooste 25.2. Parahin j\u00e4senist\u00f6, Kannan hallitus kokousti maanantaina 25. helmikuuta Kannan toimistolla. T\u00e4ss\u00e4 kokouksessa meille esiteltiin vuoden 2018 toimintakertomus ja tilinp\u00e4\u00e4t\u00f6s, jotka kokouksessa hyv\u00e4ksyimme esitelt\u00e4v\u00e4ksi kev\u00e4tkokouksessa. Kanta on my\u00f6s ottanut viitenumerot k\u00e4ytt\u00f6\u00f6n yh\u00e4 enenev\u00e4ss\u00e4 m\u00e4\u00e4rin. Kokouksessa keskustelimme menneist\u00e4 ja tulevista tapahtumista. Luvassa on taas kerran aktiivinen kev\u00e4t. Niin kev\u00e4\u00e4lle kuin tulevalle syksyllekin voi kuitenkin viel\u00e4 &hellip; <a href=\"https:\/\/tyyala.utu.fi\/kanta\/kokouskoosteet-2019\/\" class=\"more-link\">Jatka artikkeliin <span class=\"screen-reader-text\">Kokouskoosteet 2019<\/span><\/a><\/p>\n","protected":false},"author":241,"featured_media":0,"parent":0,"menu_order":0,"comment_status":"closed","ping_status":"closed","template":"","meta":{"footnotes":""},"class_list":["post-677","page","type-page","status-publish","hentry"],"_links":{"self":[{"href":"https:\/\/tyyala.utu.fi\/kanta\/wp-json\/wp\/v2\/pages\/677","targetHints":{"allow":["GET"]}}],"collection":[{"href":"https:\/\/tyyala.utu.fi\/kanta\/wp-json\/wp\/v2\/pages"}],"about":[{"href":"https:\/\/tyyala.utu.fi\/kanta\/wp-json\/wp\/v2\/types\/page"}],"author":[{"embeddable":true,"href":"https:\/\/tyyala.utu.fi\/kanta\/wp-json\/wp\/v2\/users\/241"}],"replies":[{"embeddable":true,"href":"https:\/\/tyyala.utu.fi\/kanta\/wp-json\/wp\/v2\/comments?post=677"}],"version-history":[{"count":5,"href":"https:\/\/tyyala.utu.fi\/kanta\/wp-json\/wp\/v2\/pages\/677\/revisions"}],"predecessor-version":[{"id":800,"href":"https:\/\/tyyala.utu.fi\/kanta\/wp-json\/wp\/v2\/pages\/677\/revisions\/800"}],"wp:attachment":[{"href":"https:\/\/tyyala.utu.fi\/kanta\/wp-json\/wp\/v2\/media?parent=677"}],"curies":[{"name":"wp","href":"https:\/\/api.w.org\/{rel}","templated":true}]}}