{"id":510,"date":"2018-06-05T16:30:45","date_gmt":"2018-06-05T13:30:45","guid":{"rendered":"http:\/\/tyyala.utu.fi\/kanta\/?page_id=510"},"modified":"2023-01-13T16:08:34","modified_gmt":"2023-01-13T14:08:34","slug":"rekisteriseloste","status":"publish","type":"page","link":"https:\/\/tyyala.utu.fi\/kanta\/4-2\/rekisteriseloste\/","title":{"rendered":"Rekisteriseloste"},"content":{"rendered":"<p><strong>Rekisteriseloste:<\/strong><\/p>\n<p><strong>1. Rekisterin yll\u00e4pit\u00e4j\u00e4 ja yhteyshenkil\u00f6<\/strong><\/p>\n<p>Kanta ry<\/p>\n<p>Vilma Ranta, <em>verant@utu.fi<\/em><\/p>\n<p><strong>2. J\u00e4senrekisterin ja tietojen ker\u00e4\u00e4misen k\u00e4ytt\u00f6tarkoitus<\/strong><\/p>\n<p>J\u00e4senrekisterin tarkoituksena on ker\u00e4t\u00e4 yhdistyksen j\u00e4senist\u00e4 yhdistyslain (503\/1989) 11. pyk\u00e4l\u00e4n ja henkil\u00f6tietolain (523\/1999) 10. pyk\u00e4l\u00e4n vaatimat henkil\u00f6tiedot ja muut yhdistyksen toiminnalle tarpeelliset tiedot.<\/p>\n<p>Henkil\u00f6- ja j\u00e4senyystiedot ker\u00e4t\u00e4\u00e4n yhdistyksen toiminnan suunnitteluun ja j\u00e4senyyden hoitamiseen liittyvi\u00e4 asioita varten. J\u00e4senrekisterin lis\u00e4ksi Kanta ker\u00e4\u00e4 tietoja erilaisia tapahtumia ja niit\u00e4 koskevia tilauksia varten.<\/p>\n<p><strong>3. Rekisterin tietosis\u00e4lt\u00f6 ja tietol\u00e4hteet<\/strong><\/p>\n<p>J\u00e4senrekisteriin ker\u00e4t\u00e4\u00e4n pakollisina tietoina yhdistyslain vaatimat henkil\u00f6tiedot, eli j\u00e4senen t\u00e4ydellinen nimi ja kotipaikka. Lis\u00e4ksi ker\u00e4t\u00e4\u00e4n liittymisvuosi yhdistykseen, s\u00e4hk\u00f6postiosoite ja tieto Turun yliopiston ylioppilaskunnan (TYY) j\u00e4senyydest\u00e4 (opiskelijastatus). J\u00e4sen ilmoittaa my\u00f6s sen, mink\u00e4laiseksi j\u00e4seneksi h\u00e4n pyrkii (vuosittain maksettava vuosij\u00e4senyys, seitsem\u00e4n vuoden v\u00e4lein maksettava pitk\u00e4aikaisj\u00e4senyys tai j\u00e4senetuihin oikeuttamaton kannatusj\u00e4senyys), sek\u00e4 tiedon siit\u00e4, ett\u00e4 h\u00e4n opiskelee suomen kielt\u00e4 tai sen l\u00e4hiaineita korkeakoulussa (p\u00e4\u00e4- tai sivuaineena).\u00a0J\u00e4senmaksu tarkistetaan Kanta ry:n tililt\u00e4.<\/p>\n<p>J\u00e4senrekisteriin kirjattavat\u00a0 tiedot saadaan joko j\u00e4senelt\u00e4 itselt\u00e4\u00e4n tai Kanta ry:n nettisivuilta l\u00f6ytyv\u00e4n Google Forms -kyselylomakkeen kautta. Tapahtumia varten ker\u00e4tt\u00e4v\u00e4t tiedot saadaan tapahtumien Google Forms -ilmoittautumislomakkeiden kautta. J\u00e4senell\u00e4 on oikeus tarkastaa rekisteriin talletetut tietonsa ja velvollisuus ilmoittaa rekisterinpit\u00e4j\u00e4lle tietojensa muuttumisesta. Rekisterinpit\u00e4j\u00e4 oikaisee, t\u00e4ydent\u00e4\u00e4 tai poistaa ilman aiheetonta viivytyst\u00e4 oma-aloitteisesti tai j\u00e4senen aloitteesta virheellisen, tarpeettoman, puutteellisen tai vanhentuneen rekisteritiedon.<\/p>\n<p><strong>4. Rekisteritietojen suojaus<\/strong><\/p>\n<p>Rekisteritiedot s\u00e4ilytet\u00e4\u00e4n luottamuksellisina. J\u00e4senrekisteritietoja voi k\u00e4sitell\u00e4 vain yhdistyksen hallituksen j\u00e4senvastaava. Toimensa j\u00e4tt\u00e4v\u00e4 hallituksen j\u00e4senvastaava luovuttaa tiedot seuraajalleen, kun uusi hallitus aloittaa vuosittain toimintansa. Tapahtumia ja tilauksia varten ker\u00e4tt\u00e4v\u00e4t rekisteritiedot ovat kaikkien hallituksen j\u00e4senten saatavilla, ja niit\u00e4 s\u00e4ilytet\u00e4\u00e4n p\u00e4\u00e4s\u00e4\u00e4nt\u00f6isesti tapahtumien p\u00e4\u00e4ttymiseen saakka. Muuten tietoja ei luovuteta eteenp\u00e4in. Tiedot s\u00e4ilytet\u00e4\u00e4n s\u00e4hk\u00f6isesti, ja yhdistys huolehtii tietoturvan s\u00e4ilymisest\u00e4 parhaan kykyns\u00e4 mukaan.<\/p>\n","protected":false},"excerpt":{"rendered":"<p>Rekisteriseloste: 1. Rekisterin yll\u00e4pit\u00e4j\u00e4 ja yhteyshenkil\u00f6 Kanta ry Vilma Ranta, verant@utu.fi 2. J\u00e4senrekisterin ja tietojen ker\u00e4\u00e4misen k\u00e4ytt\u00f6tarkoitus J\u00e4senrekisterin tarkoituksena on ker\u00e4t\u00e4 yhdistyksen j\u00e4senist\u00e4 yhdistyslain (503\/1989) 11. pyk\u00e4l\u00e4n ja henkil\u00f6tietolain (523\/1999) 10. pyk\u00e4l\u00e4n vaatimat henkil\u00f6tiedot ja muut yhdistyksen toiminnalle tarpeelliset tiedot. Henkil\u00f6- ja j\u00e4senyystiedot ker\u00e4t\u00e4\u00e4n yhdistyksen toiminnan suunnitteluun ja j\u00e4senyyden hoitamiseen liittyvi\u00e4 asioita varten. J\u00e4senrekisterin lis\u00e4ksi &hellip; <a href=\"https:\/\/tyyala.utu.fi\/kanta\/4-2\/rekisteriseloste\/\" class=\"more-link\">Jatka artikkeliin <span class=\"screen-reader-text\">Rekisteriseloste<\/span><\/a><\/p>\n","protected":false},"author":241,"featured_media":0,"parent":4,"menu_order":0,"comment_status":"closed","ping_status":"closed","template":"","meta":{"footnotes":""},"class_list":["post-510","page","type-page","status-publish","hentry"],"_links":{"self":[{"href":"https:\/\/tyyala.utu.fi\/kanta\/wp-json\/wp\/v2\/pages\/510","targetHints":{"allow":["GET"]}}],"collection":[{"href":"https:\/\/tyyala.utu.fi\/kanta\/wp-json\/wp\/v2\/pages"}],"about":[{"href":"https:\/\/tyyala.utu.fi\/kanta\/wp-json\/wp\/v2\/types\/page"}],"author":[{"embeddable":true,"href":"https:\/\/tyyala.utu.fi\/kanta\/wp-json\/wp\/v2\/users\/241"}],"replies":[{"embeddable":true,"href":"https:\/\/tyyala.utu.fi\/kanta\/wp-json\/wp\/v2\/comments?post=510"}],"version-history":[{"count":9,"href":"https:\/\/tyyala.utu.fi\/kanta\/wp-json\/wp\/v2\/pages\/510\/revisions"}],"predecessor-version":[{"id":1693,"href":"https:\/\/tyyala.utu.fi\/kanta\/wp-json\/wp\/v2\/pages\/510\/revisions\/1693"}],"up":[{"embeddable":true,"href":"https:\/\/tyyala.utu.fi\/kanta\/wp-json\/wp\/v2\/pages\/4"}],"wp:attachment":[{"href":"https:\/\/tyyala.utu.fi\/kanta\/wp-json\/wp\/v2\/media?parent=510"}],"curies":[{"name":"wp","href":"https:\/\/api.w.org\/{rel}","templated":true}]}}