{"id":452,"date":"2017-12-04T13:45:48","date_gmt":"2017-12-04T11:45:48","guid":{"rendered":"http:\/\/tyyala.utu.fi\/kanta\/?page_id=452"},"modified":"2017-12-04T13:46:17","modified_gmt":"2017-12-04T11:46:17","slug":"koulutuspoliittinen-toiminta-ja-edunvalvonta","status":"publish","type":"page","link":"https:\/\/tyyala.utu.fi\/kanta\/opiskelu\/koulutuspoliittinen-toiminta-ja-edunvalvonta\/","title":{"rendered":"Koulutuspoliittinen toiminta ja edunvalvonta"},"content":{"rendered":"<h3><strong>Tietopaketti Kannan koulutuspoliittisesta toiminnasta ja edunvalvonnasta <\/strong><\/h3>\n<p>Kanta ry huolehtii j\u00e4sentens\u00e4 koulutuksellisten oikeuksien toteutumisesta, jota valvomaan valitaan joka vuosi koulutuspoliittinen vastaava. Koulutuspoliittinen vastaava toimii yhteyshenkil\u00f6n\u00e4 opiskelijoiden ja henkil\u00f6kunnan v\u00e4lill\u00e4, auttaa ja tukee opiskelijoiden oppimista esimerkiksi opintopiirien avulla sek\u00e4 osallistuu esimerkiksi TYYn j\u00e4rjest\u00e4miin koulutuspoliittisiin kokouksiin.<\/p>\n<p>Koulutuspoliittinen vastaava j\u00e4rjest\u00e4\u00e4 kysynn\u00e4n ja tarpeen mukaan opintopiirej\u00e4 opiskelijoille. Opintopiireihin osallistuminen on loistava tapa jakaa tietoa ja ajatuksia kanssaopiskelijoiden kanssa sek\u00e4 treenata tentti\u00e4 varten. Opintopiirej\u00e4 j\u00e4rjestet\u00e4\u00e4n ainakin \u00e4\u00e4nne- ja muotorakenteesta sek\u00e4 lauseopista.<\/p>\n<p>Kannalla on erilaisia keinoja saada opiskelijoiden \u00e4\u00e4ni kuuluviin opiskeluun liittyviss\u00e4 asioissa. Kannan j\u00e4senille tarjotaan mahdollisuus vastata anonyymisti lukuvuoden opintoja koskevaan kyselyyn, jonka hallitus l\u00e4hett\u00e4\u00e4 kev\u00e4\u00e4ll\u00e4 lukuvuoden lopulla. Opiskelijoille on my\u00f6s j\u00e4rjestetty erikseen virkistysiltama lukuvuoden tapahtumien ja opintojen puimista varten. Ker\u00e4tty\u00e4 palautetta k\u00e4sitell\u00e4\u00e4n oppiaineen henkil\u00f6kunnan kanssa opintojen kehitt\u00e4miseksi.<\/p>\n<p>Koulutuspoliittisesta toiminnasta ja edunvalvonnasta pidet\u00e4\u00e4n huolta my\u00f6s osallistumalla erin\u00e4isiin kokouksiin. Koulutuspoliittinen vastaava k\u00e4y muun muassa TYYn koulutuspoliittisen jaoston kokouksissa kouluttautumassa sek\u00e4 osallistuu tiedekuntaj\u00e4rjest\u00f6 Humanitas ry:n koulutuspolitiikkaan liittyviin tapahtumiin. Koulutuspoliittinen vastaava ja tarvittaessa muut hallituksen j\u00e4senet k\u00e4yv\u00e4t kuukausittain oppiaineen henkil\u00f6kunnan kokouksessa vaihtamassa kuulumisia ja keskustelemassa ajankohtaisista asioista, mink\u00e4 lis\u00e4ksi hallituslaiset osallistuvat tarvittaessa opetussuunnitelman kehitt\u00e4miseen.<\/p>\n","protected":false},"excerpt":{"rendered":"<p>Tietopaketti Kannan koulutuspoliittisesta toiminnasta ja edunvalvonnasta Kanta ry huolehtii j\u00e4sentens\u00e4 koulutuksellisten oikeuksien toteutumisesta, jota valvomaan valitaan joka vuosi koulutuspoliittinen vastaava. Koulutuspoliittinen vastaava toimii yhteyshenkil\u00f6n\u00e4 opiskelijoiden ja henkil\u00f6kunnan v\u00e4lill\u00e4, auttaa ja tukee opiskelijoiden oppimista esimerkiksi opintopiirien avulla sek\u00e4 osallistuu esimerkiksi TYYn j\u00e4rjest\u00e4miin koulutuspoliittisiin kokouksiin. Koulutuspoliittinen vastaava j\u00e4rjest\u00e4\u00e4 kysynn\u00e4n ja tarpeen mukaan opintopiirej\u00e4 opiskelijoille. Opintopiireihin osallistuminen on &hellip; <a href=\"https:\/\/tyyala.utu.fi\/kanta\/opiskelu\/koulutuspoliittinen-toiminta-ja-edunvalvonta\/\" class=\"more-link\">Jatka artikkeliin <span class=\"screen-reader-text\">Koulutuspoliittinen toiminta ja edunvalvonta<\/span><\/a><\/p>\n","protected":false},"author":241,"featured_media":0,"parent":53,"menu_order":0,"comment_status":"closed","ping_status":"closed","template":"","meta":{"footnotes":""},"class_list":["post-452","page","type-page","status-publish","hentry"],"_links":{"self":[{"href":"https:\/\/tyyala.utu.fi\/kanta\/wp-json\/wp\/v2\/pages\/452","targetHints":{"allow":["GET"]}}],"collection":[{"href":"https:\/\/tyyala.utu.fi\/kanta\/wp-json\/wp\/v2\/pages"}],"about":[{"href":"https:\/\/tyyala.utu.fi\/kanta\/wp-json\/wp\/v2\/types\/page"}],"author":[{"embeddable":true,"href":"https:\/\/tyyala.utu.fi\/kanta\/wp-json\/wp\/v2\/users\/241"}],"replies":[{"embeddable":true,"href":"https:\/\/tyyala.utu.fi\/kanta\/wp-json\/wp\/v2\/comments?post=452"}],"version-history":[{"count":1,"href":"https:\/\/tyyala.utu.fi\/kanta\/wp-json\/wp\/v2\/pages\/452\/revisions"}],"predecessor-version":[{"id":453,"href":"https:\/\/tyyala.utu.fi\/kanta\/wp-json\/wp\/v2\/pages\/452\/revisions\/453"}],"up":[{"embeddable":true,"href":"https:\/\/tyyala.utu.fi\/kanta\/wp-json\/wp\/v2\/pages\/53"}],"wp:attachment":[{"href":"https:\/\/tyyala.utu.fi\/kanta\/wp-json\/wp\/v2\/media?parent=452"}],"curies":[{"name":"wp","href":"https:\/\/api.w.org\/{rel}","templated":true}]}}