{"id":4,"date":"2014-01-13T19:17:20","date_gmt":"2014-01-13T17:17:20","guid":{"rendered":"http:\/\/tyyala.utu.fi\/kanta\/?page_id=4"},"modified":"2024-10-14T11:40:57","modified_gmt":"2024-10-14T08:40:57","slug":"4-2","status":"publish","type":"page","link":"https:\/\/tyyala.utu.fi\/kanta\/","title":{"rendered":"Etusivu"},"content":{"rendered":"\n<p><strong>Kanta ry<\/strong> on jokaisen Turun yliopistossa suomen kielt\u00e4 opiskelevan tuki ja turva. Ainej\u00e4rjest\u00f6 valvoo opiskelijoiden etuja, toimii opiskelijoiden \u00e4\u00e4nitorvena ja j\u00e4rjest\u00e4\u00e4 mielin m\u00e4\u00e4rin tapahtumia j\u00e4senist\u00f6lleen: peli-iltoja, grilli-iltoja, saunailtoja, sieniretki\u00e4, liikuntatapahtumia, kulttuuriekskursioita, sitsej\u00e4, bileit\u00e4, juhlia, kekkereit\u00e4 ja hippoja. <strong><a href=\"https:\/\/tyyala.utu.fi\/kanta\/?page_id=149\">Liity siis ihmeess\u00e4 j\u00e4seneksi!<\/a><\/strong><\/p>\n\n\n\n<p>Kannan toiminnasta saat parhaiten tietoa <strong><a href=\"https:\/\/www.facebook.com\/Kanta-ry-179698782119156\/\">tykk\u00e4\u00e4m\u00e4ll\u00e4 Facebook-sivusta<\/a>, <a href=\"https:\/\/www.instagram.com\/kantalaiset\/\">seuraamalla Instagram-tili\u00e4<\/a><\/strong>&nbsp;ja <strong><a href=\"https:\/\/lists.utu.fi\/mailman\/listinfo\/kantalaiset\">liittym\u00e4ll\u00e4 s\u00e4hk\u00f6postilistalle<\/a><\/strong>.<\/p>\n\n\n\n<p><strong>Kanta p\u00e4ivyst\u00e4\u00e4<\/strong> toimistollaan (Yo-talo B:n 2. krs, sis\u00e4\u00e4nk\u00e4ynti TYYn saunan ja starttipakettivaraston vierest\u00e4) opetusperiodien aikana&nbsp;<strong>maanantaisin ja<\/strong> <strong>keskiviikkoisin klo 12<\/strong>\u2013<strong>14<\/strong>. Lis\u00e4ksi Kannalla on yhteisp\u00e4ivystys Kritiikin kanssa <strong>perjantaisin klo 12<\/strong>\u2013<strong>14<\/strong>. Toimistop\u00e4ivystyksiss\u00e4 voi tavata kantalaisia kavereita, juoda kahvia tai teet\u00e4, liitty\u00e4 Kannan j\u00e4seneksi, ostaa haalarimerkkej\u00e4 tai vain lev\u00e4ht\u00e4\u00e4 hetken luentojen v\u00e4liss\u00e4. Tervetuloa!<\/p>\n\n\n\n<figure class=\"wp-block-image size-large is-resized is-style-default\"><img loading=\"lazy\" decoding=\"async\" width=\"1024\" height=\"638\" src=\"https:\/\/tyyala.utu.fi\/kanta\/wp-content\/uploads\/sites\/52\/2024\/05\/kanta-24-edited-e1714896208788-1024x638.jpg\" alt=\"\" class=\"wp-image-1963\" style=\"width:712px;height:auto\" srcset=\"https:\/\/tyyala.utu.fi\/kanta\/wp-content\/uploads\/sites\/52\/2024\/05\/kanta-24-edited-e1714896208788-1024x638.jpg 1024w, https:\/\/tyyala.utu.fi\/kanta\/wp-content\/uploads\/sites\/52\/2024\/05\/kanta-24-edited-e1714896208788-300x187.jpg 300w, https:\/\/tyyala.utu.fi\/kanta\/wp-content\/uploads\/sites\/52\/2024\/05\/kanta-24-edited-e1714896208788-768x478.jpg 768w, https:\/\/tyyala.utu.fi\/kanta\/wp-content\/uploads\/sites\/52\/2024\/05\/kanta-24-edited-e1714896208788.jpg 1084w\" sizes=\"auto, (max-width: 1024px) 100vw, 1024px\" \/><\/figure>\n\n\n\n<hr class=\"wp-block-separator has-css-opacity\" \/>\n\n\n\n<p><strong>Sin\u00e4,&nbsp;joka tarvitset oikolukijaa<\/strong> opinn\u00e4ytety\u00f6t\u00e4si tai muuta t\u00e4rke\u00e4\u00e4 tuotosta varten: ota yhteys Kantaan ja anna fennistin tehd\u00e4, mit\u00e4 fennisti tekee parhaiten.<\/p>\n\n\n\n<p><\/p>\n","protected":false},"excerpt":{"rendered":"<p>Kanta ry on jokaisen Turun yliopistossa suomen kielt\u00e4 opiskelevan tuki ja turva. Ainej\u00e4rjest\u00f6 valvoo opiskelijoiden etuja, toimii opiskelijoiden \u00e4\u00e4nitorvena ja j\u00e4rjest\u00e4\u00e4 mielin m\u00e4\u00e4rin tapahtumia j\u00e4senist\u00f6lleen: peli-iltoja, grilli-iltoja, saunailtoja, sieniretki\u00e4, liikuntatapahtumia, kulttuuriekskursioita, sitsej\u00e4, bileit\u00e4, juhlia, kekkereit\u00e4 ja hippoja. Liity siis ihmeess\u00e4 j\u00e4seneksi! Kannan toiminnasta saat parhaiten tietoa tykk\u00e4\u00e4m\u00e4ll\u00e4 Facebook-sivusta, seuraamalla Instagram-tili\u00e4&nbsp;ja liittym\u00e4ll\u00e4 s\u00e4hk\u00f6postilistalle. Kanta p\u00e4ivyst\u00e4\u00e4 toimistollaan &hellip; <a href=\"https:\/\/tyyala.utu.fi\/kanta\/\" class=\"more-link\">Jatka artikkeliin <span class=\"screen-reader-text\">Etusivu<\/span><\/a><\/p>\n","protected":false},"author":241,"featured_media":0,"parent":0,"menu_order":0,"comment_status":"closed","ping_status":"closed","template":"","meta":{"footnotes":""},"class_list":["post-4","page","type-page","status-publish","hentry"],"_links":{"self":[{"href":"https:\/\/tyyala.utu.fi\/kanta\/wp-json\/wp\/v2\/pages\/4","targetHints":{"allow":["GET"]}}],"collection":[{"href":"https:\/\/tyyala.utu.fi\/kanta\/wp-json\/wp\/v2\/pages"}],"about":[{"href":"https:\/\/tyyala.utu.fi\/kanta\/wp-json\/wp\/v2\/types\/page"}],"author":[{"embeddable":true,"href":"https:\/\/tyyala.utu.fi\/kanta\/wp-json\/wp\/v2\/users\/241"}],"replies":[{"embeddable":true,"href":"https:\/\/tyyala.utu.fi\/kanta\/wp-json\/wp\/v2\/comments?post=4"}],"version-history":[{"count":164,"href":"https:\/\/tyyala.utu.fi\/kanta\/wp-json\/wp\/v2\/pages\/4\/revisions"}],"predecessor-version":[{"id":1981,"href":"https:\/\/tyyala.utu.fi\/kanta\/wp-json\/wp\/v2\/pages\/4\/revisions\/1981"}],"wp:attachment":[{"href":"https:\/\/tyyala.utu.fi\/kanta\/wp-json\/wp\/v2\/media?parent=4"}],"curies":[{"name":"wp","href":"https:\/\/api.w.org\/{rel}","templated":true}]}}