{"id":1796,"date":"2024-03-04T09:44:15","date_gmt":"2024-03-04T07:44:15","guid":{"rendered":"https:\/\/tyyala.utu.fi\/kanta\/?page_id=1796"},"modified":"2026-03-01T18:42:42","modified_gmt":"2026-03-01T16:42:42","slug":"kannatin","status":"publish","type":"page","link":"https:\/\/tyyala.utu.fi\/kanta\/kannatin\/","title":{"rendered":"Kannatin"},"content":{"rendered":"\n<div class=\"wp-block-group is-vertical is-layout-flex wp-container-core-group-is-layout-8cf370e7 wp-block-group-is-layout-flex\">\n<div class=\"wp-block-columns is-layout-flex wp-container-core-columns-is-layout-9d6595d7 wp-block-columns-is-layout-flex\">\n<div class=\"wp-block-column is-layout-flow wp-block-column-is-layout-flow\" style=\"flex-basis:100%\">\n<div class=\"wp-block-group alignfull has-background-color has-white-color has-text-color has-background has-link-color wp-elements-d8ca5880046d3189efe6cf6568eaa6be is-nowrap is-layout-flex wp-container-core-group-is-layout-601f50e2 wp-block-group-is-layout-flex\" style=\"background-color:#a1c8f1;min-height:40vh;margin-top:0;margin-bottom:0;padding-top:var(--wp--preset--spacing--60);padding-right:var(--wp--preset--spacing--40);padding-bottom:var(--wp--preset--spacing--60);padding-left:var(--wp--preset--spacing--40)\">\n<div class=\"wp-block-columns alignwide has-small-font-size is-layout-flex wp-container-core-columns-is-layout-9d6595d7 wp-block-columns-is-layout-flex\">\n<div class=\"wp-block-column is-layout-flow wp-block-column-is-layout-flow\">\n<p>Kannatin-toimikunnan tarkoituksena on olla hallituksen tukena Kannan j\u00e4rjest\u00e4m\u00e4ss\u00e4 toiminnassa ja palkita sit\u00e4 kautta aktiivisia j\u00e4seni\u00e4. Kannattimella on oma WhatsApp-ryhm\u00e4, ja sen toiminta keskittyy kyseiseen ryhm\u00e4\u00e4n. Hallituslaiset laittavat ryhm\u00e4\u00e4n ns. ty\u00f6tarjouksia, joissa he kertovat teht\u00e4v\u00e4st\u00e4 tarkat tiedot ja siit\u00e4 saatavan palkkion. Teht\u00e4v\u00e4\u00e4n voi ilmoittautua vastaamalla ryhm\u00e4ss\u00e4 ko. viestiin. Palkkiot toimivat pisteiden muodossa, joilla voi lunastaa itselleen erilaisia Kannan tuotteita ja alennuksia tapahtumista. Huomioithan, ett\u00e4 Kannattimen palkkiot korvaavat pikkujouluissa tapahtuvan palkitsemisen.<\/p>\n\n\n\n<p><\/p>\n\n\n\n<p class=\"has-text-align-center has-medium-font-size\"><strong>Pisteytys<\/strong><\/p>\n\n\n\n<div class=\"wp-block-group\"><div class=\"wp-block-group__inner-container is-layout-constrained wp-block-group-is-layout-constrained\">\n<ul class=\"wp-block-list\">\n<li>Sitseill\u00e4 tarjoileminen: 3 p<\/li>\n\n\n\n<li>Urakoissa auttaminen: 3 p<\/li>\n\n\n\n<li>Sitseill\u00e4 siivoaminen: 2 p<\/li>\n\n\n\n<li>Myyj\u00e4isiin leipominen: 2 p<\/li>\n\n\n\n<li>Opintopiirin vet\u00e4minen: 2 p<\/li>\n\n\n\n<li>Lipunmyynti bileiss\u00e4: 1 p<\/li>\n\n\n\n<li>Myyj\u00e4isten j\u00e4rjest\u00e4minen ja myymiseen osallistuminen: 1 p<\/li>\n\n\n\n<li>Sponsorien hankkiminen: 1\u20133p panoksen mukaan<\/li>\n\n\n\n<li>Jonkin tapahtuman ideointi\/toteutus: 1\u20133p panoksen mukaan<\/li>\n<\/ul>\n<\/div><\/div>\n\n\n\n<p class=\"has-text-align-center has-medium-font-size\"><strong>Palkkiot<\/strong><\/p>\n\n\n\n<ul class=\"wp-block-list\">\n<li>Jokin Kannan haalarimerkki = 1 p<\/li>\n\n\n\n<li>Etuosto-oikeus sitseille = 1 p<\/li>\n\n\n\n<li>Kannan heijastin = 2 p<\/li>\n\n\n\n<li>Sitsit puoleen hintaan = 3 p<\/li>\n\n\n\n<li>Kannan kangaskassi = 3 p<\/li>\n\n\n\n<li>Ilmainen sis\u00e4\u00e4np\u00e4\u00e4sy bileisiin = 3 p<\/li>\n<\/ul>\n<\/div>\n<\/div>\n<\/div>\n<\/div>\n<\/div>\n<\/div>\n","protected":false},"excerpt":{"rendered":"<p>Kannatin-toimikunnan tarkoituksena on olla hallituksen tukena Kannan j\u00e4rjest\u00e4m\u00e4ss\u00e4 toiminnassa ja palkita sit\u00e4 kautta aktiivisia j\u00e4seni\u00e4. Kannattimella on oma WhatsApp-ryhm\u00e4, ja sen toiminta keskittyy kyseiseen ryhm\u00e4\u00e4n. Hallituslaiset laittavat ryhm\u00e4\u00e4n ns. ty\u00f6tarjouksia, joissa he kertovat teht\u00e4v\u00e4st\u00e4 tarkat tiedot ja siit\u00e4 saatavan palkkion. Teht\u00e4v\u00e4\u00e4n voi ilmoittautua vastaamalla ryhm\u00e4ss\u00e4 ko. viestiin. Palkkiot toimivat pisteiden muodossa, joilla voi lunastaa itselleen &hellip; <a href=\"https:\/\/tyyala.utu.fi\/kanta\/kannatin\/\" class=\"more-link\">Jatka artikkeliin <span class=\"screen-reader-text\">Kannatin<\/span><\/a><\/p>\n","protected":false},"author":241,"featured_media":0,"parent":0,"menu_order":0,"comment_status":"closed","ping_status":"closed","template":"","meta":{"footnotes":""},"class_list":["post-1796","page","type-page","status-publish","hentry"],"_links":{"self":[{"href":"https:\/\/tyyala.utu.fi\/kanta\/wp-json\/wp\/v2\/pages\/1796","targetHints":{"allow":["GET"]}}],"collection":[{"href":"https:\/\/tyyala.utu.fi\/kanta\/wp-json\/wp\/v2\/pages"}],"about":[{"href":"https:\/\/tyyala.utu.fi\/kanta\/wp-json\/wp\/v2\/types\/page"}],"author":[{"embeddable":true,"href":"https:\/\/tyyala.utu.fi\/kanta\/wp-json\/wp\/v2\/users\/241"}],"replies":[{"embeddable":true,"href":"https:\/\/tyyala.utu.fi\/kanta\/wp-json\/wp\/v2\/comments?post=1796"}],"version-history":[{"count":9,"href":"https:\/\/tyyala.utu.fi\/kanta\/wp-json\/wp\/v2\/pages\/1796\/revisions"}],"predecessor-version":[{"id":2082,"href":"https:\/\/tyyala.utu.fi\/kanta\/wp-json\/wp\/v2\/pages\/1796\/revisions\/2082"}],"wp:attachment":[{"href":"https:\/\/tyyala.utu.fi\/kanta\/wp-json\/wp\/v2\/media?parent=1796"}],"curies":[{"name":"wp","href":"https:\/\/api.w.org\/{rel}","templated":true}]}}