{"id":175,"date":"2014-11-18T00:49:00","date_gmt":"2014-11-17T22:49:00","guid":{"rendered":"http:\/\/tyyala.utu.fi\/kanta\/?page_id=175"},"modified":"2023-11-21T15:14:29","modified_gmt":"2023-11-21T13:14:29","slug":"alumni","status":"publish","type":"page","link":"https:\/\/tyyala.utu.fi\/kanta\/alumni\/","title":{"rendered":"Alumni"},"content":{"rendered":"<p>Turun yliopistossa suomen kielt\u00e4 opiskelleilla alumneilla on oma yhdistys, Fenniks ry.<\/p>\n<p>Fenniksin j\u00e4seniksi voivat liitty\u00e4 kaikki Turun yliopistossa suomen kielt\u00e4 opiskelleet ja kandidaatiksi tai maisteriksi valmistuneet. Yhdistyksen j\u00e4seneksi liittyminen maksaa 20 euroa.<\/p>\n<p>Fenniksin toimintaan voit tutustua paremmin heid\u00e4n <a href=\"https:\/\/sites.google.com\/site\/fenniksry\/\">nettisivuillaan<\/a> ja <a href=\"https:\/\/www.facebook.com\/fenniksry\">Facebookissa<\/a>.<\/p>\n","protected":false},"excerpt":{"rendered":"<p>Turun yliopistossa suomen kielt\u00e4 opiskelleilla alumneilla on oma yhdistys, Fenniks ry. Fenniksin j\u00e4seniksi voivat liitty\u00e4 kaikki Turun yliopistossa suomen kielt\u00e4 opiskelleet ja kandidaatiksi tai maisteriksi valmistuneet. Yhdistyksen j\u00e4seneksi liittyminen maksaa 20 euroa. Fenniksin toimintaan voit tutustua paremmin heid\u00e4n nettisivuillaan ja Facebookissa.<\/p>\n","protected":false},"author":241,"featured_media":0,"parent":0,"menu_order":0,"comment_status":"open","ping_status":"closed","template":"","meta":{"footnotes":""},"class_list":["post-175","page","type-page","status-publish","hentry"],"_links":{"self":[{"href":"https:\/\/tyyala.utu.fi\/kanta\/wp-json\/wp\/v2\/pages\/175","targetHints":{"allow":["GET"]}}],"collection":[{"href":"https:\/\/tyyala.utu.fi\/kanta\/wp-json\/wp\/v2\/pages"}],"about":[{"href":"https:\/\/tyyala.utu.fi\/kanta\/wp-json\/wp\/v2\/types\/page"}],"author":[{"embeddable":true,"href":"https:\/\/tyyala.utu.fi\/kanta\/wp-json\/wp\/v2\/users\/241"}],"replies":[{"embeddable":true,"href":"https:\/\/tyyala.utu.fi\/kanta\/wp-json\/wp\/v2\/comments?post=175"}],"version-history":[{"count":3,"href":"https:\/\/tyyala.utu.fi\/kanta\/wp-json\/wp\/v2\/pages\/175\/revisions"}],"predecessor-version":[{"id":1891,"href":"https:\/\/tyyala.utu.fi\/kanta\/wp-json\/wp\/v2\/pages\/175\/revisions\/1891"}],"wp:attachment":[{"href":"https:\/\/tyyala.utu.fi\/kanta\/wp-json\/wp\/v2\/media?parent=175"}],"curies":[{"name":"wp","href":"https:\/\/api.w.org\/{rel}","templated":true}]}}