{"id":1663,"date":"2022-12-08T15:10:51","date_gmt":"2022-12-08T13:10:51","guid":{"rendered":"https:\/\/tyyala.utu.fi\/kanta\/?page_id=1663"},"modified":"2024-01-17T12:46:17","modified_gmt":"2024-01-17T10:46:17","slug":"kokouskoosteet-2023","status":"publish","type":"page","link":"https:\/\/tyyala.utu.fi\/kanta\/kokouskoosteet-2023\/","title":{"rendered":"Kokouskoosteet 2023"},"content":{"rendered":"\n<p><br \/><strong>Kokouskooste, 9.1.2023<\/strong><\/p>\n\n\n\n<p>Hyv\u00e4t Kannan j\u00e4senet,<br \/>Kannan hallitus vuodelle 2023 on pit\u00e4nyt ensimm\u00e4isen kokouksensa.<\/p>\n\n\n\n<p>Kev\u00e4\u00e4lle on suunnitteilla esimerkiksi bileit\u00e4, myyj\u00e4isi\u00e4, peli-ilta sek\u00e4 liikunta- ja kulttuuritapahtumia. Niist\u00e4 tiedotetaan l\u00e4hemp\u00e4n\u00e4 tapahtumia.<\/p>\n\n\n\n<p>P\u00e4ivystykset jatkuvat 11.1. alkaen maanantaisin ja keskiviikkoisin klo 12\u201314, ja perjantaisin klo 12\u201314 Kanta ja Kritiikki j\u00e4rjest\u00e4v\u00e4t yhteisp\u00e4ivystyksi\u00e4 vuoroviikoin.<\/p>\n\n\n\n<p>Kokouksen puolesta,<br \/>Urho Kunnas,<br \/>sihteeri<\/p>\n\n\n\n<p><br \/><strong>Kokouskooste, 16.1.2023<\/strong><\/p>\n\n\n\n<p>Hyv\u00e4t Kannan j\u00e4senet,<br \/>hallitus on kokoustanut toisen kerran.<\/p>\n\n\n\n<p>Haalarimerkkikilpailun voittanutta Hirveen rakastunut -merkki\u00e4 voi nyt ostaa Kannan p\u00e4ivystyksist\u00e4.<\/p>\n\n\n\n<p>Huhtikuussa hallitus j\u00e4rjest\u00e4\u00e4 Suomalaisen kirjallisuuden seuran kev\u00e4tseminaarissa myyj\u00e4iset.<\/p>\n\n\n\n<p>Kokouksen puolesta,<br \/>Urho Kunnas,<br \/>sihteeri<\/p>\n\n\n\n<p><br \/><strong>Kokouskooste, 23.1.2023<\/strong><\/p>\n\n\n\n<p>Hyv\u00e4t Kannan j\u00e4senet,<br \/>Hallitus on j\u00e4lleen kokoustanut.<\/p>\n\n\n\n<p>Kokouksessa kerrattiin menneit\u00e4 vallanvaihtajaisia ja uuden hallituksen iltakoulua. Uuden hallituksen esittely Kannan Instagramissa alkaa viikolla 5.<\/p>\n\n\n\n<p>Tulevia tapahtumia ovat esimerkiksi pyjamabileet ja kaverisitsit. Kannan kev\u00e4tkokous on 20.3. Agoralla. Helmikuussa j\u00e4rjestet\u00e4\u00e4n luistelutapahtuma, myyj\u00e4iset ja ompeluilta. Luvassa on my\u00f6s sitsilauluilta ja teatteriekskursio.<\/p>\n\n\n\n<p>Kokouksen puolesta<br \/>Urho Kunnas,<br \/>sihteeri <\/p>\n\n\n\n<p> <br \/><strong>Kokouskooste, 6.2.2023<\/strong><\/p>\n\n\n\n<p>Hyv\u00e4 j\u00e4senist\u00f6,<br \/>Kannan hallitus on j\u00e4lleen kokoustanut.<\/p>\n\n\n\n<p>L\u00e4himm\u00e4t tulevat tapahtumat ovat myyj\u00e4iset Arcanumissa 14.2. ja pyjamabileet 23.2. Lis\u00e4ksi yhdistyksen kev\u00e4tkokous j\u00e4rjestet\u00e4\u00e4n 20.3.<\/p>\n\n\n\n<p>Kokouksessa aloitettiin vapun tapahtumien suunnittelu. Kannan vappu alkaa alustavasti 17.4. ja huipentuu vapunp\u00e4iv\u00e4\u00e4n.<\/p>\n\n\n\n<p>Raha-asioiden helpottamiseksi taloudenhoitajan k\u00e4ytt\u00f6\u00f6n hankitaan pankkikortti.<br \/>Vanha Kanta ry -haalarimerkki aiotaan ottaa uudistuotantoon.<\/p>\n\n\n\n<p>Kokouksen puolesta<br \/>Urho Kunnas,<br \/>sihteeri<\/p>\n\n\n\n<p> <br \/><strong>Kokouskooste, 19.2.2023<\/strong><\/p>\n\n\n\n<p>Hyv\u00e4t Kannan j\u00e4senet,<\/p>\n\n\n\n<p>Hallituksen viidenness\u00e4 kokouksessa k\u00e4ytiin l\u00e4pi vuoden 2022 toimintakertomus ja tilinp\u00e4\u00e4t\u00f6s. Ne hyv\u00e4ksyttiin esitett\u00e4viksi yhdistyksen kev\u00e4tkokouksessa 20.3.<\/p>\n\n\n\n<p>Kokouksen puolesta,<br \/>Urho Kunnas,<br \/>sihteeri<\/p>\n\n\n\n<p><br \/><strong>Kokouskooste, 21.2.2023<\/strong><\/p>\n\n\n\n<p>Hyv\u00e4t kantalaiset,<br \/>hallituksen kuudennessa kokouksessa asiaa riitti!<\/p>\n\n\n\n<p>Kev\u00e4\u00e4n tapahtumiin kuuluvat kaverisitsit 15.3., munajahtibileet 6.4. ja toki Kannan vapputapahtumat 17.4.\u20131.5. Teatteriekskursio n\u00e4ytelm\u00e4\u00e4n Homous on syntikkapoppia on 18.3., ja sen ilmoittautuminen on auki 28.2. asti jos paikkoja riitt\u00e4\u00e4. Viikolla 9 j\u00e4rjestet\u00e4\u00e4n kaksi opintopiiri\u00e4. Suomen kielen kehityksen opintopiiri on 2.3. ja lauseopin 3.3. Yritysvierailu Turun Sanomien toimitukseen on 28.3., ja ilmoittautuminen sinne on auki 5.3. saakka.<\/p>\n\n\n\n<p>Viikolla 10 toimistop\u00e4ivystys on periodienv\u00e4lisen viikon vuoksi tauolla, mutta j\u00e4senist\u00f6 on tervetullut seuraamaan hallituksen Zoom-kokousta tiistaina 7.3.<\/p>\n\n\n\n<p>Kokouksen puolesta<br \/>Urho Kunnas,<br \/>sihteeri<\/p>\n\n\n\n<p><br \/><strong>Kokouskooste, 7.3.2023<\/strong><\/p>\n\n\n\n<p>Hyv\u00e4t j\u00e4senet<br \/>Periodien v\u00e4lisell\u00e4 viikolla Kannan hallitus piti kokouksen Zoomissa.<\/p>\n\n\n\n<p>Humanitaan Elina Kivim\u00e4ki oli kokouksessa tutustumassa hallituksen toimintaan. Hallituksen toiminta on l\u00e4htenyt k\u00e4yntiin hyvin ja suunnitelmia loppuvuodelle on paljon.<\/p>\n\n\n\n<p>Eniten l\u00e4hestyvi\u00e4 tapahtumia on vappuna eli 17.4.\u20131.5., mutta sit\u00e4 ennen j\u00e4rjestet\u00e4\u00e4n my\u00f6s esimerkiksi peli- ja levyraati-ilta 21.3., lasersota Kritiikin kanssa 5.4. sek\u00e4 Munajahtibileet 6.4. Yhdistyksen kev\u00e4tkokous on maanantaina 20.3.<\/p>\n\n\n\n<p>Kokouksen puolesta<br \/>Urho Kunnas,<br \/>sihteeri<\/p>\n\n\n\n<p><br \/><strong>Kokouskooste, 23.3.2023<\/strong><\/p>\n\n\n\n<p>Hyv\u00e4t kantalaiset<br \/>Hallituksen kahdeksannessa kokouksessa k\u00e4ytiin l\u00e4pi tulevia ja menneit\u00e4 tapahtumia ja hiottiin vapun tapahtumien yksityiskohtia.<\/p>\n\n\n\n<p>Tapahtumien osalta Kanta on alkanut jo varautumaan syksyyn, ja muutamia tilavarauksia on tehty.<br \/>Kokouksessa puhuttiin paljon Kannan toimikunnista. Kielekkeen uusi numero on julkaistu, ja lehdelle kuuluu muutenkin hyv\u00e4\u00e4. Kokouksessa puhuttiin my\u00f6s Oulun Osmasta ja merkkien vaihdosta, jonka ansiosta kantalaiset saavat haalareihinsa fennistimerkkej\u00e4 Suomen kaikista kolkista.<\/p>\n\n\n\n<p>Kokouksen puolesta<br \/>Urho Kunnas,<br \/>sihteeri<\/p>\n\n\n\n<p><br \/><strong>Kokouskooste, 3.4.2023<\/strong><\/p>\n\n\n\n<p>Arvon kantalaiset,<br \/>Hallituksen yhdeks\u00e4s kokous pidettiin huhtikuun alussa.<\/p>\n\n\n\n<p>Kannalle p\u00e4\u00e4tettiin tehd\u00e4 yhdenvertaisuussuunnitelma. Tapahtumille aiotaan my\u00f6s alkaa tekem\u00e4\u00e4n esteett\u00f6myyssuunnitelmat.<\/p>\n\n\n\n<p>Lis\u00e4ksi kokouksessa hiottiin vappusuunnitelmia ja puhuttiin kev\u00e4\u00e4n yhteis\u00f6llisyysp\u00e4iv\u00e4st\u00e4. My\u00f6s Turun Osman suunnittelu on aloitettu, mutta lis\u00e4\u00e4 suunnittelijoita ja j\u00e4rjest\u00e4ji\u00e4 kaivataan toimikuntaan.<\/p>\n\n\n\n<p>Kokouksen puolesta<br \/>Urho Kunnas,<br \/>sihteeri<\/p>\n\n\n\n<p><br \/><strong>Kokouskooste 17.4.2023<\/strong><\/p>\n\n\n\n<p>Hyv\u00e4t Kannan j\u00e4senet,<\/p>\n\n\n\n<p>Kymmenenness\u00e4 kokouksessaan Kannan hallitus keskittyi ennen kaikkea l\u00e4hestyv\u00e4\u00e4n vappuun ja sen tapahtumiin. My\u00f6s esimerkiksi tiedotuksesta toimiston k\u00e4yt\u00f6st\u00e4 vappuna puhuttiin. Lis\u00e4ksi puhuttiin esimerkiksi kurssipalautekyselyst\u00e4 ja hyvinvointikyselyst\u00e4, joiden tarkoituksena on saada tietoa oppiaineen ja Kannan toiminnan kehitt\u00e4miseen<\/p>\n\n\n\n<p>Kokouksen puolesta<br \/>Urho Kunnas,<br \/>sihteeri<\/p>\n\n\n\n<p><br \/><strong>Kokouskooste 3.5.2023<\/strong><\/p>\n\n\n\n<p>Hyv\u00e4t j\u00e4senet,<\/p>\n\n\n\n<p>Vapun j\u00e4lkeisess\u00e4 kokouksessa keski\u00f6ss\u00e4 olivat totta kai edellisten viikkojen vapputapahtumat, joiden k\u00e4sittelyst\u00e4 saatiin paljon hyvi\u00e4 ideoita seuraavaa vappua varten. Lis\u00e4ksi suunniteltiin jo kes\u00e4n ja syksyn toimintaa, jota koskien on saatu paljon toiveita j\u00e4senist\u00f6lt\u00e4. My\u00f6s Turun Osman j\u00e4rjest\u00e4misest\u00e4 puhuttiin jonkin verran, sill\u00e4 toimikunta kaipaa lis\u00e4\u00e4 j\u00e4seni\u00e4.<\/p>\n\n\n\n<p>Kokouksen puolesta<br \/>Urho Kunnas,<br \/>sihteeri<\/p>\n\n\n\n<p><br \/><strong>Kokouskooste 1.8.2023<\/strong><\/p>\n\n\n\n<p>Hyv\u00e4t kantalaiset,<\/p>\n\n\n\n<p>Elokuun alussa hallitus k\u00e4vi Zoom-kokouksessa l\u00e4pi tulevan syksyn tapahtumia ja tuutoreiden suunnitelmia fuksiviikkojen ohjelmasta. Ensimm\u00e4iset koko j\u00e4senist\u00f6lle avoimet tapahtumat ovat pes\u00e4pallotapahtuma, saunailta ja baarikierros. Fuksien kastajaiset j\u00e4rjestet\u00e4\u00e4n torstaina 31.8., ja rastinpit\u00e4ji\u00e4 etsit\u00e4\u00e4n Kannan WhatsApp-ryhm\u00e4n kautta. Lis\u00e4ksi Kanta osallistuu TYYn blokkiin Turku Pride -kulkueessa 26.8.<\/p>\n\n\n\n<p>Opintojen alkaessa k\u00e4ynnistyv\u00e4t my\u00f6s toimistop\u00e4ivystykset ja viikoittaiset Kantamus-uutiskirjeet Kannan s\u00e4hk\u00f6postilistalla. Nyky\u00e4\u00e4n tapahtumista tiedotetaan muiden kanavien lis\u00e4ksi Kannan nettisivujen uudessa tapahtumakalenterissa.<\/p>\n\n\n\n<p>Kokouksen puolesta<br \/>Urho Kunnas,<br \/>sihteeri<\/p>\n\n\n\n<p><br \/><strong>Kokouskooste 12.9.2023<\/strong><\/p>\n\n\n\n<p>Hyv\u00e4t kantalaiset,<\/p>\n\n\n\n<p>Syyskuun ensimm\u00e4isess\u00e4 kokouksessa oli mukana vieraita, kun alumnij\u00e4rjest\u00f6 Fenniks ry:n hallitus tuli esitt\u00e4ytym\u00e4\u00e4n Kannan hallitukselle ja suunnittelemaan j\u00e4rjest\u00f6jen yhteisty\u00f6t\u00e4. Ensimm\u00e4inen yhteinen tapahtuma on urailta 14.11. Ennen urailtaa toimistolla juhlitaan Fenniksin 10-vuotista taivalta, tarjolla on my\u00f6s juotavaa ja pient\u00e4 sy\u00f6t\u00e4v\u00e4\u00e4. Nykyiset opiskelijat ovat tervetulleita my\u00f6s Fenniksin ty\u00f6nj\u00e4lkeisiin Proffan kellarissa torstaina 28.9.<\/p>\n\n\n\n<p>Tulevia tapahtumia ovat muun muassa Fuksibileet Heidisiss\u00e4 keskiviikkona 20.9., kaljaviesti keskiviikkona 27.9. ja Barbibileet Marilyniss\u00e4 25.10. Ennen Barbibileit\u00e4 j\u00e4rjestet\u00e4\u00e4n my\u00f6s leffailta Machinan kanssa.<\/p>\n\n\n\n<p>Kokouksen puolesta<br \/>Urho Kunnas,<br \/>sihteeri<\/p>\n\n\n\n<p><br \/><strong>Kokouskooste 18.9.2023<\/strong><\/p>\n\n\n\n<p>Hyv\u00e4t kantalaiset,<\/p>\n\n\n\n<p>Yhdistyksen ylim\u00e4\u00e4r\u00e4isen kokouksen j\u00e4lkeen Kannan hallitus piti pienen kokouksen.<br \/>Kokouksessa suunniteltiin ennen kaikkea syksyn alkoholittomia tapahtumia. Ennen vuodenvaihdetta j\u00e4rjestet\u00e4\u00e4n viel\u00e4 kahdet myyj\u00e4iset. Lis\u00e4ksi j\u00e4rjestet\u00e4\u00e4n pihapeli-ilta, l\u00e4ksyparkki, ompeluilta ja taidepaja. Muita suunnitteilla olevia tapahtumia ovat hallitushoukuttelu ja Halloween-suunnistus.<\/p>\n\n\n\n<p>Kokouksen puolesta<br \/>Urho Kunnas,<br \/>sihteeri<\/p>\n\n\n\n<p><strong>Kokouskooste 27.9.2023<\/strong><\/p>\n\n\n\n<p><br \/>Arvon kantalaiset,<br \/><br \/>Hallituksen seitsem\u00e4stoista kokous pidettiin tuttuun tapaan toimistolla. Kokouksessa viimeisteltiin fuksisitsien ja Seilin ekskursion suunnitelmia. Muita tapahtumia asialistalla olivat esimerkiksi ompeluilta, myyj\u00e4iset, Barbie-bileet ja DInsin\u00f6\u00f6ri ja humanisti -sitsit ja -bileet.<br \/><br \/>Kokouksen puolesta<br \/>Urho Kunnas,<br \/>sihteeri<\/p>\n\n\n\n<p><strong>Kokouskooste 10.10.2023<\/strong><\/p>\n\n\n\n<p><br \/>Hyv\u00e4t j\u00e4senet,<br \/><br \/>Lokakuun puoliv\u00e4liss\u00e4 sek\u00e4 menneit\u00e4 ett\u00e4 tulevia tapahtumia oli paljon. Kuun lopussa j\u00e4rjestet\u00e4\u00e4n esimerkiksi Halloween-suunnistus, seuraavan kuun puolella taas muun muassa houkutellaan hallitukseen j\u00e4seni\u00e4 ja kuullaan Fenniks ry:n kanssa j\u00e4rjestett\u00e4v\u00e4ss\u00e4 uraillassa alumnien ty\u00f6urista.<br \/><br \/>Kokouksessa sovittiin my\u00f6s hallituspestien esittelyist\u00e4 Kannan Instagram-tilill\u00e4 ja puhuttiin sosiaalipoliittisista asioista kuten yhteisty\u00f6st\u00e4 Mielen p\u00e4\u00e4ll\u00e4 -toiminnan kanssa.<br \/><br \/>Kokouksen puolesta<br \/>Urho Kunnas,<br \/>sihteeri<\/p>\n\n\n\n<p><strong>Kokouskooste 17.10.2023<\/strong><\/p>\n\n\n\n<p><br \/>Hyv\u00e4t kantalaiset,<br \/><br \/>Periodien v\u00e4lisell\u00e4 viikolla hallitus piti pikaisen Zoom-kokouksen. Pikaisessa kokouksessa k\u00e4siteltiin muutamaa aiempaa tapahtumaa, mutta p\u00e4\u00e4painona oli TYYn kunnianosoitusten hakeminen. Hallitus p\u00e4\u00e4tti hakea TYYn kuntanauhoja, kuntamerkkej\u00e4 ja yht\u00e4 ansiomerkki\u00e4 ansioituneille kantalaisille, jotka ovat toimineet yhdistyksen ja opiskelijoiden hyv\u00e4ksi.<br \/><br \/>Kokouksen puolesta<br \/>Urho Kunnas,<br \/>sihteeri<\/p>\n\n\n\n<p><strong>Kokouskooste 23.10.2023<\/strong><\/p>\n\n\n\n<p><br \/>Hyv\u00e4 j\u00e4senist\u00f6,<br \/><br \/>Hallituksen 20. kokouksen tulevat tapahtumat -osiossa puhuttiin muun muassa Kannan kirpputorista ja VVV-illasta ja yhdistyksen syyskokouksesta. Kannan collegetilaus on l\u00e4hetetty vaatefirmalle, ja asia etenee.<br \/>Kokouksessa oli paljon asiaa toimikunnista. Tulevaa Helsingin Osmaa varten j\u00e4rjestet\u00e4\u00e4n suunnittelu- ja tutustumiskokous 1.11. Sinne ovat tervetulleita kaikki Osmaan suuntaavat. Lis\u00e4ksi kokouksessa suunniteltiin toiminnan kehitt\u00e4mist\u00e4 uuden toimikunnan avulla. Uusi toimikunta voisi auttaa hallituksen j\u00e4seni\u00e4 tapahtumien j\u00e4rjest\u00e4misess\u00e4 ja esimerkiksi leipoa myyj\u00e4istuotteita.<br \/><br \/>Kokouksen puolesta<br \/>Urho Kunnas,<br \/>sihteeri<\/p>\n\n\n\n<p><strong>Kokouskooste 5.11.<\/strong><\/p>\n\n\n\n<p>Hyv\u00e4t Kannan j\u00e4senet!<\/p>\n\n\n\n<p>Ennen syyskokouksen kutsun l\u00e4hett\u00e4mist\u00e4 hallitus kokousti sunnuntaina. Kokouksessa hallitus hyv\u00e4ksyi toimintasuunnitelman, talousarvion ja yhdenvertaisuussuunnitelman. Niist\u00e4 koko yhdistys p\u00e4\u00e4tt\u00e4\u00e4 Kannan syyskokouksessa 20.11.<\/p>\n\n\n\n<p>Lis\u00e4ksi kokouksessa k\u00e4ytiin l\u00e4pi loppuvuoden tapahtumia kuten Urailtaa, l\u00e4ksyparkkia, myyj\u00e4isi\u00e4 ja pikkujouluja. My\u00f6s lomaltapaluuristeilyn suunnittelu on alkanut.<\/p>\n\n\n\n<p>Kokouksen puolesta<br \/>Urho Kunnas,<br \/>sihteeri<\/p>\n\n\n\n<p><strong>Kokouskooste 21.11.<\/strong><\/p>\n\n\n\n<p><br \/>Hallituksen kahdeskymmenestoinen kokous oli p\u00e4iv\u00e4n syyskokouksen j\u00e4lkeen, joten uuden hallituksen kokoonpanosta puhuttiin kokouksessa. Lis\u00e4ksi k\u00e4siteltiin vuoden lopun tapahtumia, erityisesti Kannan ja Sugrin pikkujoulujen suunnitelmia. My\u00f6s joulukalenteria ja esimerkiksi lomaltapaluuristeily\u00e4 k\u00e4siteltiin.<br \/><br \/>Kokouksen puolesta<br \/>Urho Kunnas, <br \/>sihteeri<\/p>\n\n\n\n<p><strong>Kokouskooste 12.12.<\/strong><\/p>\n\n\n\n<p><br \/>Joulukuun ensimm\u00e4inen kokous pidettiin hybridin\u00e4 ja moni osallistuja oli Zoomissa. Kokouksessa puitiin sit\u00e4, ett\u00e4 monissa tapahtumissa on ollut varsin pieni osallistujam\u00e4\u00e4r\u00e4. Toisaalta oltiin iloisia siit\u00e4, ett\u00e4 oppiaineen pikkujouluissa oli runsaasti vaihto-oppilaita. Seuraavalle vuodelle suunniteltiinkin tapoja saada vaihto-oppilaat mukaan Kannan tapahtumiin. Kannan ja Sugrin pikkujoulujen suunnitelmat konkretisoituivat. Tulevalle vuodelle on varmistunut Pikkulaskiaisen lippujen myynti. Vuodesta 2024 puhuttiin my\u00f6s, kun fuksikyselyn tuloksia k\u00e4ytiin l\u00e4pi.<br \/><br \/>Kokouksen puolesta<br \/>Urho Kunnas, <br \/>sihteeri<\/p>\n\n\n\n<p><strong>Kokouskooste 19.12.<\/strong><\/p>\n\n\n\n<p><br \/>Hallituksen viimeisess\u00e4 kokouksessa k\u00e4siteltiin menneit\u00e4 pikkujouluja, mutta katse oli enimm\u00e4kseen tulevassa eli alkuvuodelle varatuissa tapahtumissa. Vuoden 2023 kiitt\u00e4\u00e4 vuodesta. Seuraava hallitus kokoustaa ensimm\u00e4isen kerran viikolla 3.<br \/><br \/>Kokouksen puolesta<br \/>Urho Kunnas, <br \/>sihteeri<\/p>\n","protected":false},"excerpt":{"rendered":"<p>Kokouskooste, 9.1.2023 Hyv\u00e4t Kannan j\u00e4senet,Kannan hallitus vuodelle 2023 on pit\u00e4nyt ensimm\u00e4isen kokouksensa. Kev\u00e4\u00e4lle on suunnitteilla esimerkiksi bileit\u00e4, myyj\u00e4isi\u00e4, peli-ilta sek\u00e4 liikunta- ja kulttuuritapahtumia. Niist\u00e4 tiedotetaan l\u00e4hemp\u00e4n\u00e4 tapahtumia. P\u00e4ivystykset jatkuvat 11.1. alkaen maanantaisin ja keskiviikkoisin klo 12\u201314, ja perjantaisin klo 12\u201314 Kanta ja Kritiikki j\u00e4rjest\u00e4v\u00e4t yhteisp\u00e4ivystyksi\u00e4 vuoroviikoin. Kokouksen puolesta,Urho Kunnas,sihteeri Kokouskooste, 16.1.2023 Hyv\u00e4t Kannan j\u00e4senet,hallitus on &hellip; <a href=\"https:\/\/tyyala.utu.fi\/kanta\/kokouskoosteet-2023\/\" class=\"more-link\">Jatka artikkeliin <span class=\"screen-reader-text\">Kokouskoosteet 2023<\/span><\/a><\/p>\n","protected":false},"author":241,"featured_media":0,"parent":0,"menu_order":0,"comment_status":"closed","ping_status":"closed","template":"","meta":{"footnotes":""},"class_list":["post-1663","page","type-page","status-publish","hentry"],"_links":{"self":[{"href":"https:\/\/tyyala.utu.fi\/kanta\/wp-json\/wp\/v2\/pages\/1663","targetHints":{"allow":["GET"]}}],"collection":[{"href":"https:\/\/tyyala.utu.fi\/kanta\/wp-json\/wp\/v2\/pages"}],"about":[{"href":"https:\/\/tyyala.utu.fi\/kanta\/wp-json\/wp\/v2\/types\/page"}],"author":[{"embeddable":true,"href":"https:\/\/tyyala.utu.fi\/kanta\/wp-json\/wp\/v2\/users\/241"}],"replies":[{"embeddable":true,"href":"https:\/\/tyyala.utu.fi\/kanta\/wp-json\/wp\/v2\/comments?post=1663"}],"version-history":[{"count":37,"href":"https:\/\/tyyala.utu.fi\/kanta\/wp-json\/wp\/v2\/pages\/1663\/revisions"}],"predecessor-version":[{"id":1906,"href":"https:\/\/tyyala.utu.fi\/kanta\/wp-json\/wp\/v2\/pages\/1663\/revisions\/1906"}],"wp:attachment":[{"href":"https:\/\/tyyala.utu.fi\/kanta\/wp-json\/wp\/v2\/media?parent=1663"}],"curies":[{"name":"wp","href":"https:\/\/api.w.org\/{rel}","templated":true}]}}