{"id":822,"date":"2017-09-11T20:56:30","date_gmt":"2017-09-11T17:56:30","guid":{"rendered":"http:\/\/tyyala.utu.fi\/iva\/?page_id=822"},"modified":"2022-08-09T10:44:47","modified_gmt":"2022-08-09T07:44:47","slug":"uudelle-opiskelijalle","status":"publish","type":"page","link":"https:\/\/tyyala.utu.fi\/iva\/uudelle-opiskelijalle\/","title":{"rendered":"Uudelle Opiskelijalle"},"content":{"rendered":"<h3><strong><a href=\"https:\/\/tyyala.utu.fi\/iva\/wp-content\/uploads\/sites\/43\/Etusivu.jpg\"><img loading=\"lazy\" decoding=\"async\" class=\"alignnone wp-image-1033 size-full\" src=\"https:\/\/tyyala.utu.fi\/iva\/wp-content\/uploads\/sites\/43\/Etusivu.jpg\" alt=\"\" width=\"1600\" height=\"727\" srcset=\"https:\/\/tyyala.utu.fi\/iva\/wp-content\/uploads\/sites\/43\/Etusivu.jpg 1600w, https:\/\/tyyala.utu.fi\/iva\/wp-content\/uploads\/sites\/43\/Etusivu-300x136.jpg 300w, https:\/\/tyyala.utu.fi\/iva\/wp-content\/uploads\/sites\/43\/Etusivu-768x349.jpg 768w, https:\/\/tyyala.utu.fi\/iva\/wp-content\/uploads\/sites\/43\/Etusivu-1024x465.jpg 1024w\" sizes=\"auto, (max-width: 1600px) 100vw, 1600px\" \/><\/a><br \/>\n<\/strong><\/h3>\n<h3>Hei sin\u00e4 uusi biol\u00e4\u00e4ketieteen opiskelija!<\/h3>\n<p>Valtavasti onnea opiskelupaikastasi ja tervetuloa keltahaalariseen joukkoomme!<\/p>\n<p>On joitakin asioita, joita sinun t\u00e4ytyy muistaa tehd\u00e4 ennen kuin p\u00e4\u00e4set aloittamaan varsinaiset opintosi syksyll\u00e4. Ensimm\u00e4iseksi sinun t\u00e4ytyy vastaanottaa uunituore paikkasi sek\u00e4 ilmoittautua l\u00e4sn\u00e4- tai poissaolevaksi tulevalle lukuvuodelle. Muista my\u00f6s tilata ajoissa itsellesi opiskelijakortti sek\u00e4 hakea opintotukea ja asumistukea Kelalta. Aloita my\u00f6s asunnon hakeminen ajoissa. Ohjeita n\u00e4ihin l\u00f6ytyy fetuskirjeest\u00e4, jonka tulisi saapua meiliisi piakkoin.<\/p>\n<p>Opintosi alkavat johdantoviikolla, jolloin p\u00e4\u00e4set tutustumaan uusiin opiskelukavereihisi, opintoihisi sek\u00e4 k\u00e4yt\u00e4nn\u00f6n asioihin ja yliopistomaailmaan ylip\u00e4\u00e4ns\u00e4. Oppainasi toimivat tuutorit, joita voit nyki\u00e4 haalareista aina, kun mielt\u00e4si askarruttaa jokin kysymys \u2013 he auttavat mielell\u00e4\u00e4n.<\/p>\n<h4>T\u00e4ss\u00e4 hy\u00f6dyllisi\u00e4 tiedotuskanavia, joita tulet tarvitsemaan heti ensimm\u00e4isin\u00e4 viikkoina:<\/h4>\n<ul>\n<li>Saat uutena opiskelijana oman utu-meilisi. Se kannattaa ottaa heti seurantaan, sill\u00e4 suuri osa yliopiston tiedotuksesta sek\u00e4 ainej\u00e4rjest\u00f6si viikkokirje IVAPOSTI tipahtaa sinne.<\/li>\n<li>K\u00e4y\u00a0tsekkaamassa \u00a0<a href=\"https:\/\/www.instagram.com\/invitroaboensis\/\">IVAn oma instagram<\/a> sek\u00e4 alan opiskeluun ja ty\u00f6el\u00e4m\u00e4\u00e4n keskittyv\u00e4 <a href=\"https:\/\/www.instagram.com\/biolaaketiede\/\">biol\u00e4\u00e4ketiede ig-tili<\/a>.<\/li>\n<li>Voit k\u00e4yd\u00e4 tykk\u00e4\u00e4m\u00e4ss\u00e4<a href=\"https:\/\/www.facebook.com\/invitroaboensis\/?fref=ts\"> IVAn Facebook-sivusta<\/a>, vaikka ajankohtaisimpia asioita tiedotetaan l\u00e4hinn\u00e4 ig:ss\u00e4 ja IVAPOSTIn kautta.<\/li>\n<li>Varmista my\u00f6s, ett\u00e4 sinut liitet\u00e4\u00e4n IVAn sek\u00e4 oman kurssisi WhatsApp-ryhmiin.<\/li>\n<li><a href=\"https:\/\/student.peppi.utu.fi\/\">Pepin<\/a> kautta ilmoittaudutaan kursseille ja l\u00e4sn\u00e4olevaksi lukukaudelle. Siell\u00e4 voit my\u00f6s tarkkailla opintosuorituksiasi sek\u00e4 kurssitarjontaa opinto-oppaista. T\u00e4nne p\u00e4\u00e4set kirjautumaan utu-tunnuksillasi.<\/li>\n<li>Utu-tunnuksilla p\u00e4\u00e4set my\u00f6s n\u00e4kem\u00e4\u00e4n lukuj\u00e4rjestyksesi\u00a0<a href=\"https:\/\/lukkarit.utu.fi\/\">Lukkarikoneesta<\/a>.<\/li>\n<li><a href=\"https:\/\/intranet.utu.fi\/fi\/\">Yliopiston intranetist\u00e4<\/a> l\u00f6yd\u00e4t runsaasti tietoa, kunhan tuota hieman sekavalta tuntuvaa sivustoa oppii k\u00e4ytt\u00e4m\u00e4\u00e4n. P\u00e4\u00e4set sen sy\u00f6vereihin saatuasi omat utu-tunnuksesi.ja voit siell\u00e4 k\u00e4yd\u00e4 lukemassa enemm\u00e4n\u00a0opiskelusta, yliopiston tarjoamista ty\u00f6kaluista sek\u00e4 hakea apua s\u00e4hk\u00f6isiin ongelmatilanteisiin.<\/li>\n<li>Ajankohtaisia asioita tiedekuntamme tapahtumista l\u00f6ytyy <a href=\"https:\/\/intranet.utu.fi\/fi\/yksikot\/med\/Sivut\/home.aspx\">l\u00e4<\/a><a href=\"https:\/\/intranet.utu.fi\/fi\/yksikot\/med\/Sivut\/home.aspx\">\u00e4ketieteellisen tiedekunnan<\/a> sivuilta.<\/li>\n<li><a href=\"https:\/\/www.tyy.fi\/fi\">Yliopiston omaan ylioppilaskuntaan<\/a>\u00a0ja sen toimintaan kannattaa k\u00e4yd\u00e4 tutustumassa etuk\u00e4teen.<\/li>\n<\/ul>\n<h4><strong>Lis\u00e4ksi alkuun voivat auttaa:<\/strong><\/h4>\n<ul>\n<li><a href=\"https:\/\/www.tys.fi\/\">TYS:lt\u00e4 eli Turun ylioppilaskyl\u00e4s\u00e4\u00e4ti\u00f6lt\u00e4<\/a> voit hakea opiskelija-asuntoa itsellesi.<\/li>\n<li>Oppikirjoja voit l\u00f6yt\u00e4\u00e4 k\u00e4ytettyn\u00e4 esimerkiksi<a href=\"https:\/\/www.facebook.com\/groups\/240852925948328\/?fref=ts\"> Turun (hammas)l\u00e4\u00e4kiksen kirjatorilta<\/a> sek\u00e4<a href=\"https:\/\/www.facebook.com\/groups\/171504069537600\/?fref=ts\"> L\u00e4\u00e4kiskirjamarkkinoilta<\/a>.<\/li>\n<li>Etenkin jos Turku ei ole kotikaupunkina entuudestaan tuttu, kannattaa k\u00e4yd\u00e4 tsekkaamassa <a href=\"https:\/\/www.turku.fi\">Turun kaupungin<\/a> kotisivuja, joista l\u00f6ytyy runsaasti tietoa sosiaalipalveluista, virkist\u00e4ytymisalueista, kulttuurista, tapahtumista jne.<\/li>\n<\/ul>\n<hr \/>\n<h3 style=\"text-align: right\">Ota yhteytt\u00e4<\/h3>\n<p style=\"text-align: right\"><a href=\"mailto:iva@utu.fi\">iva@utu.fi<\/a><\/p>\n<p style=\"text-align: right\">In Vitro Aboensis ry<\/p>\n<p style=\"text-align: right\">Lemmink\u00e4isenkatu 2<\/p>\n<p style=\"text-align: right\">20520 Turku<\/p>\n<h3 style=\"text-align: right\"><\/h3>\n<h3 style=\"text-align: right\">Seuraa meit\u00e4<\/h3>\n<p style=\"text-align: right\"><a href=\"https:\/\/www.facebook.com\/invitroaboensis\/\">fb<\/a>\u00a0&amp;\u00a0<a href=\"https:\/\/www.instagram.com\/invitroaboensis\/\">ig<\/a><\/p>\n","protected":false},"excerpt":{"rendered":"<p>Hei sin\u00e4 uusi biol\u00e4\u00e4ketieteen opiskelija! Valtavasti onnea opiskelupaikastasi ja tervetuloa keltahaalariseen joukkoomme! On joitakin asioita, joita sinun t\u00e4ytyy muistaa tehd\u00e4 ennen kuin p\u00e4\u00e4set aloittamaan varsinaiset opintosi syksyll\u00e4. Ensimm\u00e4iseksi sinun t\u00e4ytyy [&hellip;]<\/p>\n","protected":false},"author":450,"featured_media":0,"parent":0,"menu_order":0,"comment_status":"closed","ping_status":"closed","template":"","meta":{"footnotes":""},"class_list":["post-822","page","type-page","status-publish","hentry"],"_links":{"self":[{"href":"https:\/\/tyyala.utu.fi\/iva\/wp-json\/wp\/v2\/pages\/822","targetHints":{"allow":["GET"]}}],"collection":[{"href":"https:\/\/tyyala.utu.fi\/iva\/wp-json\/wp\/v2\/pages"}],"about":[{"href":"https:\/\/tyyala.utu.fi\/iva\/wp-json\/wp\/v2\/types\/page"}],"author":[{"embeddable":true,"href":"https:\/\/tyyala.utu.fi\/iva\/wp-json\/wp\/v2\/users\/450"}],"replies":[{"embeddable":true,"href":"https:\/\/tyyala.utu.fi\/iva\/wp-json\/wp\/v2\/comments?post=822"}],"version-history":[{"count":12,"href":"https:\/\/tyyala.utu.fi\/iva\/wp-json\/wp\/v2\/pages\/822\/revisions"}],"predecessor-version":[{"id":2780,"href":"https:\/\/tyyala.utu.fi\/iva\/wp-json\/wp\/v2\/pages\/822\/revisions\/2780"}],"wp:attachment":[{"href":"https:\/\/tyyala.utu.fi\/iva\/wp-json\/wp\/v2\/media?parent=822"}],"curies":[{"name":"wp","href":"https:\/\/api.w.org\/{rel}","templated":true}]}}