{"id":61,"date":"2009-09-25T16:27:12","date_gmt":"2009-09-25T13:27:12","guid":{"rendered":"http:\/\/org.utu.fi:80\/tyyala\/iva\/wp\/?page_id=61"},"modified":"2025-07-23T20:29:37","modified_gmt":"2025-07-23T17:29:37","slug":"yhdistyksen-saannot","status":"publish","type":"page","link":"https:\/\/tyyala.utu.fi\/iva\/yhdistyksen-saannot\/","title":{"rendered":"Yhdistyksen s\u00e4\u00e4nn\u00f6t"},"content":{"rendered":"<p style=\"text-align: left\">In Vitro Aboensis IVA ry<br \/>Lemmink\u00e4isenkatu 2<br \/>20520 TURKU<\/p>\n<p>\u00a0<\/p>\n<p style=\"font-weight: 400\">Yhdistyksen s\u00e4\u00e4nn\u00f6t<\/p>\n<p style=\"font-weight: 400\">YLEISET S\u00c4\u00c4NN\u00d6T<\/p>\n<p style=\"font-weight: 400\">1\u00a7 Nimi ja kotipaikka<\/p>\n<p style=\"font-weight: 400\">Yhdistyksen nimi on In Vitro Aboensis IVA ry ja sen kotipaikka on Turun kaupunki.<\/p>\n<p style=\"font-weight: 400\">2\u00a7 Tarkoitus<\/p>\n<p style=\"font-weight: 400\">Yhdistyksen tarkoituksena on valvoa Turun yliopiston biol\u00e4\u00e4ketieteen opintokysymyksiin liittyvi\u00e4 etuja sek\u00e4 muita opiskeluel\u00e4m\u00e4\u00e4n liittyvi\u00e4 asioita.<\/p>\n<p style=\"font-weight: 400\">3\u00a7 Toimintamuodot<\/p>\n<p style=\"font-weight: 400\">Yhdistys toimii Turun yliopiston biol\u00e4\u00e4ketieteen entisten ja nykyisten opiskelijoiden yhdyssiteen\u00e4, j\u00e4rjest\u00e4\u00e4 esitelm\u00e4tilaisuuksia, kursseja, keskustelutilaisuuksia, opintoretki\u00e4, illanviettoja, harjoittaa opinto-ohjausta, julkaisu- ja kerhotoimintaa sek\u00e4 muuta vastaavaa toimintaa. Yhdistys on oikeutettu ottamaan vastaan lahjoituksia ja testamentteja sek\u00e4 omistamaan ja hallitsemaan kiinteist\u00f6j\u00e4 ja arvopapereita. Yhdistys voi harjoittaa voittoa tavoittelematonta opiskelumateriaalien ja kannatustuotteiden v\u00e4litystoimintaa. Yhdistys voi harjoittaa varainkeruuta myym\u00e4ll\u00e4 kannatustuotteita, kuten haalarimerkkej\u00e4. Yhdistys voi j\u00e4rjest\u00e4\u00e4 arpajaisia ja rahanker\u00e4yst\u00e4 asianomaisen luvan saatuaan.<\/p>\n<p style=\"font-weight: 400\">J\u00c4SENYYS<\/p>\n<p style=\"font-weight: 400\">4\u00a7 Varsinaiset j\u00e4senet<\/p>\n<p style=\"font-weight: 400\">Yhdistyksen varsinaiseksi j\u00e4seneksi voi liitty\u00e4 jokainen Turun yliopistossa biol\u00e4\u00e4ketiedett\u00e4 opiskeleva henkil\u00f6 tai muu edell\u00e4 mainitusta alasta kiinnostunut korkeakoulussa opiskeleva henkil\u00f6.<\/p>\n<p style=\"font-weight: 400\">5\u00a7 Ikij\u00e4senet<\/p>\n<p style=\"font-weight: 400\">Yhdistyksen ikij\u00e4senyytt\u00e4 voivat yhdistyksen hallitukselta hakea kaikki yhdistyksen varsinaisena j\u00e4senen\u00e4 5 vuotta olleet henkil\u00f6t.<\/p>\n<p style=\"font-weight: 400\">6\u00a7 Kannattajaj\u00e4senet<\/p>\n<p style=\"font-weight: 400\">Yhdistyksen kannattajaj\u00e4seneksi voi liitty\u00e4 jokainen yksityinen henkil\u00f6 tai oikeuskelpoinen yhteis\u00f6, joka haluaa tukea yhdistyksen toimintaa.<\/p>\n<p style=\"font-weight: 400\">7\u00a7 Kunniaj\u00e4senet<\/p>\n<p style=\"font-weight: 400\">Yhdistyksen kunniaj\u00e4seneksi voidaan kutsua henkil\u00f6, joka on huomattavalla tavalla edist\u00e4nyt biol\u00e4\u00e4ketieteen kehityst\u00e4 tai on eritt\u00e4in ansiokkaasti toiminut yhdistyksen tarkoitusperien toteuttamiseksi. Ehdotuksen kunniaj\u00e4seneksi kutsumisesta tekee yhdistyksen hallitus ja asia k\u00e4sitell\u00e4\u00e4n yhdistyksen kokouksessa. Ehdotuksen hyv\u00e4ksymiseksi tulee sit\u00e4 kannattaa v\u00e4hint\u00e4\u00e4n 2\/3 \u00e4\u00e4nestykseen osallistuneista.<\/p>\n<p style=\"font-weight: 400\">8\u00a7 J\u00e4senmaksut<\/p>\n<p style=\"font-weight: 400\">Yhdistyksen varsinaisten ja kannattajaj\u00e4senten on vuosittain suoritettava j\u00e4senmaksu, jonka suuruudesta ja kannosta p\u00e4\u00e4tt\u00e4\u00e4 edellisen vuoden syyskokous. Yhdistyksen kunnia- ja ikij\u00e4senilt\u00e4 ei perit\u00e4 j\u00e4senmaksuja.<\/p>\n<p style=\"font-weight: 400\">9\u00a7 Turvallisemman tilan periaatteet<\/p>\n<p style=\"font-weight: 400\">Kaikessa yhdistyksen toiminnassa noudatetaan yhdistyksen Turvallisemman tilan periaatteita sek\u00e4 yhdenvertaisuussuunnitelmaa. Yhdistyksen kokous voi tarvittaessa tehd\u00e4 muutoksia Turvallisemman tilan periaatteisiin ja yhdenvertaisuussuunnitelmaan.<\/p>\n<p style=\"font-weight: 400\">10\u00a7 Kirjallinen huomautus<\/p>\n<p style=\"font-weight: 400\">Yhdistyksen hallitus voi antaa yhdistyksen j\u00e4senelle kirjallisen huomautuksen, mik\u00e4li j\u00e4sen on menetellyt yhdistyksen s\u00e4\u00e4nt\u00f6jen vastaisesti tai j\u00e4tt\u00e4nyt maksuja, kuten tapahtumien osallistumismaksuja maksamatta.<\/p>\n<p style=\"font-weight: 400\">11\u00a7 Kirjallinen varoitus<\/p>\n<p style=\"font-weight: 400\">Yhdistyksen hallitus voi antaa kirjallisen varoituksen j\u00e4senelle, joka on toiminut vastoin yhdistyksen tarkoitusperi\u00e4 tai muutoin yhdistyst\u00e4 vahingoittavalla tavalla, tai j\u00e4senelle, joka on toistuvasti menetellyt yhdistyksen s\u00e4\u00e4nt\u00f6jen vastaisesti tai j\u00e4tt\u00e4nyt maksuja, kuten tapahtumien osallistumismaksuja maksamatta.<\/p>\n<p style=\"font-weight: 400\">12\u00a7 Eroaminen ja erottaminen j\u00e4rjest\u00f6st\u00e4<\/p>\n<p style=\"font-weight: 400\">Yhdistyksen j\u00e4senell\u00e4 on oikeus erota yhdistyksest\u00e4 ilmoittamalla siit\u00e4 kirjallisesti hallitukselle tai sen puheenjohtajalle tai ilmoittamalla erosta yhdistyksen kokouksessa. J\u00e4sen voidaan katsoa eronneeksi, jos h\u00e4n ei ole suorittanut kuluvan kalenterivuoden j\u00e4senmaksua kuukauden kuluessa er\u00e4p\u00e4iv\u00e4st\u00e4. J\u00e4sen, joka on toiminut vakavalla tavalla vastoin yhdistyksen s\u00e4\u00e4nt\u00f6j\u00e4, tarkoitusperi\u00e4 tai muutoin yhdistyst\u00e4 vahingoittavalla tavalla tai aiemmin saanut varoituksen yhdistyksen hallitukselta, voidaan erottaa yhdistyksest\u00e4. Erottamisen suorittaa yhdistyksen hallitus yksimielisell\u00e4 p\u00e4\u00e4t\u00f6ksell\u00e4. Erottamisp\u00e4\u00e4t\u00f6ksest\u00e4 on aina suoritettava suljettu lippu\u00e4\u00e4nestys, ja \u00e4\u00e4nestyksen tulos on merkitt\u00e4v\u00e4 kokouksen p\u00f6yt\u00e4kirjaan.<\/p>\n<p style=\"font-weight: 400\">YHDISTYKSEN KOKOUKSET<\/p>\n<p style=\"font-weight: 400\">13\u00a7 Yhdistyksen kokous<\/p>\n<p style=\"font-weight: 400\">Yhdistyksen ylint\u00e4 p\u00e4\u00e4t\u00f6svaltaa k\u00e4ytt\u00e4\u00e4 yhdistyksen kokous, joka voi olla joko vuosikokous, syyskokous tai ylim\u00e4\u00e4r\u00e4inen kokous. Vuosikokous pidet\u00e4\u00e4n kunkin vuoden maaliskuun 15. p\u00e4iv\u00e4\u00e4n menness\u00e4 ja syyskokous loka-marraskuussa. Ylim\u00e4\u00e4r\u00e4inen kokous pidet\u00e4\u00e4n, mik\u00e4li yhdistyksen kokous itse tai yhdistyksen hallitus niin p\u00e4\u00e4tt\u00e4\u00e4 tai mik\u00e4li v\u00e4hint\u00e4\u00e4n kymmenesosa (1\/10) \u00e4\u00e4nioikeutetuista yhdistyksen j\u00e4senist\u00e4 sit\u00e4 vaatii, jolloin kokous on pidett\u00e4v\u00e4 kuukauden kuluessa siit\u00e4, kun hallitus on saanut vaatimuksesta asianmukaisen tiedon. Kokouksista on hallituksen toimesta ilmoitettava v\u00e4hint\u00e4\u00e4n kaksi viikkoa ennen kokousta yhdistyksen j\u00e4senten s\u00e4hk\u00f6postilistalla. <span style=\"text-decoration: line-through\">Y<\/span>hdistyksen kokous voidaan tarvittaessa j\u00e4rjest\u00e4\u00e4 et\u00e4yhteydell\u00e4 hyvi\u00e4 kokousk\u00e4yt\u00e4nteit\u00e4 ja yhdistyslakia noudattaen.<\/p>\n<p style=\"font-weight: 400\">14\u00a7 Vuosi- ja syyskokous<\/p>\n<p style=\"font-weight: 400\">Yhdistyksen vuosikokouksessa k\u00e4sitell\u00e4\u00e4n seuraavat asiat:<\/p>\n<p style=\"font-weight: 400\">&#8211; Esitet\u00e4\u00e4n hallituksen laatima vuosikertomus.<\/p>\n<p style=\"font-weight: 400\">&#8211; Esitet\u00e4\u00e4n yhdistyksen tilinp\u00e4\u00e4t\u00f6s ja tilintarkastajien lausunto yhdistyksen varain ja omaisuuden hoidosta.<\/p>\n<p style=\"font-weight: 400\">&#8211; P\u00e4\u00e4tet\u00e4\u00e4n tilinp\u00e4\u00e4t\u00f6ksen hyv\u00e4ksymisest\u00e4 ja tili- ja vastuuvapauden my\u00f6nt\u00e4misest\u00e4 hallitukselle ja muille vastuuvelvollisille.<\/p>\n<p style=\"font-weight: 400\">&#8211; K\u00e4sitell\u00e4\u00e4n muut kokoukselle esitetyt asiat.<\/p>\n<p style=\"font-weight: 400\">Yhdistyksen syyskokouksessa k\u00e4sitell\u00e4\u00e4n seuraavat asiat:<\/p>\n<p style=\"font-weight: 400\">&#8211; Hyv\u00e4ksyt\u00e4\u00e4n toimintasuunnitelma tulevaa vuotta varten.<\/p>\n<p style=\"font-weight: 400\">&#8211; Hyv\u00e4ksyt\u00e4\u00e4n talousarvio tulevaa vuotta varten.<\/p>\n<p style=\"font-weight: 400\">&#8211; Valitaan seuraavaksi kalenterivuodeksi hallituksen puheenjohtaja, varapuheenjohtaja, sihteeri, taloudenhoitaja ja nelj\u00e4st\u00e4 kahdeksaan muuta hallituksen varsinaista j\u00e4sent\u00e4.<\/p>\n<p style=\"font-weight: 400\">&#8211; Valitaan seuraavaksi kalenterivuodeksi yksi toiminnantarkastaja ja yksi varatoiminnantarkastaja.<\/p>\n<p style=\"font-weight: 400\">&#8211; P\u00e4\u00e4tet\u00e4\u00e4n tulevan vuoden j\u00e4senmaksujen suuruudesta ja kannosta.<\/p>\n<p style=\"font-weight: 400\">&#8211; K\u00e4sitell\u00e4\u00e4n muut kokoukselle esitetyt asiat.<\/p>\n<p style=\"font-weight: 400\">Yhdistyksen ylim\u00e4\u00e4r\u00e4isess\u00e4 kokouksessa k\u00e4sitell\u00e4\u00e4n kokouskutsussa mainitut ja ty\u00f6j\u00e4rjestyksen vahvistamisen yhteydess\u00e4 esille tulleet asiat.<\/p>\n<p style=\"font-weight: 400\">15\u00a7 P\u00e4\u00e4t\u00f6ksenteko<\/p>\n<p style=\"font-weight: 400\">Yhdistyksen kokouksessa on puheoikeus kaikilla paikalla olevilla henkil\u00f6ill\u00e4 ja \u00e4\u00e4nioikeus kaikilla j\u00e4senill\u00e4, joilla on voimassa oleva opiskelijastatus. P\u00e4\u00e4t\u00f6ksenteko asiassa, joka on ensimm\u00e4ist\u00e4 kertaa esill\u00e4 ja jota ei ole mainittu kokouskutsussa, siirret\u00e4\u00e4n seuraavaan aikaisintaan kymmenen vuorokauden kuluttua pidett\u00e4v\u00e4\u00e4n kokoukseen, ellei kokous 2\/3 enemmist\u00f6ll\u00e4 paikalla olevista \u00e4\u00e4nioikeutetuista j\u00e4senist\u00e4 julista asiaa kiireelliseksi. Asiat p\u00e4\u00e4tet\u00e4\u00e4n yksinkertaisella \u00e4\u00e4nten enemmist\u00f6ll\u00e4, ellei n\u00e4iss\u00e4 s\u00e4\u00e4nn\u00f6iss\u00e4 ole toisin mainittu. \u00c4\u00e4nestys on suoritettava suljetuilla lipuilla, jos v\u00e4hint\u00e4\u00e4n kaksi \u00e4\u00e4nioikeutettua j\u00e4sent\u00e4 tai kokouksen puheenjohtaja sit\u00e4 vaatii. \u00c4\u00e4nten menness\u00e4 tasan ratkaisee kokouksen puheenjohtajan \u00e4\u00e4ni paitsi vaaleissa arpa.<\/p>\n<p style=\"font-weight: 400\">HALLITUS<\/p>\n<p style=\"font-weight: 400\">16\u00a7 Hallituksen valinta<\/p>\n<p style=\"font-weight: 400\">Yhdistyksen hallitukseen kuuluu puheenjohtaja, varapuheenjohtaja, sihteeri, taloudenhoitaja ja <span style=\"text-decoration: line-through\">nelj\u00e4<\/span> nelj\u00e4st\u00e4 kahdeksaan muuta varsinaista j\u00e4sent\u00e4. Hallituksen toimikausi on kalenterivuosi. Yhdistyksen hallituksen valitsee syyskokous yhdistyksen varsinaisista tai ikij\u00e4senist\u00e4, joilla on voimassa oleva biol\u00e4\u00e4ketieteen tai biotieteiden opinto-oikeus Turun yliopistoon. Yhdistyksen kokous voi my\u00f6s \u00be \u00e4\u00e4nim\u00e4\u00e4r\u00e4n enemmist\u00f6n p\u00e4\u00e4t\u00f6ksell\u00e4 hyv\u00e4ksy\u00e4 vaalikelpoiseksi my\u00f6s muun varsinaisen j\u00e4senen tai ikij\u00e4senen. Yhdistyksen kokous voi sit\u00e4 varten koollekutsuttuna vapauttaa hallituksen teht\u00e4vist\u00e4\u00e4n ja valita uuden hallituksen kesken toimikauden.<\/p>\n<p style=\"font-weight: 400\">17\u00a7 Hallituksen yleinen toiminta<\/p>\n<p style=\"font-weight: 400\">Hallituksen kutsuu koolle puheenjohtaja tai h\u00e4nen ollessa estyneen\u00e4 varapuheenjohtaja. Hallitus on p\u00e4\u00e4t\u00f6svaltainen, jos puheenjohtajan tai varapuheenjohtajan lis\u00e4ksi paikalla on v\u00e4hint\u00e4\u00e4n puolet muista hallituksen j\u00e4senist\u00e4. Hallituksen tarkemmista teht\u00e4vist\u00e4 voidaan s\u00e4\u00e4t\u00e4\u00e4 erikseen ohjes\u00e4\u00e4nn\u00f6ll\u00e4, jonka hyv\u00e4ksymisest\u00e4, muuttamisesta tai kumoamisesta p\u00e4\u00e4tet\u00e4\u00e4n s\u00e4\u00e4nt\u00f6jen 21. pyk\u00e4l\u00e4n esitt\u00e4m\u00e4ll\u00e4 tavalla.<\/p>\n<p style=\"font-weight: 400\">18\u00a7 Nimenkirjoittaminen<\/p>\n<p style=\"font-weight: 400\">Yhdistyksen nimen kirjoittavat joko puheenjohtaja tai varapuheenjohtaja yhdess\u00e4 taloudenhoitajan tai sihteerin kanssa. Hallitus voi my\u00f6nt\u00e4\u00e4 henkil\u00f6kohtaisen nimenkirjoitusoikeuden valitsemalleen hallituksen j\u00e4senelle.<\/p>\n<p style=\"font-weight: 400\">19\u00a7 Yhdistyksen talous<\/p>\n<p style=\"font-weight: 400\">Yhdistyksen tilien k\u00e4ytt\u00f6oikeus on taloudenhoitajalla sek\u00e4 puheenjohtajalla, kummallakin erikseen. Taloudenhoitaja vastaa tilien hoitamisesta.<\/p>\n<p style=\"font-weight: 400\">20\u00a7 Toimi- ja tilikausi<\/p>\n<p style=\"font-weight: 400\">Yhdistyksen toimi- ja tilikausi on kalenterivuosi. Hallituksen on j\u00e4tett\u00e4v\u00e4 tilit viimeist\u00e4\u00e4n kolme viikkoa ennen vuosikokousta toiminnantarkastajalle ja varatoiminnantarkastajalle, joiden on palautettava ne lausuntoineen hallitukselle viimeist\u00e4\u00e4n kaksi viikkoa ennen vuosikokousta.<\/p>\n<p style=\"font-weight: 400\">21\u00a7 Ohjes\u00e4\u00e4nn\u00f6t<\/p>\n<p style=\"font-weight: 400\">Yhdistyksen toiminnasta voidaan s\u00e4\u00e4t\u00e4\u00e4 tarkemmin ohjes\u00e4\u00e4nn\u00f6ll\u00e4. Ohjes\u00e4\u00e4nt\u00f6jen hyv\u00e4ksymisest\u00e4, muuttamisesta tai kumoamisesta p\u00e4\u00e4tt\u00e4\u00e4 yhdistyksen kokous v\u00e4hint\u00e4\u00e4n 2\/3 enemmist\u00f6ll\u00e4 \u00e4\u00e4nestyksess\u00e4 annetuista \u00e4\u00e4nist\u00e4.<\/p>\n<p style=\"font-weight: 400\">22\u00a7 S\u00e4\u00e4nt\u00f6jen muuttaminen<\/p>\n<p style=\"font-weight: 400\">N\u00e4ihin s\u00e4\u00e4nt\u00f6ihin voidaan tehd\u00e4 muutoksia ja lis\u00e4yksi\u00e4, jos sit\u00e4 varten koollekutsutussa kokouksessa yksinkertainen \u00e4\u00e4nten enemmist\u00f6 kannattaa ehdotusta ja seuraavassa aikaisintaan kahden viikon kuluttua pidett\u00e4v\u00e4ss\u00e4 kokouksessa v\u00e4hint\u00e4\u00e4n 2\/3 \u00e4\u00e4nestykseen osallistuneista sen hyv\u00e4ksyy.<\/p>\n<p style=\"font-weight: 400\">YHDISTYKSEN TOIMINNAN LOPETTAMINEN<\/p>\n<p style=\"font-weight: 400\">23\u00a7 Yhdistyksen purkautuminen ja lakkauttaminen<\/p>\n<p style=\"font-weight: 400\">Kysymys yhdistyksen purkamisesta k\u00e4sitell\u00e4\u00e4n kahdessa sit\u00e4 varten koolle kutsutussa kokouksessa, joista on ilmoitettava ainakin maan suurimmassa sanomalehdess\u00e4 ja kahdessa turkulaisessa sanomalehdess\u00e4. Lopettamisp\u00e4\u00e4t\u00f6kseen vaaditaan kummassakin kokouksessa, jotka on pidett\u00e4v\u00e4 v\u00e4hint\u00e4\u00e4n kuukauden, mutta enint\u00e4\u00e4n kuuden kuukauden, v\u00e4liajoin, v\u00e4hint\u00e4\u00e4n 4\/5 enemmist\u00f6 kaikista \u00e4\u00e4nestyksess\u00e4 annetuista \u00e4\u00e4nist\u00e4.<\/p>\n<p style=\"font-weight: 400\">24\u00a7 Omaisuuden luovutus<\/p>\n<p style=\"font-weight: 400\">Jos yhdistys purkautuu, luovutetaan sen omaisuus jollekin samanlaisia tarkoitusperi\u00e4 ajavalle rekister\u00f6idylle yhdistykselle j\u00e4lkimm\u00e4isen purkamisesta p\u00e4\u00e4tt\u00e4v\u00e4n kokouksen tekem\u00e4n p\u00e4\u00e4t\u00f6ksen mukaisesti. Pes\u00e4nselvitt\u00e4jiksi valitaan viisi luottamushenkil\u00f6\u00e4.<\/p>\n<p style=\"font-weight: 400\">MUUTA<\/p>\n<p style=\"font-weight: 400\">25\u00a7 Muutoin noudatetaan voimassa olevaa yhdistyslakia.<\/p>\n\n\n<p><\/p>\n","protected":false},"excerpt":{"rendered":"<p>In Vitro Aboensis IVA ryLemmink\u00e4isenkatu 220520 TURKU \u00a0 Yhdistyksen s\u00e4\u00e4nn\u00f6t YLEISET S\u00c4\u00c4NN\u00d6T 1\u00a7 Nimi ja kotipaikka Yhdistyksen nimi on In Vitro Aboensis IVA ry ja sen kotipaikka on Turun kaupunki. [&hellip;]<\/p>\n","protected":false},"author":208,"featured_media":0,"parent":0,"menu_order":0,"comment_status":"closed","ping_status":"closed","template":"","meta":{"footnotes":""},"class_list":["post-61","page","type-page","status-publish","hentry"],"_links":{"self":[{"href":"https:\/\/tyyala.utu.fi\/iva\/wp-json\/wp\/v2\/pages\/61","targetHints":{"allow":["GET"]}}],"collection":[{"href":"https:\/\/tyyala.utu.fi\/iva\/wp-json\/wp\/v2\/pages"}],"about":[{"href":"https:\/\/tyyala.utu.fi\/iva\/wp-json\/wp\/v2\/types\/page"}],"author":[{"embeddable":true,"href":"https:\/\/tyyala.utu.fi\/iva\/wp-json\/wp\/v2\/users\/208"}],"replies":[{"embeddable":true,"href":"https:\/\/tyyala.utu.fi\/iva\/wp-json\/wp\/v2\/comments?post=61"}],"version-history":[{"count":15,"href":"https:\/\/tyyala.utu.fi\/iva\/wp-json\/wp\/v2\/pages\/61\/revisions"}],"predecessor-version":[{"id":3030,"href":"https:\/\/tyyala.utu.fi\/iva\/wp-json\/wp\/v2\/pages\/61\/revisions\/3030"}],"wp:attachment":[{"href":"https:\/\/tyyala.utu.fi\/iva\/wp-json\/wp\/v2\/media?parent=61"}],"curies":[{"name":"wp","href":"https:\/\/api.w.org\/{rel}","templated":true}]}}