{"id":2971,"date":"2024-12-12T16:17:40","date_gmt":"2024-12-12T14:17:40","guid":{"rendered":"https:\/\/tyyala.utu.fi\/iva\/?page_id=2971"},"modified":"2024-12-12T16:17:40","modified_gmt":"2024-12-12T14:17:40","slug":"lippu-ja-merkkiohjesaanto","status":"publish","type":"page","link":"https:\/\/tyyala.utu.fi\/iva\/yhdistys\/yhdistyksen-saannot\/lippu-ja-merkkiohjesaanto\/","title":{"rendered":"Lippu- ja merkkiohjes\u00e4\u00e4nt\u00f6"},"content":{"rendered":"\n<p><strong>LIPPU- JA MERKKIOHJES\u00c4\u00c4NT\u00d6 7.3.2022<\/strong><\/p>\n\n\n\n<p><strong>In Vitro Aboensis IVA ry:n lippu- ja merkkiohjes\u00e4\u00e4nt\u00f6<\/strong><\/p>\n\n\n\n<p><strong>1 \u00a7 Yhdistyksen tunnus<\/strong><\/p>\n\n\n\n<p>Yhdistyksen virallinen tunnus on siipisoihtu, jonka soihdun tilalle on vaihdettu multipolaarinen neuroni.&nbsp;<\/p>\n\n\n\n<p><strong>2 \u00a7 Yhdistyksen lippu<\/strong><\/p>\n\n\n\n<p>Yhdistyksen lippu on pohjav\u00e4rilt\u00e4\u00e4n keltainen, jonka kaikkia nelj\u00e4\u00e4 reunaa kulkee mustat viivat. Lipun keskell\u00e4 on musta yhdistyksen tunnus. <strong>1. Lipun k\u00e4ytt\u00f6 <\/strong>Lippua k\u00e4ytet\u00e4\u00e4n yhdistyksen tilaisuuksissa tai kun hallitus p\u00e4\u00e4tt\u00e4\u00e4 k\u00e4yt\u00f6st\u00e4. <strong>2. Lipulla teht\u00e4v\u00e4t kunnianosoitukset <\/strong>Lippu tekee kunniaa valtion p\u00e4\u00e4miehelle, Suomen lipulle, kansallislaululle ja vainajille. Lippu tekee kunniaa siten, ett\u00e4 se hitaasti lasketaan 45 asteen kulmaan ja v\u00e4litt\u00f6m\u00e4sti t\u00e4m\u00e4n j\u00e4lkeen nostetaan yl\u00f6s. Lippu ei saa koskettaa maata. <strong>3. S\u00e4ilytys ja hoito <\/strong>Lippua s\u00e4ilytet\u00e4\u00e4n yhdistyksen Toimistolla ja sen hoidosta vastaa puheenjohtaja. K\u00e4yt\u00f6st\u00e4 poistunut lippu varastoidaan. <strong>4. Lipunkantajat <\/strong>Lipunkantajan ja airueet varahenkil\u00f6ineen nimitt\u00e4\u00e4 yhdistyksen hallitus erikseen jokaiselle k\u00e4ytt\u00f6kerralle. Lipunkantaja ja airueet k\u00e4ytt\u00e4v\u00e4t aina ylioppilaslakkia.&nbsp;<\/p>\n\n\n\n<p><strong>3 \u00a7 Yhdistysnauha<\/strong><\/p>\n\n\n\n<p><strong>1. Yhdistysnauha <\/strong>Yhdistysnauha on 15 mm leve\u00e4 keltamusta nauha, jossa on kaksi keltaista ja yksi musta raita seuraavassa j\u00e4rjestyksess\u00e4: keltainen 5,5 mm, musta 4 mm ja keltainen 5,5 mm. Yhdistysnauhaa on kaikilla yhdistyksen j\u00e4senill\u00e4 oikeus kantaa juhlapuvun tai tumman puvun kanssa akateemisissa tilaisuuksissa. Miehet kantavat yhdistysnauhaa oikealta olkap\u00e4\u00e4lt\u00e4 rinnan yli viistoon vasemmalle. Naiset kantavat nauhaa vasemmalta olkap\u00e4\u00e4lt\u00e4 viistoon oikealle tai ruusukkeena vasemmassa rintapieless\u00e4. Nauha ei saa koskettaa paljasta ihoa. Juhlapuvussa miehet kantavat nauhaa liivin alla.\u00a0<\/p>\n\n\n\n<p><strong>2. Hallitusnauha <\/strong>Hallitusnauha on 30 mm leve\u00e4 keltamusta nauha, jossa on kaksi keltaista ja yksi musta raita seuraavassa j\u00e4rjestyksess\u00e4: keltainen 11 mm, musta 8 mm ja keltainen 11 mm. Hallitusnauhaa saavat k\u00e4ytt\u00e4\u00e4 kaikki yhdistyksen hallituksessa toimineet henkil\u00f6t akateemisissa tilaisuuksissa. Hallitusnauhaa kannetaan kuten yhdistysnauhaa.&nbsp;<\/p>\n\n\n\n<p><strong>4 \u00a7 Yhdistyksen kunniamerkki&nbsp;<\/strong><\/p>\n\n\n\n<p>Kunniamerkki on yhdistyksen tunnuksen mukainen kultaisen s\u00e4vyinen pinssi. Kunniamerkki voidaan my\u00f6nt\u00e4\u00e4 j\u00e4senelle, joka on osoittanut erityist\u00e4 aktiivisuutta ainej\u00e4rjest\u00f6toiminnassa. J\u00e4senist\u00f6n esitykset my\u00f6nnett\u00e4vist\u00e4 kunniamerkeist\u00e4 tehd\u00e4\u00e4n hallituksen valitsemana aikana, kuitenkin viimeist\u00e4\u00e4n kaksi viikkoa ennen hallituksen valitsemaa jakotilaisuutta. Kultaisen kunniamerkin saajiksi esitetyt yhdistyksen j\u00e4senet pisteytet\u00e4\u00e4n alla olevan pisteytysmallin mukaisesti. Hallituksen kokous valitsee kunniamerkkien saajat j\u00e4senist\u00f6n esitysten ja pisteytyksen perusteella. Istuvan hallituksen toimikaudella alkavaa toimintaa ei huomioida kunniamerkkien pisteytyksess\u00e4.<\/p>\n\n\n\n<p>Ansioitunut hallitustoiminta<\/p>\n\n\n\n<ul class=\"wp-block-list\">\n<li>Puheenjohtajan tai taloudenhoitajan teht\u00e4v\u00e4t, 3 p\/kerta<\/li>\n\n\n\n<li>Muut hallituksen j\u00e4senet, 2 p\/kerta<\/li>\n\n\n\n<li>Edustaminen Hybridi Turku ry:n hallituksessa, 1 p\/kerta<\/li>\n\n\n\n<li>Edustaminen Loimun opiskelijat \u2013 Turku ry:n hallituksessa, 1 p\/kerta<\/li>\n<\/ul>\n\n\n\n<p>Ansioitunut toimihenkil\u00f6toiminta ja tuutorointi<\/p>\n\n\n\n<ul class=\"wp-block-list\">\n<li>Toimihenkil\u00f6t, 0\u20131 p\/kerta<\/li>\n\n\n\n<li>Tuutorointi 1 p\/kerta<\/li>\n\n\n\n<li>Vastuutuutori 1 p\/kerta<\/li>\n<\/ul>\n\n\n\n<p>Muut ansiot<\/p>\n\n\n\n<ul class=\"wp-block-list\">\n<li>Laitoksen ty\u00f6ryhm\u00e4ss\u00e4 toimiminen 1 p\/kerta<\/li>\n\n\n\n<li>Hallinnon opiskelijaedustaja 1 p\/kerta<\/li>\n\n\n\n<li>Yhdistyksen toimikunnassa toimiminen 1 p\/kerta<\/li>\n\n\n\n<li>Muu yhdistyst\u00e4 hy\u00f6dytt\u00e4v\u00e4 toiminta (esimerkiksi vuosikurssin vastuuhenkil\u00f6n\u00e4 toimiminen) 1 p\/kerta\u00a0<\/li>\n<\/ul>\n\n\n\n<p>Kunniamerkin my\u00f6nt\u00e4miseen edellytet\u00e4\u00e4n yhteens\u00e4 5 pistett\u00e4. Hallitus voi v\u00e4hent\u00e4\u00e4 pisteit\u00e4, mik\u00e4li esitetyn henkil\u00f6n ei koeta toimineen teht\u00e4v\u00e4ss\u00e4\u00e4n ansioituneesti.<\/p>\n\n\n\n<p>Yhdistyksen kunniamerkki\u00e4 voidaan my\u00f6nt\u00e4\u00e4 vuosittain maksimissaan kolme kappaletta, paitsi vuosijuhlavuosina, jolloin niit\u00e4 voidaan jakaa nelj\u00e4 kappaletta. Kunniamerkki\u00e4 kannetaan kiinnitettyn\u00e4 hallitusnauhaan tai vasemmassa miehustassa.&nbsp;<\/p>\n\n\n\n<p><strong>5 \u00a7 Yhdistyksen standaari<\/strong><\/p>\n\n\n\n<p>Yhdistyksen standaari on yhdistyksen lipun tapaan v\u00e4ritetty, johon on painettu yhdistyksen tunnus. Standaarissa lukee yhdistyksen koko nimi. Yhdistyksen kokous my\u00f6nt\u00e4\u00e4 yhdistyksen kunniaj\u00e4senelle yhdistyksen standaarin.&nbsp;<\/p>\n\n\n\n<p><strong>6 \u00a7 Yhdistyksen viralliset v\u00e4rit<\/strong><\/p>\n\n\n\n<p>Yhdistyksen virallinen keltainen on Pantone yellow C (#fedd00, #ffcc00). Yhdistyksen virallinen musta on Pantone black C (#2d2926, #333333).<\/p>\n\n\n\n<p><strong>7 \u00a7 Ohjes\u00e4\u00e4nn\u00f6n muuttaminen<\/strong>&nbsp;<\/p>\n\n\n\n<p>Ohjes\u00e4\u00e4nt\u00f6\u00e4 voi muuttaa yhdistyksen kokous 2\/3 \u00e4\u00e4nten enemmist\u00f6ll\u00e4.&nbsp;<\/p>\n","protected":false},"excerpt":{"rendered":"<p>LIPPU- JA MERKKIOHJES\u00c4\u00c4NT\u00d6 7.3.2022 In Vitro Aboensis IVA ry:n lippu- ja merkkiohjes\u00e4\u00e4nt\u00f6 1 \u00a7 Yhdistyksen tunnus Yhdistyksen virallinen tunnus on siipisoihtu, jonka soihdun tilalle on vaihdettu multipolaarinen neuroni.&nbsp; 2 \u00a7 [&hellip;]<\/p>\n","protected":false},"author":450,"featured_media":0,"parent":820,"menu_order":0,"comment_status":"closed","ping_status":"closed","template":"","meta":{"footnotes":""},"class_list":["post-2971","page","type-page","status-publish","hentry"],"_links":{"self":[{"href":"https:\/\/tyyala.utu.fi\/iva\/wp-json\/wp\/v2\/pages\/2971","targetHints":{"allow":["GET"]}}],"collection":[{"href":"https:\/\/tyyala.utu.fi\/iva\/wp-json\/wp\/v2\/pages"}],"about":[{"href":"https:\/\/tyyala.utu.fi\/iva\/wp-json\/wp\/v2\/types\/page"}],"author":[{"embeddable":true,"href":"https:\/\/tyyala.utu.fi\/iva\/wp-json\/wp\/v2\/users\/450"}],"replies":[{"embeddable":true,"href":"https:\/\/tyyala.utu.fi\/iva\/wp-json\/wp\/v2\/comments?post=2971"}],"version-history":[{"count":1,"href":"https:\/\/tyyala.utu.fi\/iva\/wp-json\/wp\/v2\/pages\/2971\/revisions"}],"predecessor-version":[{"id":2972,"href":"https:\/\/tyyala.utu.fi\/iva\/wp-json\/wp\/v2\/pages\/2971\/revisions\/2972"}],"up":[{"embeddable":true,"href":"https:\/\/tyyala.utu.fi\/iva\/wp-json\/wp\/v2\/pages\/820"}],"wp:attachment":[{"href":"https:\/\/tyyala.utu.fi\/iva\/wp-json\/wp\/v2\/media?parent=2971"}],"curies":[{"name":"wp","href":"https:\/\/api.w.org\/{rel}","templated":true}]}}