{"id":268,"date":"2010-01-11T19:30:34","date_gmt":"2010-01-11T17:30:34","guid":{"rendered":"http:\/\/org.utu.fi:80\/tyyala\/iva\/?page_id=268"},"modified":"2026-01-14T17:28:13","modified_gmt":"2026-01-14T15:28:13","slug":"vanhat-hallitukset","status":"publish","type":"page","link":"https:\/\/tyyala.utu.fi\/iva\/vanhat-hallitukset\/","title":{"rendered":"Vanhat hallitukset"},"content":{"rendered":"\n<p><\/p>\n\n\n<p>\u00a0<\/p>\n<p><strong>Vuosi 2025:<\/strong><\/p>\n<p>Puheenjohtaja: Elina Suoper\u00e4<br \/>Varapuheenjohtaja: Emilia Jaakkola<br \/>Sihteeri: Ville Salmenhaara<br \/>Taloudenhoitaja: Linda Katavisto<br \/>J\u00e4sen: Tira Grahn<br \/>J\u00e4sen: Maria Kemppainen<br \/>J\u00e4sen: Leevi Leskel\u00e4<br \/>J\u00e4sen: Tuuli Virta<\/p>\n<header class=\"entry-header\"><\/header>\n<p><strong>Vuosi 2024:<\/strong><\/p>\n<p>Puheenjohtaja: Riikka Palimo<br \/>Varapuheenjohtaja: Elina Suoper\u00e4<br \/>Sihteeri: Nea L\u00e4pinen<br \/>Taloudenhoitaja: Linda Katavisto<br \/>J\u00e4sen: Aino Huuskonen<br \/>J\u00e4sen: Emilia Jaakkola<br \/>J\u00e4sen: Mirka Suominen<br \/>J\u00e4sen: Tuuli Virta<\/p>\n<p><strong>Vuosi 2023:<\/strong><\/p>\n<p>Puheenjohtaja: Kerttu Riihko<br \/>Varapuheenjohtaja: Riikka Palimo<br \/>Sihteeri: Nea L\u00e4pinen<br \/>Taloudenhoitaja: Linda Katavisto<br \/>J\u00e4sen: Aathavan Kandiah<br \/>J\u00e4sen: Elina Suoper\u00e4<br \/>J\u00e4sen: Joakim Gustafsson<br \/>J\u00e4sen: Minja Virtanen<\/p>\n<p><strong>Vuosi 2022:<\/strong><\/p>\n<p style=\"margin: 0cm\">Puheenjohtaja: Sanni Inkil\u00e4<\/p>\n<p style=\"margin: 0cm\">Varapuheenjohtaja: Rilla Ritakallio<\/p>\n<p style=\"margin: 0cm\">Sihteeri: Karin Lohi<\/p>\n<p style=\"margin: 0cm\">Taloudenhoitaja: Sofia Romar<\/p>\n<p style=\"margin: 0cm\">J\u00e4sen: Essi Toivonen<\/p>\n<p style=\"margin: 0cm\">J\u00e4sen: Katja Ruohonen<\/p>\n<p style=\"margin: 0cm\">J\u00e4sen: Bence Berki<\/p>\n<p style=\"margin: 0cm\">J\u00e4sen: Lyylia Koivuniemi<\/p>\n<p><strong>Vuosi 2021:<\/strong><\/p>\n<p>Puheenjohtaja: Aura Tuohisto-Kokko<br \/>Varapuheenjohtaja: Irina Piiroinen<br \/>Sihteeri: Jenna Trygg<br \/>Taloudenhoitaja: Aino Laasonen<br \/>J\u00e4sen: Sini Mattila<br \/>J\u00e4sen: Roosa Rahkonen<br \/>J\u00e4sen: Sanni Inkil\u00e4<br \/>J\u00e4sen: Matilda Tallila<\/p>\n<p><strong>Vuosi 2020:<\/strong><\/p>\n<p>Puheenjohtaja: Aino Laasonen<br \/>Varapuheenjohtaja: Inka Raimoranta<br \/>Sihteeri: Sini Mattila<br \/>Taloudenhoitaja: Roosa Rahkonen<br \/>J\u00e4sen: Irina Piiroinen<br \/>J\u00e4sen: Ilona Arnkil<br \/>J\u00e4sen: Matilda Kuusi<br \/>J\u00e4sen: Aura Tuohisto-Kokko<\/p>\n<p><strong>Vuosi 2019:<\/strong><\/p>\n<p>Puheenjohtaja: Kiira Kalke<br \/>Varapuheenjohtaja: Vilma Paavola<br \/>Sihteeri: Inka Raimoranta<br \/>Taloudenhoitaja: Anniina Jokela<br \/>J\u00e4sen: Mona Halme<br \/>J\u00e4sen: Aino Laasonen<br \/>Varaj\u00e4sen: Riina Lehtonen<br \/>Varaj\u00e4sen: Salla Laaksonen<\/p>\n<p><strong>Vuosi 2018:<\/strong><\/p>\n<p>Puheenjohtaja: Maria Kjellman<br \/>Varapuheenjohtaja: Kiira Kalke<br \/>Sihteeri: Kaisa Koskenniemi<br \/>Taloudenhoitaja: Maiju-Emilia Huppunen<br \/>J\u00e4sen: Sara Soikkeli<br \/>J\u00e4sen: Vilma Paavola<\/p>\n<p><strong>Vuosi 2017:<\/strong><\/p>\n<p>Puheenjohtaja: Ella Koivuniemi<br \/>Varapuheenjohtaja: Laura M\u00e4ntyl\u00e4<br \/>Sihteeri: Noora Haapala<br \/>Taloudenhoitaja: Maiju-Emilia Huppunen<br \/>J\u00e4sen: Maria Kjellman<br \/>J\u00e4sen: Aleksi Hakkarainen<\/p>\n<p><strong> Vuosi 2016:<\/strong><\/p>\n<p>Puheenjohtaja: Noora Houttu<br \/>Varapuheenjohtaja:\u00a0Ville Savolainen<br \/>Sihteeri: Ella Koivuniemi<br \/>Taloudenhoitaja: Maiju-Emilia Huppunen<br \/>J\u00e4sen: Sami Oksanen<br \/>J\u00e4sen: Meija Honkanen<\/p>\n<p><strong>Vuosi 2015:<\/strong><\/p>\n<p>Puheenjohtaja: Jyri L\u00e4hdemaa<br \/>Varapuheenjohtaja:\u00a0Ville Savolainen<br \/>Sihteeri: Arttu M\u00e4ntyl\u00e4<br \/>Taloudenhoitaja: Sami Oksanen<br \/>J\u00e4sen: Sanni Majander<br \/>J\u00e4sen: Eveliina Sepp\u00e4nen<\/p>\n<p><strong>Vuosi 2014:<\/strong><\/p>\n<p>Puheenjohtaja:\u00a0Laura Aaltonen<br \/>Varapuheenjohtaja:\u00a0Jyri L\u00e4hdemaa<br \/>Sihteeri: Arttu M\u00e4ntyl\u00e4<br \/>Taloudenhoitaja:\u00a0Ville Savolainen<br \/>J\u00e4sen:\u00a0Noora Houttu<br \/>J\u00e4sen:\u00a0Eveliina Sepp\u00e4nen<\/p>\n<p><strong>Vuosi 2013:<\/strong><\/p>\n<p>Puheenjohtaja: Salla Nuutinen<br \/><span style=\"line-height: 1.5em\">Varapuheenjohtaja: Marjo Nylund<br \/><\/span><span style=\"line-height: 1.5em\">Sihteeri: Arttu M\u00e4ntyl\u00e4<br \/><\/span><span style=\"line-height: 1.5em\">Taloudenhoitaja: Kaisa Halme<br \/><\/span><span style=\"line-height: 1.5em\">J\u00e4sen: Laura Aaltonen<br \/><\/span><span style=\"line-height: 1.5em\">J\u00e4sen: Titta Kivikoski<br \/><\/span><span style=\"line-height: 1.5em\">1. varaj\u00e4sen: Noora Houttu<br \/><\/span><span style=\"line-height: 1.5em\">2. varaj\u00e4sen: Pasi Soidinsalo (paseso)<\/span><\/p>\n<p><strong style=\"font-weight: bold\">Vuosi 2012:<\/strong><\/p>\n<p>Puheenjohtaja: Heli Sihvonen<br \/>Varapuheenjohtaja: Olli Mets\u00e4l\u00e4<br \/>Sihteeri: Salla Nuutinen<br \/>Taloudenhoitaja: Eeva Aakula<br \/>J\u00e4sen: Titta Kivikoski<br \/>J\u00e4sen: Marja Jeskanen<br \/>1. Varaj\u00e4sen: Milja Arponen<br \/>2. Varaj\u00e4sen: Emilia Koskinen<\/p>\n<p><strong>Vuosi 2011:<\/strong><\/p>\n<p>Puheenjohtaja: Heli Sihvonen<br \/>Varapuheenjohtaja: Olli Mets\u00e4l\u00e4<br \/>Sihteeri: Joonas Majuri<br \/>Taloudenhoitaja: Nina Voutilainen<br \/>J\u00e4sen: Sofia Pruikkonen<br \/>J\u00e4sen: Mia St\u00e5hle<br \/>1. Varaj\u00e4sen: Elina Heinonen<br \/>2. Varaj\u00e4sen: Marja Jeskanen<\/p>\n<p><strong>Vuosi 2010<\/strong>:<\/p>\n<p>Puheenjohtaja: Norma J\u00e4ppinen<br \/>Varapuheenjohtaja: Elisa Pyykk\u00f6<br \/>Sihteeri: Linda Nissi<br \/>Taloudenhoitaja: Joona Valtonen<br \/>J\u00e4sen: Sofia Pruikkonen<br \/>J\u00e4sen: Jussi Jalonen<br \/>1. Varaj\u00e4sen: Annika Mets\u00e4marttila<br \/>2. Varaj\u00e4sen: Mia St\u00e5hle<\/p>\n<p><strong>Vuosi 2009<\/strong>:<\/p>\n<p>Puheenjohtaja: Matias Knuuttila<br \/>Varapuheenjohtaja: Veera Alanen<br \/>Sihteeri: Norma J\u00e4ppinen<br \/>Taloudenhoitaja: Joona Valtonen<br \/>J\u00e4sen: Janne Hakkarainen<br \/>J\u00e4sen: Annika Mets\u00e4marttila<br \/>1. Varaj\u00e4sen: Elisa Pyykk\u00f6<br \/>2. Varaj\u00e4sen: Noora Salmi<\/p>\n<p><strong>Vuosi 2008<\/strong>:<\/p>\n<p>Puheenjohtaja: Vappu Nieminen<br \/>Varapuheenjohtaja: Tiia Levo<br \/>Sihteeri: Eveliina Kakko<br \/>Taloudenhoitaja: Sanna Hellberg<br \/>J\u00e4sen: Jaakko Kopra<br \/>J\u00e4sen: Joonas Ora<br \/>1. Varaj\u00e4sen: Satu Nurmi<br \/>2. Varaj\u00e4sen: Lauri Saastamoinen<\/p>\n<p><strong>Vuosi 2007<\/strong>:<\/p>\n<p>Puheenjohtaja: Anna Korhonen<br \/>Varapuheenjohtaja: Katja M\u00e4kel\u00e4<br \/>Sihteeri: Vappu Nieminen<br \/>Taloudenhoitaja: Sanna Hellberg<br \/>J\u00e4sen: Heini Rousku<br \/>J\u00e4sen: Jaakko Kopra<br \/>1. Varaj\u00e4sen: Henna Joki<br \/>2. Varaj\u00e4sen: Helena Aho<\/p>\n<p><strong>Vuosi 2006<\/strong>:<\/p>\n<p>Puheenjohtaja: Henrik Paavilainen<br \/>Varapuheenjohtaja: Salli Kulmala<br \/>Sihteeri: Jemiina Neuvonen<br \/>Taloudenhoitaja: Katja M\u00e4kel\u00e4<br \/>J\u00e4sen: Heini Rousku<br \/>J\u00e4sen: Tiina Saanijoki<br \/>1. Varaj\u00e4sen: Maija Moilanen<br \/>2. Varaj\u00e4sen: Anna Korhonen<\/p>\n<p><strong>Vuosi 2005<\/strong>:<\/p>\n<p>* Puheenjohtaja: Minna Heikkuri<br \/>* Varapuheenjohtaja: Anu Autio<br \/>* Sihteeri: Aino Kopu<br \/>* Taloudenhoitaja ja toimistovastaava: Anna Korhonen<br \/>* J\u00e4sen ja myyj\u00e4isvastaava: Katri Kaunismaa<br \/>* J\u00e4sen ja liikuntavastaava: Jemiina Neuvonen<br \/>* 1. Varaj\u00e4sen: Tiina Saanijoki<br \/>* 2. Varaj\u00e4sen ja vapaa-ajanvastaava: Anniina Pakkanen<\/p>\n<p><strong>Vuosi 2004<\/strong>:<\/p>\n<p>* Puheenjohtaja: Johanna Kupila<br \/>* Varapuheenjohtaja ja vapaa-ajan vastaava: Minna Heikkuri<br \/>* Sihteeri: Raija Ahola<br \/>* Taloudenhoitaja: Eeva Pulkkinen<br \/>* J\u00e4sen ja tiedotusvastaava: Olli Rahkonen<br \/>* J\u00e4sen ja toimistovastaava: Aino Kopu<br \/>* 1. Varaj\u00e4sen: Maria Skarp<br \/>* 2. Varaj\u00e4sen ja koulutuspoliittinen vastaava: Heidi H\u00e4rm\u00e4<\/p>\n<p><strong>Vuosi 2003<\/strong>:<\/p>\n<p>* Puheenjohtaja: Leena Pohjala<br \/>* Varapuheenjohtaja: Kalle Mikola<br \/>* Sihteeri: Mari-Liinu Kauppila<br \/>* Taloudenhoitaja: Heidi H\u00e4rm\u00e4<br \/>* J\u00e4sen: Johanna Kupila<br \/>* J\u00e4sen: Ari Hietanen<br \/>* Varaj\u00e4sen: Raija Ahola<br \/>* Varaj\u00e4sen: Antti Arjonen<\/p>\n<p><strong>Vuosi 2002<\/strong>:<\/p>\n<p>* Puheenjohtaja: Leena Pohjala<br \/>* Varapuheenjohtaja: Antti Arjonen<br \/>* Sihteeri: Jenni Sallinen<br \/>* Taloudenhoitaja: Sari Pakkanen<br \/>* J\u00e4sen: Salla Mansikkam\u00e4ki<br \/>* J\u00e4sen: Mirkka Heikonen<br \/>* Varaj\u00e4sen: Olli Rahkonen\/Heini Suvanto<br \/>* Varaj\u00e4sen: Johanna Ryyn\u00e4nen<\/p>\n<p><strong>Vuosi 2001<\/strong>:<\/p>\n<p>* Puheenjohtaja: Suvi Huuskonen<br \/>* Varapuheenjohtaja: Leena Pohjala<br \/>* Sihteeri: Mirkka Heikonen<br \/>* Taloudenhoitaja: Sari Pakkanen<br \/>* J\u00e4sen: Heini Suvanto<br \/>* J\u00e4sen: Johanna Ryyn\u00e4nen<br \/>* Varaj\u00e4sen: Maija Jalkanen<br \/>* Varaj\u00e4sen: Timothy Wilson<\/p>\n<p><strong>Vuosi 2000<\/strong>:<\/p>\n<p>* Puheenjohtaja: Suvi Huuskonen<br \/>* Varapuheenjohtaja: Jonne Laurila<br \/>* Sihteeri: Liisa Prepula<br \/>* Taloudenhoitaja: Maija Jalkanen<br \/>* J\u00e4sen: Mirkka Heikonen<br \/>* J\u00e4sen: Tuire Tirkkonen<br \/>* Varaj\u00e4sen: Tiina P\u00f6yh\u00f6nen<br \/>* Varaj\u00e4sen: Karoliina Vuoriluoto<\/p>\n<p><strong>Vuosi 1999:<\/strong><\/p>\n<p>* Puheenjohtaja: Jukka Rissanen<br \/>* Varapuheenjohtaja: Jonne Laurila<br \/>* Sihteeri: Anna-Stina Lax<br \/>* Taloudenhoitaja: Anna Sahlberg<br \/>* Liikuntavastaava: Tuire Tirkkonen<br \/>* Bilevastaava: Tiina P\u00f6yh\u00f6nen<\/p>","protected":false},"excerpt":{"rendered":"<p>\u00a0 Vuosi 2025: Puheenjohtaja: Elina Suoper\u00e4Varapuheenjohtaja: Emilia JaakkolaSihteeri: Ville SalmenhaaraTaloudenhoitaja: Linda KatavistoJ\u00e4sen: Tira GrahnJ\u00e4sen: Maria KemppainenJ\u00e4sen: Leevi Leskel\u00e4J\u00e4sen: Tuuli Virta Vuosi 2024: Puheenjohtaja: Riikka PalimoVarapuheenjohtaja: Elina Suoper\u00e4Sihteeri: Nea L\u00e4pinenTaloudenhoitaja: Linda [&hellip;]<\/p>\n","protected":false},"author":208,"featured_media":0,"parent":0,"menu_order":0,"comment_status":"closed","ping_status":"closed","template":"","meta":{"footnotes":""},"class_list":["post-268","page","type-page","status-publish","hentry"],"_links":{"self":[{"href":"https:\/\/tyyala.utu.fi\/iva\/wp-json\/wp\/v2\/pages\/268","targetHints":{"allow":["GET"]}}],"collection":[{"href":"https:\/\/tyyala.utu.fi\/iva\/wp-json\/wp\/v2\/pages"}],"about":[{"href":"https:\/\/tyyala.utu.fi\/iva\/wp-json\/wp\/v2\/types\/page"}],"author":[{"embeddable":true,"href":"https:\/\/tyyala.utu.fi\/iva\/wp-json\/wp\/v2\/users\/208"}],"replies":[{"embeddable":true,"href":"https:\/\/tyyala.utu.fi\/iva\/wp-json\/wp\/v2\/comments?post=268"}],"version-history":[{"count":30,"href":"https:\/\/tyyala.utu.fi\/iva\/wp-json\/wp\/v2\/pages\/268\/revisions"}],"predecessor-version":[{"id":3037,"href":"https:\/\/tyyala.utu.fi\/iva\/wp-json\/wp\/v2\/pages\/268\/revisions\/3037"}],"wp:attachment":[{"href":"https:\/\/tyyala.utu.fi\/iva\/wp-json\/wp\/v2\/media?parent=268"}],"curies":[{"name":"wp","href":"https:\/\/api.w.org\/{rel}","templated":true}]}}