{"id":1558,"date":"2026-05-09T01:00:16","date_gmt":"2026-05-08T23:00:16","guid":{"rendered":"https:\/\/tyyala.utu.fi\/germanica\/?page_id=1558"},"modified":"2026-05-12T12:23:36","modified_gmt":"2026-05-12T10:23:36","slug":"opiskelun-tyokalut","status":"publish","type":"page","link":"https:\/\/tyyala.utu.fi\/germanica\/opiskelun-tyokalut\/","title":{"rendered":"Opiskelun ty\u00f6kalut"},"content":{"rendered":"\n<p>Jotta p\u00e4\u00e4set opinnoissasi alkuun ja ne sujuvat jouhevasti tarvitset erilaisia s\u00e4hk\u00f6isi\u00e4 ty\u00f6kaluja. Saatat my\u00f6s mietti\u00e4 millaisella tietokoneella p\u00e4rj\u00e4\u00e4t opinnoissasi. Kielten opinnoissa p\u00e4rj\u00e4\u00e4t mainiosti tavallisella l\u00e4pp\u00e4rill\u00e4. Mit\u00e4\u00e4n raskaita ohjelmistoja et tarvitse p\u00e4\u00e4aineopinnoissasi. P\u00e4\u00e4asia, ett\u00e4 pystyt k\u00e4ytt\u00e4m\u00e4\u00e4n tavallisimpia tekstink\u00e4sittelyohjelmia kuten Wordia ja Powerpointtia. <\/p>\n\n\n\n<p><strong>UTU-s\u00e4hk\u00f6posti<\/strong><\/p>\n\n\n\n<p>UTU-s\u00e4hk\u00f6posti on p\u00e4\u00e4asiallinen yhteydenpitokanava opiskelijoiden ja yliopiston henkil\u00f6kunnan v\u00e4lill\u00e4. T\u00e4nne ilmoitetaan ensimm\u00e4isen\u00e4, jos p\u00e4iv\u00e4n luento tai seminaari on peruttu tai kurssilla on tapahtunut muita muutoksia. UTU-s\u00e4hk\u00f6postiin p\u00e4\u00e4set kirjautumaan utu-tunnuksilla.<\/p>\n\n\n\n<p><strong>Intranet<\/strong><\/p>\n\n\n\n<p><a href=\"https:\/\/intranet.utu.fi\/fi\/Sivut\/opiskelija.aspx\">Intranetist\u00e4<\/a> l\u00f6yd\u00e4t yliopiston ajankohtaisuutiset ja tapahtumakalenterin. Esimerkiksi koko yliopistoa koskevat suuret kuin pienetkin uutiset l\u00f6yd\u00e4t intrasta.<\/p>\n\n\n\n<p><strong>Moodle<\/strong><\/p>\n\n\n\n<p><a href=\"https:\/\/moodle.utu.fi\">Moodle<\/a> on s\u00e4hk\u00f6inen oppimisymp\u00e4rist\u00f6, jossa p\u00e4\u00e4set liittym\u00e4\u00e4n kurssien s\u00e4hk\u00f6iselle oppimisalustalle. Kurssien moodlealustoille ilmoitetaan yleens\u00e4 kurssin aikataulu, suoritustavat ja oppimateriaalit. Moodlessa on my\u00f6s s\u00e4hk\u00f6isten teht\u00e4vien palautusalustat.<\/p>\n\n\n\n<p><strong>Opintorekisteri Peppi<\/strong><\/p>\n\n\n\n<p><a href=\"https:\/\/www.utu.fi\/fi\/opiskelijaksi\/peppi-opintotietojarjestelma\">Pepiss\u00e4<\/a> p\u00e4\u00e4set suunnittelemaan HOPSin, ilmoittautumaan kursseille ja tarkastelemaan opintosuoritteitasi. Pepisst\u00e4 voit my\u00f6s ladata esim. opintosuoriteselosteen tai opiskelutodistuksen. Pepiss\u00e4 tehd\u00e4\u00e4n my\u00f6s lukukausi-ilmoittautuminen. <\/p>\n\n\n\n<p><strong>Volter<\/strong><\/p>\n\n\n\n<p><a href=\"https:\/\/utuvolter.fi\/discovery\/search?vid=358FIN_UTUR:VU1\">Volter<\/a> on Turun yliopiston kirjaston tietokanta. Siel\u00e4t voit tarkastella mm. kurssikirjoja, ladata e-aineistoja, varata kirjoja sek\u00e4 tarkastella varauksia, lainoja ja maksaa mahdollisia my\u00f6h\u00e4stymismaksuja.<\/p>\n\n\n\n<p><strong>Opinto-opas<\/strong><\/p>\n\n\n\n<p><a href=\"https:\/\/opas.peppi.utu.fi\/fi\/perustutkintokoulutus\/14002\/o?period=2024-2027\">Opinto-oppaasta<\/a> n\u00e4et kaiken tarvitsemasi tiedon kursseista. Voit tarkastella esimerkiksi kurssien osaamistavoitteita, ilmoittautumisajankohtaa tai mahdollisia kurssilla luettavia aineistoja. <\/p>\n\n\n\n<p><strong>MOT-sanakirja<\/strong><\/p>\n\n\n\n<p><a href=\"https:\/\/www.sanakirja.fi\/finnish-english\">MOT-sanakirja<\/a> on kattava ja luotettava sanakirja, jolla voit hakea sanoja, k\u00e4\u00e4nt\u00e4\u00e4 tai k\u00e4ytt\u00e4\u00e4 kielen tarkastinta. MOT-sanakirjaan p\u00e4\u00e4set kirjautumaan yliopiston tunnuksilla.<\/p>\n\n\n\n<p><strong>Kulkul\u00e4tk\u00e4<\/strong><\/p>\n\n\n\n<p>Saat opintojesi alussa <a href=\"https:\/\/intranet.utu.fi\/fi\/palvelut\/kulku-ja-tulostusoikeudet\/Sivut\/Kulku--ja-tulostusl\u00e4tk\u00f6.aspx\">kulku- ja tulostusl\u00e4tk\u00e4n.<\/a> T\u00e4ll\u00e4 l\u00e4tk\u00e4ll\u00e4 p\u00e4\u00e4set kulkemaan yliopiston rakennuksiin my\u00f6s silloin, kun yleiset aukioloajat ovat ohi. T\u00e4m\u00e4 on my\u00f6s p\u00e4\u00e4sysi j\u00e4rjst\u00f6tiloihin sek\u00e4 tenttitiloihin. Kulkul\u00e4tk\u00e4ll\u00e4 voit my\u00f6s k\u00e4ytt\u00e4\u00e4 yliopiston <a href=\"https:\/\/intranet.utu.fi\/fi\/palvelut\/tulostaminen-kopioiminen-skannaus\/Sivut\/default.aspx\">tulostimia<\/a>. Sinulle my\u00f6nnet\u00e4\u00e4n joka lukukauden alussa 300 krediitin tulostuskiinti\u00f6.<\/p>\n\n\n\n<p><strong>Office 365 -ohjelmistot<\/strong><\/p>\n\n\n\n<p>Saat yliopiston kautta k\u00e4ytt\u00f6\u00f6si <a href=\"https:\/\/intranet.utu.fi\/fi\/palvelut\/microsoft-office-365\/Sivut\/Office-365-ohjelmistot-omille-laitteille.aspx\">Office 365 -ohjelmistot<\/a> opiskelun ajaksi. Kun sinulla on p\u00e4\u00e4sy Intranettiin, voit k\u00e4yd\u00e4 katsomassa sielt\u00e4 ohjeet, miten saat ohjelmistot k\u00e4ytt\u00f6\u00f6si. <\/p>\n\n\n\n<p><strong>Tuudo<\/strong><\/p>\n\n\n\n<p>Tuudo on yksi opiskelijakorttisovelluksista. Sielt\u00e4 n\u00e4et k\u00e4tev\u00e4sti Unican opiskelijaravintoloiden p\u00e4iv\u00e4n ruokalistat, kampuskartan tai lukuj\u00e4rjestyksen. Tuudosta l\u00f6yd\u00e4t my\u00f6s kirjastokortin, joka k\u00e4y Turun yliopiston kirjastoissa. Opiskelijakorttia n\u00e4ytt\u00e4m\u00e4ll\u00e4 tai n\u00e4ytt\u00e4m\u00e4ll\u00e4 qr-koodia lukijaan opiskelijaravintoloissa, saat yhden opiskelijahintaisen ruoan p\u00e4iv\u00e4ss\u00e4. Tuudossa on my\u00f6s opiskelija-alennuksia.<\/p>\n\n\n\n<p><strong>Frank<\/strong><\/p>\n\n\n\n<p>Frank on toinen opiskelijakorttisovellus, joka kannattaa ladata. Voit k\u00e4ytt\u00e4\u00e4 sit\u00e4 samalla tavalla opiskelijakorttina kuin Tuudoa, mutta esimerkiksi ruokalistoja, lukuj\u00e4rjestyst\u00e4, kampuskarttaa tai kirjastokorttia sill\u00e4 ei voi k\u00e4ytt\u00e4\u00e4. Frank tarjoaa kuitenkin runsaasti erilaisia opiskelija-alenuuksia. <\/p>\n\n\n\n<p><\/p>\n\n\n\n<p>N\u00e4iden kaikkien k\u00e4ytt\u00f6\u00f6n saat opastusta tuutoreiltasi, mutta Tuudo tai Frank kannattaa ladata hieman ennen orientaation alkua, sill\u00e4 se sujuvoittaa ensimm\u00e4ist\u00e4 ruokailua. Ei kuitenkaan h\u00e4t\u00e4\u00e4, jos et onnistukaan, tuutorisi auttavat sinua, jos et saa opiskelijakorttia itse toimimaan. My\u00f6sk\u00e4\u00e4n kursseille ei tarvitse itse ilmoittautua, vaan ilmoittautuminen tehd\u00e4\u00e4n yhdess\u00e4 tuutorien kanssa. <\/p>\n\n\n\n<p>Tsemppi\u00e4 opintojesi alkuun ja ihanaa sek\u00e4 antoisaa opiskeluaikaa Turussa! <\/p>\n","protected":false},"excerpt":{"rendered":"<p>Jotta p\u00e4\u00e4set opinnoissasi alkuun ja ne sujuvat jouhevasti tarvitset erilaisia s\u00e4hk\u00f6isi\u00e4 ty\u00f6kaluja. Saatat my\u00f6s mietti\u00e4 millaisella tietokoneella p\u00e4rj\u00e4\u00e4t opinnoissasi. Kielten opinnoissa p\u00e4rj\u00e4\u00e4t mainiosti tavallisella l\u00e4pp\u00e4rill\u00e4. Mit\u00e4\u00e4n raskaita ohjelmistoja et tarvitse p\u00e4\u00e4aineopinnoissasi. P\u00e4\u00e4asia, ett\u00e4 pystyt k\u00e4ytt\u00e4m\u00e4\u00e4n tavallisimpia tekstink\u00e4sittelyohjelmia kuten Wordia ja Powerpointtia. UTU-s\u00e4hk\u00f6posti UTU-s\u00e4hk\u00f6posti on p\u00e4\u00e4asiallinen yhteydenpitokanava opiskelijoiden ja yliopiston henkil\u00f6kunnan v\u00e4lill\u00e4. T\u00e4nne ilmoitetaan ensimm\u00e4isen\u00e4, jos [&hellip;]<\/p>\n","protected":false},"author":196,"featured_media":0,"parent":0,"menu_order":0,"comment_status":"closed","ping_status":"closed","template":"","meta":{"_kad_blocks_custom_css":"","_kad_blocks_head_custom_js":"","_kad_blocks_body_custom_js":"","_kad_blocks_footer_custom_js":"","footnotes":""},"class_list":["post-1558","page","type-page","status-publish","czr-hentry"],"taxonomy_info":[],"featured_image_src_large":false,"author_info":{"display_name":"Germanica","author_link":"https:\/\/tyyala.utu.fi\/germanica\/author\/germanica\/"},"comment_info":0,"_links":{"self":[{"href":"https:\/\/tyyala.utu.fi\/germanica\/wp-json\/wp\/v2\/pages\/1558","targetHints":{"allow":["GET"]}}],"collection":[{"href":"https:\/\/tyyala.utu.fi\/germanica\/wp-json\/wp\/v2\/pages"}],"about":[{"href":"https:\/\/tyyala.utu.fi\/germanica\/wp-json\/wp\/v2\/types\/page"}],"author":[{"embeddable":true,"href":"https:\/\/tyyala.utu.fi\/germanica\/wp-json\/wp\/v2\/users\/196"}],"replies":[{"embeddable":true,"href":"https:\/\/tyyala.utu.fi\/germanica\/wp-json\/wp\/v2\/comments?post=1558"}],"version-history":[{"count":5,"href":"https:\/\/tyyala.utu.fi\/germanica\/wp-json\/wp\/v2\/pages\/1558\/revisions"}],"predecessor-version":[{"id":1605,"href":"https:\/\/tyyala.utu.fi\/germanica\/wp-json\/wp\/v2\/pages\/1558\/revisions\/1605"}],"wp:attachment":[{"href":"https:\/\/tyyala.utu.fi\/germanica\/wp-json\/wp\/v2\/media?parent=1558"}],"curies":[{"name":"wp","href":"https:\/\/api.w.org\/{rel}","templated":true}]}}