{"id":35,"date":"2015-08-06T08:00:37","date_gmt":"2015-08-06T06:00:37","guid":{"rendered":"http:\/\/tyyala.utu.fi\/forum\/?page_id=35"},"modified":"2025-10-20T16:31:45","modified_gmt":"2025-10-20T14:31:45","slug":"hallitus","status":"publish","type":"page","link":"https:\/\/tyyala.utu.fi\/forum\/hallitus\/","title":{"rendered":"Hallitus"},"content":{"rendered":"<p><strong>Forumin hallitus syksylle 2025<\/strong><\/p>\n<p><em><b>Lotta Alho<\/b>\u00a0puheenjohtaja<\/em><\/p>\n<p><em><span style=\"color: #000000\"><b>Tessa Salonen<\/b><\/span> varapuheenjohtaja, kansainv\u00e4lisyysvastaava<\/em><\/p>\n<p><em><b>Venla Pajula <\/b>sihteeri, koulutuspoliittinen vastaava<\/em><\/p>\n<p><em><b>Anni Sepp\u00e4l\u00e4\u00a0<\/b>taloudenhoitaja<\/em><\/p>\n<p><em><strong>Seren \u00d6zdek <\/strong>sosiaalisen median vastaava, tiedotusvastaava<\/em><\/p>\n<p><em><strong>Anna Ropponen<\/strong>\u00a0tiedotusvastaava<\/em><\/p>\n<p><em><strong>Veikka Kortelainen <\/strong>tapahtumavastaava<\/em><\/p>\n<p><em><span style=\"color: #000000\"><b>Oliver Kuusinen<\/b><\/span> koulutuspoliittinen vastaava, tuutorvastaava, h\u00e4irint\u00e4yhdyshenkil\u00f6<\/em><\/p>\n<p><em><strong>Meeri Yli-Kauhaluoma<\/strong>\u00a0sosiaalipoliittinen vastaava<\/em><\/p>\n<p>&nbsp;<\/p>\n<p><em>Varaj\u00e4senet:<\/em><\/p>\n<p><em><strong>Maija Pajula<\/strong> ymp\u00e4rist\u00f6vastaava<\/em><\/p>\n<p><em><strong>Mikael Selman<\/strong>\u00a0<\/em><\/p>\n<p>&nbsp;<\/p>\n<p>Hallitukseen saa yhteyden l\u00e4hett\u00e4m\u00e4ll\u00e4 s\u00e4hk\u00f6postia osoitteeseen <em>forum-hallitus (at) utu.fi<\/em><\/p>\n\n\n<p><\/p>\n","protected":false},"excerpt":{"rendered":"<p>Forumin hallitus syksylle 2025 Lotta Alho\u00a0puheenjohtaja Tessa Salonen varapuheenjohtaja, kansainv\u00e4lisyysvastaava Venla Pajula sihteeri, koulutuspoliittinen vastaava Anni Sepp\u00e4l\u00e4\u00a0taloudenhoitaja Seren \u00d6zdek sosiaalisen median vastaava, tiedotusvastaava Anna Ropponen\u00a0tiedotusvastaava Veikka Kortelainen tapahtumavastaava Oliver Kuusinen koulutuspoliittinen vastaava, tuutorvastaava, h\u00e4irint\u00e4yhdyshenkil\u00f6 Meeri Yli-Kauhaluoma\u00a0sosiaalipoliittinen vastaava &nbsp; Varaj\u00e4senet: Maija &hellip; <a href=\"https:\/\/tyyala.utu.fi\/forum\/hallitus\/\">Lue loppuun <span class=\"meta-nav\">&rarr;<\/span><\/a><\/p>\n","protected":false},"author":2,"featured_media":0,"parent":0,"menu_order":1,"comment_status":"closed","ping_status":"closed","template":"","meta":{"footnotes":""},"class_list":["post-35","page","type-page","status-publish","hentry"],"_links":{"self":[{"href":"https:\/\/tyyala.utu.fi\/forum\/wp-json\/wp\/v2\/pages\/35","targetHints":{"allow":["GET"]}}],"collection":[{"href":"https:\/\/tyyala.utu.fi\/forum\/wp-json\/wp\/v2\/pages"}],"about":[{"href":"https:\/\/tyyala.utu.fi\/forum\/wp-json\/wp\/v2\/types\/page"}],"author":[{"embeddable":true,"href":"https:\/\/tyyala.utu.fi\/forum\/wp-json\/wp\/v2\/users\/2"}],"replies":[{"embeddable":true,"href":"https:\/\/tyyala.utu.fi\/forum\/wp-json\/wp\/v2\/comments?post=35"}],"version-history":[{"count":18,"href":"https:\/\/tyyala.utu.fi\/forum\/wp-json\/wp\/v2\/pages\/35\/revisions"}],"predecessor-version":[{"id":465,"href":"https:\/\/tyyala.utu.fi\/forum\/wp-json\/wp\/v2\/pages\/35\/revisions\/465"}],"wp:attachment":[{"href":"https:\/\/tyyala.utu.fi\/forum\/wp-json\/wp\/v2\/media?parent=35"}],"curies":[{"name":"wp","href":"https:\/\/api.w.org\/{rel}","templated":true}]}}