{"id":713,"date":"2023-01-09T19:59:12","date_gmt":"2023-01-09T17:59:12","guid":{"rendered":"https:\/\/tyyala.utu.fi\/dialectica\/?page_id=713"},"modified":"2025-11-12T15:57:01","modified_gmt":"2025-11-12T13:57:01","slug":"tenttiarkisto","status":"publish","type":"page","link":"https:\/\/tyyala.utu.fi\/dialectica\/opiskeluun\/tenttiarkisto\/","title":{"rendered":"Tenttiarkisto"},"content":{"rendered":"\n<p>Dialectican tenttiarkistoon on koottu filosofian aiempia tenttikysymyksi\u00e4 kursseittain. Tenttiarkiston tarkoituksena on helpottaa opiskelijan valmistautumista tentteihin. <\/p>\n\n\n\n<p>Mit\u00e4 enemm\u00e4n j\u00e4senist\u00f6 p\u00e4ivitt\u00e4\u00e4 tenttiarkistoa, sit\u00e4 laajemmaksi ja hy\u00f6dyllisemm\u00e4ksi se tulee.<strong> <\/strong><a href=\"https:\/\/docs.google.com\/forms\/d\/e\/1FAIpQLSfbPXDwI0TGJzJjOCFnL7sPqWpEvdHtLyu6FMrJumA7KYZVMA\/viewform?usp=header\">T\u00e4ll\u00e4 lomakkeella voit l\u00e4hett\u00e4\u00e4\u00e4 tenttikysymyksi\u00e4 lis\u00e4tt\u00e4v\u00e4ksi arkistoon.<\/a> Kiitos panoksestasi j\u00e4senist\u00f6n hyv\u00e4ksi!<\/p>\n\n\n\n<p><strong>P1 Johdatus filosofiaan<\/strong><\/p>\n\n\n\n<p>2021 (luentokurssi, Laiho)<\/p>\n\n\n\n<ol class=\"wp-block-list\">\n<li>K\u00e4sitteiden m\u00e4\u00e4rittely, viisi n. 20 sanan mittaista vastausta<\/li>\n\n\n\n<li>Essee: Determinismi ja vapaan tahdon ongelma (ohjepituus: n. 300 sanaa)<\/li>\n<\/ol>\n\n\n\n<p>2025 (kirjatentti, Laiho)<\/p>\n\n\n\n<ol class=\"wp-block-list\">\n<li>Mit\u00e4 on tieto?<\/li>\n\n\n\n<li>Mit\u00e4 n\u00e4kemyksi\u00e4 on esitetty mielen ja ruumiin suhteesta?<\/li>\n<\/ol>\n\n\n\n<p><strong>P2 Filosofian historia<\/strong><\/p>\n\n\n\n<p>2022 (luentokurssi, Laiho)<\/p>\n\n\n\n<p>M\u00e4\u00e4rittelyteht\u00e4v\u00e4t:<\/p>\n\n\n\n<ol class=\"wp-block-list\">\n<li>Antiikin filosofien k\u00e4sitys alkuaineista<\/li>\n\n\n\n<li>Stoalainen etiikka<\/li>\n\n\n\n<li>Kartesiolainen dualismi<\/li>\n\n\n\n<li>Kausaatioargumentti Jumalan olemassaolon puolesta<\/li>\n\n\n\n<li>Kantin synteettinen ja analyyttinen arvostelma<\/li>\n<\/ol>\n\n\n\n<p>Esseevaihtoehdot:<\/p>\n\n\n\n<ol class=\"wp-block-list\">\n<li>Spinozan subtanssik\u00e4sitys<\/li>\n\n\n\n<li>Locken ja Berkeleyn idealismin vertailu<\/li>\n<\/ol>\n\n\n\n<p>2022 (kirjatentti: Skirbekk &amp; Gilje<em>: A History of Western Thought<\/em>, Laiho)<\/p>\n\n\n\n<ol class=\"wp-block-list\">\n<li>Platonin yhteiskuntafilosofia<\/li>\n\n\n\n<li>Marxin filosofia<\/li>\n<\/ol>\n\n\n\n<p>2025 (luentokurssi, Laiho)<\/p>\n\n\n\n<ol class=\"wp-block-list\">\n<li>M\u00e4\u00e4rittele k\u00e4sitteet:\n<ul class=\"wp-block-list\">\n<li>Demokritoksen k\u00e4sitys maailmasta<\/li>\n\n\n\n<li>&#8220;Ihminen on kaiken mitta&#8221; (Parmenides)<\/li>\n\n\n\n<li>Stoalaisten k\u00e4sitys etiikasta<\/li>\n\n\n\n<li>Occamin partaveitsi<\/li>\n\n\n\n<li>&#8220;Esse est pericipi&#8221; (Berkeley)<\/li>\n\n\n\n<li>Humen giljotiini<\/li>\n<\/ul>\n<\/li>\n\n\n\n<li>Esseevaihtoehdot:\n<ul class=\"wp-block-list\">\n<li>Parmenideen argumentti muutosta vastaan<\/li>\n\n\n\n<li>Platonin ideaoppi<\/li>\n<\/ul>\n<\/li>\n<\/ol>\n\n\n\n<p><strong>P4 Tietoteoria ja tieteenfilosofia I<\/strong><\/p>\n\n\n\n<p>2022 (luentokurssi, Korte)<\/p>\n\n\n\n<p>Tentiss\u00e4 kirjoitettiin kaksi esseevastausta annetuista aiheista, joista toinen arvottiin v\u00e4lilt\u00e4 1 \u2013 13 ja toinen 14 \u2013 25.<\/p>\n\n\n\n<p>1. Onko tietomme, milt\u00e4 esimerkiksi punainen n\u00e4ytt\u00e4\u00e4, propositionaalista?<\/p>\n\n\n\n<p>2. Klassinen tiedon m\u00e4\u00e4ritelm\u00e4<\/p>\n\n\n\n<p>3. Gettier-tyyppiset ongelmat<\/p>\n\n\n\n<p>4. On esitetty, ett\u00e4 tiedon m\u00e4\u00e4ritelm\u00e4\u00e4n pit\u00e4\u00e4 lis\u00e4t\u00e4 ehto, ett\u00e4 uskomuksen oikeutus ei saa riippua ep\u00e4todesta uskomuksesta. Ratkaiseeko t\u00e4m\u00e4 Gettier-tyyppiset ongelmat?<\/p>\n\n\n\n<p>5. Sensitiivisyysehto ja Gettier-tyyppiset ongelmat<\/p>\n\n\n\n<p>6. Voidaanko Gettier-tyyppisi\u00e4 ongelmia ylip\u00e4\u00e4t\u00e4\u00e4n ratkaista lis\u00e4\u00e4m\u00e4ll\u00e4 tiedon m\u00e4\u00e4ritelm\u00e4\u00e4n ylim\u00e4\u00e4r\u00e4inen ehto?<\/p>\n\n\n\n<p>7. Klassinen ja maltillinen foundationalismi<\/p>\n\n\n\n<p>8. Descartesin uniargumentti<\/p>\n\n\n\n<p>9. Relevanttien vaihtoehtojen teoria ja sulkeumaperiaate<\/p>\n\n\n\n<p>10. Episteeminen kontekstualismi<\/p>\n\n\n\n<p>11. Mooren argumentti skeptisismi\u00e4 vastaan<\/p>\n\n\n\n<p>12. Carnapin erottelu sis\u00e4isiin ja ulkoisiin kysymyksiin argumenttina skeptisismi\u00e4 vastaan<\/p>\n\n\n\n<p>13. A priori -tieto<\/p>\n\n\n\n<p>14. Aristoteelinen tieteenihanne<\/p>\n\n\n\n<p>15. Induktivismi<\/p>\n\n\n\n<p>16. Hypoteettis-deduktiivinen menetelm\u00e4<\/p>\n\n\n\n<p>17. Hempelin paradoksi<\/p>\n\n\n\n<p>18. Goodmanin paradoksi<\/p>\n\n\n\n<p>19. Falsifikationismi<\/p>\n\n\n\n<p>20. Nomologinen kausaalisuhteen analyysi<\/p>\n\n\n\n<p>21. Kuhnin, Lakatosin ja Laudanin teoriat tieteen kehityksest\u00e4<\/p>\n\n\n\n<p>22. Deduktiivis-nomologinen selitysmalli ja sen ongelmia<\/p>\n\n\n\n<p>23. Funktionaalinen selitt\u00e4minen<\/p>\n\n\n\n<p>24. Argumentteja kausaalista tekojen teoriaa vastaan<\/p>\n\n\n\n<p>25. Anomaalinen monismi<\/p>\n\n\n\n<p><strong>P5 Metafysiikka I<\/strong><\/p>\n\n\n\n<p>2025 (luentokurssi, Maunu)<\/p>\n\n\n\n<p>Vastaa kolmeen:<\/p>\n\n\n\n<ol class=\"wp-block-list\">\n<li>Trooppiteoria<\/li>\n\n\n\n<li>Intensionaalisuus<\/li>\n\n\n\n<li>Ajan dynaaminen A-teoria<\/li>\n\n\n\n<li>M\u00e4\u00e4rittelyteht\u00e4v\u00e4:<br>a) Erottumattomien identtisyys<br>b) Runsauden periaate<br>c) Analyyttinen v\u00e4ltt\u00e4m\u00e4tt\u00f6myys<br>d) Totuuden korrespondenssiteoria<br>e) Kontrafaktuaalinen konditionaali<\/li>\n<\/ol>\n\n\n\n<p>2025 (kirjatentti)<\/p>\n\n\n\n<p>Vastaa molempiin:<\/p>\n\n\n\n<ol class=\"wp-block-list\">\n<li>Propositiot<\/li>\n\n\n\n<li>Substraattiteoria<\/li>\n<\/ol>\n\n\n\n<p>2022 (luentokurssi, Maunu)<\/p>\n\n\n\n<p>Vastaa kolmeen:<\/p>\n\n\n\n<ol class=\"wp-block-list\">\n<li>Essee: Trooppiteoria<\/li>\n\n\n\n<li>Essee: Propositiorealismi<\/li>\n\n\n\n<li>Essee: Ajan A-teoria<\/li>\n\n\n\n<li>Selit\u00e4 k\u00e4sitteet lyhyesti, esim. aposteriorisuus<\/li>\n<\/ol>\n\n\n\n<p>2023 (luentokurssi, Maunu)<\/p>\n\n\n\n<p>Esseeaiheita:<\/p>\n\n\n\n<p>&#8211; Determinismi ja vapaa tahto <\/p>\n\n\n\n<p>&#8211; Lewisin konkretismi ja mahdolliset maailmat<\/p>\n\n\n\n<p>2023 (luentokurssi, Maunu)<\/p>\n\n\n\n<p>Esseekysymyksi\u00e4: <\/p>\n\n\n\n<ol class=\"wp-block-list\">\n<li>Universaalirealismi<\/li>\n\n\n\n<li>Mahdolliset maailmat: Kripken abstraktionismi<\/li>\n\n\n\n<li>Kombatibilismi<\/li>\n<\/ol>\n\n\n\n<p><strong>P8 Filosofian klassikko<\/strong><\/p>\n\n\n\n<p>2025 (Kirjatentti, Russell &amp; Platon)<\/p>\n\n\n\n<p>Kaksi 5 pisteen esseekysymyst\u00e4:<\/p>\n\n\n\n<ol class=\"wp-block-list\">\n<li>Faidon ja synnynn\u00e4inen tieto.<\/li>\n\n\n\n<li>Russell intuitiivisesta&nbsp;tiedosta.<\/li>\n<\/ol>\n\n\n\n<p>2024, (Luentokurssi, Maunu)<\/p>\n\n\n\n<p>&#8220;Kysymys:&#8221; Russel aistinsis\u00e4ll\u00f6st\u00e4<\/p>\n\n\n\n<p>2022 (luentokurssi, Korte)<\/p>\n\n\n\n<p>Tenttiin tuli yksi kysymys kustakin osiosta A \u2013 D eli yhteens\u00e4 nelj\u00e4 kysymyst\u00e4. Osa \u201dkysymyksist\u00e4\u201d oli perinteisi\u00e4 esseeotsikoita ja osa ihan oikeita kysymyksi\u00e4. Kummankin tyyppisiin vastattiin esseell\u00e4. Tenttiaikaa oli kolme tuntia.<\/p>\n\n\n\n<p><em>A-osio (luennot)<\/em><\/p>\n\n\n\n<p>1. Fregen Begriffsschrift traditionaalisen logiikan valossa&nbsp;<\/p>\n\n\n\n<p>2. Selvit\u00e4 seuraavia teoksessa Begriffsschrift k\u00e4ytettyj\u00e4 k\u00e4sitteit\u00e4: \u201darvostelma\u201d, \u201didentiteettirelaatio\u201d ja \u201dfunktio\/argumentti-analyysi\u201d.&nbsp;<\/p>\n\n\n\n<p>3. Mit\u00e4 Frege ehk\u00e4 tarkoitti esitt\u00e4ess\u00e4\u00e4n, ett\u00e4 Begriffsschrift on kieli eik\u00e4 pelkk\u00e4 kalkyyli?&nbsp;<\/p>\n\n\n\n<p>4. Begriffsschriftin ja Grundlagenin merkitysteoria&nbsp;<\/p>\n\n\n\n<p>5. Miksi Frege esitti 90-luvun alussa teorian Sinnist\u00e4 ja Bedeutungista?&nbsp;<\/p>\n\n\n\n<p>6. Miksi v\u00e4itelauseen Bedeutung on totuusarvo?&nbsp;<\/p>\n\n\n\n<p>7. Mik\u00e4 on ilmauksen Sinnin rooli Fregen teoriassa?&nbsp;<\/p>\n\n\n\n<p>8. Fregen ja Russelin k\u00e4sitykset tyhjist\u00e4 singulaaritermeist\u00e4&nbsp;<\/p>\n\n\n\n<p><em>B-osio (Begriffsschriftin johdanto)&nbsp;<\/em><\/p>\n\n\n\n<p>1. Mit\u00e4 tarkoitusta varten Begriffsschrift on luotu?<\/p>\n\n\n\n<p>2. Millainen on suhde Begriffsschriftin ja luonnollisen kielen v\u00e4lill\u00e4?&nbsp;<\/p>\n\n\n\n<p><em>C-osio (\u00dcber Sinn und Bedeutung)<\/em><\/p>\n\n\n\n<p>1. Mik\u00e4 on Fregen artikkelin \u201d\u00dcber Sinn und Bedeutung\u201c alussa esitt\u00e4m\u00e4 argumentti? <\/p>\n\n\n\n<p>2. Selit\u00e4 Fregen Sinn\/Bedeutung \u2013teorian rakenne: Mit\u00e4 tai millaisia ovat v\u00e4itelauseiden, yksil\u00f6termien, k\u00e4sitenimien ja funktionimien Sinnit ja Bedeutungit? Millaisia suhteita niiden v\u00e4lill\u00e4 vallitsee?&nbsp;<\/p>\n\n\n\n<p>3. Sinn\/Bedeutung \u2013teorian soveltaminen ep\u00e4suoriin esityksiin.&nbsp;<\/p>\n\n\n\n<p>4. Sivuilla 39 \u2013 40 (alkuper\u00e4inen sivunumerointi) Frege esitt\u00e4\u00e4 argumentin, miksi singulaarinen v\u00e4ite ei sis\u00e4ll\u00e4 v\u00e4itett\u00e4 singulaaritermin kohteen olemassaolosta. Millainen se on?&nbsp;<\/p>\n\n\n\n<p><em>D-osio (Der Gedanke)<\/em><\/p>\n\n\n\n<p>1. Miksi totuutta ei voida m\u00e4\u00e4ritell\u00e4?&nbsp;<\/p>\n\n\n\n<p>2. Voidaanko indeksikaalisten lauseiden ilmaisemia ajatuksia ilmaista eiindeksikaalisilla lauseilla?&nbsp;<\/p>\n\n\n\n<p>3. Miksi ajatukset eiv\u00e4t voi olla mentaalisia representaatioita?&nbsp;<\/p>\n\n\n\n<p>4. Mit\u00e4 n\u00e4k\u00f6impressioon on Fregen mukaan lis\u00e4tt\u00e4v\u00e4, jotta tuloksena on n\u00e4k\u00f6havainto?&nbsp;<\/p>\n\n\n\n<p><strong>A4 Tietoteoria II<\/strong><\/p>\n\n\n\n<p>2022 (luentokurssi, Koistinen)<\/p>\n\n\n\n<ol class=\"wp-block-list\">\n<li>Selit\u00e4 foundationalismi<\/li>\n\n\n\n<li>M\u00e4\u00e4rittele skeptisismin ongelma ja arvioi sen ratkaisuyrityksi\u00e4<\/li>\n\n\n\n<li>Analysoi kahta Kantin teksti\u00e4 (aineisto jaettu kokeessa)<\/li>\n<\/ol>\n\n\n\n<p>2025 (kirjatentti, Arstila)<\/p>\n\n\n\n<ol class=\"wp-block-list\">\n<li>Kant skeptisismist\u00e4<\/li>\n\n\n\n<li>G. E. Mooren ulkoisten olioiden olemassaoloa koskeva todistus ja Alice Ambrosen ja Norman Malcolmin tulkinnat siit\u00e4<\/li>\n\n\n\n<li>Carnapin k\u00e4sitys skeptisismist\u00e4 (kiinnit\u00e4 erityist\u00e4 huomiota merkityksellisyyden empiiriseen verifioitavuuskriteeriin!)<\/li>\n<\/ol>\n\n\n\n<p><strong>A4 Poliittinen filosofia<\/strong><\/p>\n\n\n\n<p>2022 (luentokurssi, Lagerspetz)<\/p>\n\n\n\n<ol class=\"wp-block-list\">\n<li>Tiedollinen argumentti demokratian puolesta<\/li>\n\n\n\n<li>Deliberatiivinen demokratia<\/li>\n\n\n\n<li>Suora demokratia<\/li>\n\n\n\n<li>Poliittinen velvoite<\/li>\n<\/ol>\n\n\n\n<p><strong>A6 Mielenfilosofia<\/strong><\/p>\n\n\n\n<p>2025 (luentokurssi, Arstila (?))<\/p>\n\n\n\n<p>Vastaa kaikkiin:<\/p>\n\n\n\n<ul class=\"wp-block-list\">\n<li>Mit\u00e4 eroa dualismilla ja monismilla ja mitk\u00e4 on niiden t\u00e4rkeimm\u00e4t alalajit\u201d<\/li>\n\n\n\n<li>Monitoteutuvuuden argumentti ja sen heikkoudet ja vahvuudet\u201d<\/li>\n\n\n\n<li>Mit\u00e4 lepakkoargumentti v\u00e4itt\u00e4\u00e4&nbsp;tietosuudesta?<\/li>\n<\/ul>\n\n\n\n<p>2023 (kirjatentti, Heil: <em>Philosophy of Mind: A Contemporary Introduction<\/em>, Arstila)<\/p>\n\n\n\n<ol class=\"wp-block-list\">\n<li>Epifenomenalismi<\/li>\n\n\n\n<li>Funktionalismi<\/li>\n\n\n\n<li>Panpsykismi<\/li>\n<\/ol>\n\n\n\n<p>2023 (kirjatentti, Heil: <em>Philosophy of Mind: A Contemporary Introduction<\/em>, Arstila)<\/p>\n\n\n\n<ol class=\"wp-block-list\">\n<li>Parallelismi ja okkasionalismi<\/li>\n\n\n\n<li>Behaviorismi ja sen ongelmat<\/li>\n\n\n\n<li>Panpsykismi<\/li>\n<\/ol>\n\n\n\n<p> 2023 (kirjatentti, Heil: <em>Philosophy of Mind: A Contemporary Introduction<\/em>, Arstila) <\/p>\n\n\n\n<ol class=\"wp-block-list\">\n<li>Parallelismi ja okkasionalismi<\/li>\n\n\n\n<li>Identiteettiteoria<\/li>\n\n\n\n<li>Panpsykismi<\/li>\n<\/ol>\n\n\n\n<p> 2023 (kirjatentti, Heil: <em>Philosophy of Mind: A Contemporary Introduction<\/em>, Arstila) <\/p>\n\n\n\n<ol class=\"wp-block-list\">\n<li>Paralellismi ja okkasionalismi<\/li>\n\n\n\n<li>Eliminativismi<\/li>\n\n\n\n<li>Representationalismi<\/li>\n<\/ol>\n\n\n\n<p><strong>A8 Oikeusfilosofia<\/strong><\/p>\n\n\n\n<p>2023 (kirjatentti, Wennberg: <em>Oikeusfilosofia<\/em>, Lagerspetz)<\/p>\n\n\n\n<ol class=\"wp-block-list\">\n<li>Mit\u00e4 tarkoitetaan oikeudellisella p\u00e4tevyydell\u00e4?<\/li>\n\n\n\n<li>Mik\u00e4 on Coasen teoreema?<\/li>\n<\/ol>\n\n\n\n<p>2023 (kirjatentti, Lagerspetz: <em>Oikeusajattelun vuosisata<\/em>, Lagerspetz)<\/p>\n\n\n\n<ol class=\"wp-block-list\">\n<li>Mik\u00e4 on praktisen p\u00e4\u00e4ttelyn edellytysten merkitys von Wrightin filosofiassa?<\/li>\n\n\n\n<li>Mik\u00e4 on Olivecronan n\u00e4kemys oikeuksien luonteesta?<\/li>\n<\/ol>\n\n\n\n<p><strong>A9 Etiikka II<\/strong><\/p>\n\n\n\n<p>2022 (kirjatentti, Launis, Oksanen, Sajama: <em>Etiikan lukemisto<\/em>, Lagerspetz)<\/p>\n\n\n\n<p>Vastaa kahteen:<\/p>\n\n\n\n<ol class=\"wp-block-list\">\n<li>Preskriptiivinen eli normatiivinen etiikka<\/li>\n\n\n\n<li>Eettinen relativismi ja sen kritiikki<\/li>\n\n\n\n<li>Omissiolaki<\/li>\n<\/ol>\n\n\n\n<p>2023 (kirjatentti, Lagerspetz)<\/p>\n\n\n\n<ol class=\"wp-block-list\">\n<li>Prima facie -velvollisuuden k\u00e4site<\/li>\n\n\n\n<li>Emotivismi ja sen kritiikki<\/li>\n<\/ol>\n\n\n\n<p><strong>K2\/T2 K\u00e4yt\u00e4nn\u00f6llisen filosofian klassikoita: Platon<\/strong><\/p>\n\n\n\n<p>2022 (kirjatentti, Platon: <em>Valtio<\/em>, Lagerspetz)<\/p>\n\n\n\n<ul class=\"wp-block-list\">\n<li>Platoninen rakkaus<\/li>\n<\/ul>\n\n\n\n<p>2023 (kirjatentti, Platon: <em>Valtio<\/em>, Lagerspetz)<\/p>\n\n\n\n<ol class=\"wp-block-list\">\n<li>Erilaiset valtiomuodot ja niiden tuhoutuminen<\/li>\n\n\n\n<li>Hyve ja tieto<\/li>\n<\/ol>\n\n\n\n<p>2025 (kirjatentti, Platon: <em>Valtio<\/em>, R\u00e4ikk\u00e4)<\/p>\n\n\n\n<ol class=\"wp-block-list\">\n<li>Luonnetyypit ja hyv\u00e4 valtio<\/li>\n\n\n\n<li>Hyve ja tieto<\/li>\n<\/ol>\n\n\n\n<p><strong>K2\/T2 K\u00e4yt\u00e4nn\u00f6llisen filosofian klassikoita: Aristoteles<\/strong><\/p>\n\n\n\n<p>2023 (kirjatentti, Aristoteles: <em>Nikomakhoksen etiikka<\/em>, Lagerspetz)<\/p>\n\n\n\n<ol class=\"wp-block-list\">\n<li>Mitk\u00e4 ovat oikeudenmukaisuuden lajit?<\/li>\n\n\n\n<li>Mit\u00e4 on heikkoluonteisuus?<\/li>\n<\/ol>\n\n\n\n<p>2024 (kirjatenttti, Aristoteles: <em>Nikomakhoksen etiikka<\/em>, Lagerspetz<\/p>\n\n\n\n<ul class=\"wp-block-list\">\n<li>Harkinnan ja tahdon suhde<\/li>\n<\/ul>\n\n\n\n<p><strong>K2\/T2 K\u00e4yt\u00e4nn\u00f6llisen filosofian klassikoita: Locke<\/strong><\/p>\n\n\n\n<p>2023 (kirjatentti, Locke: <em>Tutkielma hallitusvallasta<\/em>, Lagerspetz)<\/p>\n\n\n\n<ol class=\"wp-block-list\">\n<li>Miss\u00e4 tilanteissa on oikeutettua nousta hallintoa vastaan?<\/li>\n\n\n\n<li>Luottamuksen merkitys Locken poliittisessa teoriassa.<\/li>\n<\/ol>\n\n\n\n<p><strong>K2\/T2 K\u00e4yt\u00e4nn\u00f6llisen filosofian klassikoita: Rousseau<\/strong><\/p>\n\n\n\n<p>2023 (kirjatentti, Rousseau: <em>Yhteiskuntasopimuksesta<\/em>, Lagerspetz)<\/p>\n\n\n\n<ol class=\"wp-block-list\">\n<li>Vapauden merkitys Rousseaun poliittisessa filosofiassa<\/li>\n\n\n\n<li>Kansalaisuskonnosta<\/li>\n<\/ol>\n\n\n\n<p><strong>S2 K\u00e4yt\u00e4nn\u00f6llisen filosofian klassikoita: Mill<\/strong><\/p>\n\n\n\n<p>2025 (kirjatentti, Mill: <em>Vapaudesta<\/em>, R\u00e4ikk\u00e4)<\/p>\n\n\n\n<ol class=\"wp-block-list\">\n<li>Sananvapauden puolustus Millin teoksessa<\/li>\n\n\n\n<li>Milloin yhteiskunnalla on oikeus puuttua yksil\u00f6n toimintaan?<\/li>\n<\/ol>\n\n\n\n<p><strong>T3\/K3 Teoreettisen filosofian klassikoita: Kant<\/strong><\/p>\n\n\n\n<p>2022 (kirjatentti, Kant: <em>Prolegomena<\/em>, Koistinen, nyk. Arstila)<\/p>\n\n\n\n<ol class=\"wp-block-list\">\n<li>Kantin ratkaisu Humen ongelmaan<\/li>\n\n\n\n<li>Matematiikka ja synteettinen a priori -tieto<\/li>\n<\/ol>\n\n\n\n<p><strong>T3\/K3 Teoreettisen filosofian klassikoita: Austin<\/strong><\/p>\n\n\n\n<p>2022 (kirjatentti, Austin: <em>N\u00e4in tehd\u00e4\u00e4n sanoilla<\/em>, Koistinen, nyk. Arstila)<\/p>\n\n\n\n<ul class=\"wp-block-list\">\n<li>Illokutionaariset teot<\/li>\n<\/ul>\n\n\n\n<p>2024 (kirjatentti, Austin: <em>N\u00e4in tehd\u00e4\u00e4n sanoilla<\/em>, Arstila)<\/p>\n\n\n\n<ol class=\"wp-block-list\">\n<li>Performatiiviset<\/li>\n\n\n\n<li>Illukitionaariset teot<\/li>\n\n\n\n<li>Performatiiviset v\u00e4\u00e4rink\u00e4yt\u00f6t<\/li>\n<\/ol>\n\n\n\n<p>2024 (kirjatentti, Austin: <em>N\u00e4in tehd\u00e4\u00e4n sanoilla<\/em>, Arstila)<\/p>\n\n\n\n<ol class=\"wp-block-list\">\n<li>Performatiivilause<\/li>\n\n\n\n<li>Performatiiviset kariutumiset<\/li>\n\n\n\n<li>Illokutionaaristen ja perlokutionaaristen tekojen erot<\/li>\n<\/ol>\n\n\n\n<p><strong>T3\/K3 Teoreettisen filosofian klassikoita: Hume<\/strong><\/p>\n\n\n\n<p>2025 (Kirjatentti, Hume: <em>Tutkimus inhimillisest\u00e4 ymm\u00e4rryksest\u00e4<\/em>, Arstila)<\/p>\n\n\n\n<ol class=\"wp-block-list\">\n<li>Ideoiden alkuper\u00e4st\u00e4<\/li>\n\n\n\n<li>Vapaus ja v\u00e4ltt\u00e4m\u00e4tt\u00f6myys<\/li>\n\n\n\n<li>Humen n\u00e4kemys Ihmeist\u00e4<\/li>\n<\/ol>\n\n\n\n<p>2023 (kirjatentti, Hume: <em>Tutkimus inhimillisest\u00e4 ymm\u00e4rryksest\u00e4<\/em>, Arstila)<\/p>\n\n\n\n<ol class=\"wp-block-list\">\n<li>Ideoiden assosiaatiosta <\/li>\n\n\n\n<li>V\u00e4ltt\u00e4m\u00e4tt\u00f6m\u00e4st\u00e4 yhteydest\u00e4 <\/li>\n\n\n\n<li>El\u00e4inten j\u00e4rjest\u00e4<\/li>\n<\/ol>\n\n\n\n<p>2023  (kirjatentti, Hume: <em>Tutkimus inhimillisest\u00e4 ymm\u00e4rryksest\u00e4<\/em>, Arstila) <\/p>\n\n\n\n<ul class=\"wp-block-list\">\n<li>Hume ihmeist\u00e4<\/li>\n<\/ul>\n\n\n\n<p><strong>T4\/K4 Suomalaista filosofiaa: Pietarinen<\/strong><\/p>\n\n\n\n<p>2023 (kirjatentti, Pietarinen: <em>Suomalaisen filosofian vaiheita<\/em>, R\u00e4ikk\u00e4)<\/p>\n\n\n\n<ol class=\"wp-block-list\">\n<li>Saksalainen idealismi<\/li>\n\n\n\n<li>Volter Kilven filosofia<\/li>\n<\/ol>\n\n\n\n<p>2023 (kirjatentti, Pietarinen: <em>Suomalaisen filosofian vaiheita<\/em>, R\u00e4ikk\u00e4)<\/p>\n\n\n\n<p>1. Valistuksen kaksi linjaa <\/p>\n\n\n\n<p>2. Snellmanin humanistinen optimismi<\/p>\n\n\n\n<p><strong>T4\/K4 Suomalaista filosofiaa: Westermarck<\/strong><\/p>\n\n\n\n<p>2023 (kirjatentti, R\u00e4ikk\u00e4)<\/p>\n\n\n\n<ol class=\"wp-block-list\">\n<li>Synti<\/li>\n\n\n\n<li>Siveellisten tunteiden synty<\/li>\n<\/ol>\n\n\n\n<p>2023 (kirjatentti, R\u00e4ikk\u00e4)<\/p>\n\n\n\n<ol class=\"wp-block-list\">\n<li>Synti<\/li>\n\n\n\n<li>Oikeudenmukaisuus ja ep\u00e4oikeudenmukaisuus<\/li>\n<\/ol>\n\n\n\n<p><strong>V2 Feministinen filosofia<\/strong><\/p>\n\n\n\n<p>2025, kirjatentti (Marino: <em>Philosophy of Sex and Love<\/em>)<\/p>\n\n\n\n<p>Vastaa molempiin<\/p>\n\n\n\n<ol class=\"wp-block-list\">\n<li>Miten Marino Kuvailee raiskauksen lains\u00e4\u00e4d\u00e4nn\u00f6n historiaa?<\/li>\n\n\n\n<li>Mink\u00e4laista kritiikki\u00e4 &#8220;born this way&#8221; argumenttia kohtaan voidaan esitt\u00e4\u00e4?<\/li>\n<\/ol>\n\n\n\n<p><strong>V6 Mielenfilosofian erityiskysymyksi\u00e4: Blackmore<\/strong><\/p>\n\n\n\n<p>2023 (kirjatentti, Blackmore: <em>Consciousness: An Introduction<\/em>, Arstila)<\/p>\n\n\n\n<p>M\u00e4\u00e4rittele lyhyesti:<\/p>\n\n\n\n<ol class=\"wp-block-list\">\n<li>Ominaisuusdualismi <\/li>\n\n\n\n<li>Filosofinen behaviorismi <\/li>\n\n\n\n<li>Eliminativinen materialismi <\/li>\n\n\n\n<li>Intentionaalisuus <\/li>\n\n\n\n<li>Rinnakkaisprosessointi<\/li>\n<\/ol>\n\n\n\n<p>Esseet: <\/p>\n\n\n\n<ol class=\"wp-block-list\">\n<li>Funktionalismi teko\u00e4lyn perustana<\/li>\n\n\n\n<li>Toisen mielen ongelma<\/li>\n<\/ol>\n\n\n\n<p>2023 (kirjatentti, Blackmore: <em>Consciousness: An Introduction<\/em>, Arstila)<\/p>\n\n\n\n<p>Selit\u00e4 lyhyesti muutamalla lauseella: <\/p>\n\n\n\n<p>1. Eliminativinen materialismi <\/p>\n\n\n\n<p>2. Tiedostamaton prosessointi (tms.) <\/p>\n\n\n\n<p>3. Suuri illuusio <\/p>\n\n\n\n<p>4. Intentionaalisuus <\/p>\n\n\n\n<p>5. Muuntuneen tietoisuuden tilat <\/p>\n\n\n\n<p>Esseet: 1. Mielen teatteri vs. monivedosmalli <\/p>\n\n\n\n<p>2. Selv\u00e4unet kokemuksellisena ilmi\u00f6n\u00e4 (tms.)<\/p>\n","protected":false},"excerpt":{"rendered":"<p>Dialectican tenttiarkistoon on koottu filosofian aiempia tenttikysymyksi\u00e4 kursseittain. Tenttiarkiston tarkoituksena on helpottaa opiskelijan valmistautumista tentteihin. Mit\u00e4 enemm\u00e4n j\u00e4senist\u00f6 p\u00e4ivitt\u00e4\u00e4 tenttiarkistoa, sit\u00e4 laajemmaksi ja hy\u00f6dyllisemm\u00e4ksi se tulee. T\u00e4ll\u00e4 lomakkeella voit l\u00e4hett\u00e4\u00e4\u00e4 tenttikysymyksi\u00e4 lis\u00e4tt\u00e4v\u00e4ksi arkistoon. Kiitos panoksestasi j\u00e4senist\u00f6n hyv\u00e4ksi! P1 Johdatus filosofiaan 2021 (luentokurssi, Laiho) 2025 (kirjatentti, Laiho) P2 Filosofian historia 2022 (luentokurssi, Laiho) M\u00e4\u00e4rittelyteht\u00e4v\u00e4t: Esseevaihtoehdot: 2022 [&hellip;]<\/p>\n","protected":false},"author":3382,"featured_media":0,"parent":789,"menu_order":0,"comment_status":"closed","ping_status":"closed","template":"","meta":{"footnotes":""},"class_list":["post-713","page","type-page","status-publish","hentry","post-preview"],"_links":{"self":[{"href":"https:\/\/tyyala.utu.fi\/dialectica\/wp-json\/wp\/v2\/pages\/713","targetHints":{"allow":["GET"]}}],"collection":[{"href":"https:\/\/tyyala.utu.fi\/dialectica\/wp-json\/wp\/v2\/pages"}],"about":[{"href":"https:\/\/tyyala.utu.fi\/dialectica\/wp-json\/wp\/v2\/types\/page"}],"author":[{"embeddable":true,"href":"https:\/\/tyyala.utu.fi\/dialectica\/wp-json\/wp\/v2\/users\/3382"}],"replies":[{"embeddable":true,"href":"https:\/\/tyyala.utu.fi\/dialectica\/wp-json\/wp\/v2\/comments?post=713"}],"version-history":[{"count":35,"href":"https:\/\/tyyala.utu.fi\/dialectica\/wp-json\/wp\/v2\/pages\/713\/revisions"}],"predecessor-version":[{"id":877,"href":"https:\/\/tyyala.utu.fi\/dialectica\/wp-json\/wp\/v2\/pages\/713\/revisions\/877"}],"up":[{"embeddable":true,"href":"https:\/\/tyyala.utu.fi\/dialectica\/wp-json\/wp\/v2\/pages\/789"}],"wp:attachment":[{"href":"https:\/\/tyyala.utu.fi\/dialectica\/wp-json\/wp\/v2\/media?parent=713"}],"curies":[{"name":"wp","href":"https:\/\/api.w.org\/{rel}","templated":true}]}}