{"id":49,"date":"2015-08-05T19:39:38","date_gmt":"2015-08-05T17:39:38","guid":{"rendered":"http:\/\/tyyala.utu.fi\/dialectica\/?page_id=49"},"modified":"2026-01-20T17:16:50","modified_gmt":"2026-01-20T15:16:50","slug":"hallitus","status":"publish","type":"page","link":"https:\/\/tyyala.utu.fi\/dialectica\/hallitus\/esittely\/hallitus\/","title":{"rendered":"Hallitus 2026"},"content":{"rendered":"\n<details class=\"wp-block-details is-layout-flow wp-block-details-is-layout-flow\"><summary><strong>Tiihon Haukanm\u00e4ki<\/strong>, Puheenjohtaja, sek\u00e4&#8230;<\/summary>\n<ul class=\"wp-block-list\">\n<li>Tapahtumavastaava<\/li>\n\n\n\n<li>Ekskursiovastaava<\/li>\n\n\n\n<li>Lippu-upseeri<\/li>\n\n\n\n<li>Yhdenvertaisusuvastaava<\/li>\n<\/ul>\n<\/details>\n\n\n\n<details class=\"wp-block-details is-layout-flow wp-block-details-is-layout-flow\"><summary><strong>Okko Hirvonen<\/strong>, Varapuheenjohtaja, sek\u00e4&#8230;<\/summary>\n<ul class=\"wp-block-list\">\n<li>Tapahtumavastaava<\/li>\n\n\n\n<li>Ekskursiovastaava<\/li>\n\n\n\n<li>Nettivastaava<\/li>\n\n\n\n<li>K\u00e4pyrauhasvastaava<\/li>\n\n\n\n<li>Kulttuurivastaava<br><\/li>\n<\/ul>\n<\/details>\n\n\n\n<details class=\"wp-block-details is-layout-flow wp-block-details-is-layout-flow\"><summary><strong>Vilja Heikkil\u00e4<\/strong>, Taloudenhoitaja, sek\u00e4&#8230;<\/summary>\n<ul class=\"wp-block-list\">\n<li>Koulutus- ja Sosiaalipoliittinen vastaava (KoPoSoPo)<\/li>\n\n\n\n<li>Alumni- ja Ty\u00f6el\u00e4m\u00e4vastaava<\/li>\n\n\n\n<li>Tiedottaja<\/li>\n\n\n\n<li>Yhdenvertaisuusvastaava<\/li>\n<\/ul>\n<\/details>\n\n\n\n<details class=\"wp-block-details is-layout-flow wp-block-details-is-layout-flow\"><summary><strong>Severi Jokinen<\/strong>, Sihteeri, sek\u00e4&#8230;<\/summary>\n<ul class=\"wp-block-list\">\n<li>Spatiotemporaalinen vastaava<\/li>\n\n\n\n<li>Kansainv\u00e4lisyysvastaava<\/li>\n\n\n\n<li>Ymp\u00e4rist\u00f6vastaava<\/li>\n<\/ul>\n<\/details>\n\n\n\n<details class=\"wp-block-details is-layout-flow wp-block-details-is-layout-flow\"><summary><strong>Vera Forsell<\/strong>, Index-vastaava, sek\u00e4&#8230;<\/summary>\n<ul class=\"wp-block-list\">\n<li>TikTok-vastaava<\/li>\n\n\n\n<li>Liikunta- ja Hyvinvointivastaava<\/li>\n<\/ul>\n<\/details>\n\n\n\n<details class=\"wp-block-details is-layout-flow wp-block-details-is-layout-flow\"><summary><strong>Julia Valkonen<\/strong>, SYY-vastaava, sek\u00e4&#8230;<\/summary>\n<ul class=\"wp-block-list\">\n<li>Ei mit\u00e4\u00e4n<\/li>\n<\/ul>\n<\/details>\n\n\n\n<p><\/p>\n","protected":false},"excerpt":{"rendered":"","protected":false},"author":2066,"featured_media":0,"parent":38,"menu_order":0,"comment_status":"open","ping_status":"closed","template":"","meta":{"footnotes":""},"class_list":["post-49","page","type-page","status-publish","hentry","post-preview"],"_links":{"self":[{"href":"https:\/\/tyyala.utu.fi\/dialectica\/wp-json\/wp\/v2\/pages\/49","targetHints":{"allow":["GET"]}}],"collection":[{"href":"https:\/\/tyyala.utu.fi\/dialectica\/wp-json\/wp\/v2\/pages"}],"about":[{"href":"https:\/\/tyyala.utu.fi\/dialectica\/wp-json\/wp\/v2\/types\/page"}],"author":[{"embeddable":true,"href":"https:\/\/tyyala.utu.fi\/dialectica\/wp-json\/wp\/v2\/users\/2066"}],"replies":[{"embeddable":true,"href":"https:\/\/tyyala.utu.fi\/dialectica\/wp-json\/wp\/v2\/comments?post=49"}],"version-history":[{"count":43,"href":"https:\/\/tyyala.utu.fi\/dialectica\/wp-json\/wp\/v2\/pages\/49\/revisions"}],"predecessor-version":[{"id":885,"href":"https:\/\/tyyala.utu.fi\/dialectica\/wp-json\/wp\/v2\/pages\/49\/revisions\/885"}],"up":[{"embeddable":true,"href":"https:\/\/tyyala.utu.fi\/dialectica\/wp-json\/wp\/v2\/pages\/38"}],"wp:attachment":[{"href":"https:\/\/tyyala.utu.fi\/dialectica\/wp-json\/wp\/v2\/media?parent=49"}],"curies":[{"name":"wp","href":"https:\/\/api.w.org\/{rel}","templated":true}]}}

<details class="wp-block-details is-layout-flow wp-block-details-is-layout-flow"><summary><strong>Tiihon Haukanmäki</strong>, Puheenjohtaja, sekä&#8230;</summary>
<ul class="wp-block-list">
<li>Tapahtumavastaava</li>



<li>Ekskursiovastaava</li>



<li>Lippu-upseeri</li>



<li>Yhdenvertaisusuvastaava</li>
</ul>
</details>



<details class="wp-block-details is-layout-flow wp-block-details-is-layout-flow"><summary><strong>Okko Hirvonen</strong>, Varapuheenjohtaja, sekä&#8230;</summary>
<ul class="wp-block-list">
<li>Tapahtumavastaava</li>



<li>Ekskursiovastaava</li>



<li>Nettivastaava</li>



<li>Käpyrauhasvastaava</li>



<li>Kulttuurivastaava<br></li>
</ul>
</details>



<details class="wp-block-details is-layout-flow wp-block-details-is-layout-flow"><summary><strong>Vilja Heikkilä</strong>, Taloudenhoitaja, sekä&#8230;</summary>
<ul class="wp-block-list">
<li>Koulutus- ja Sosiaalipoliittinen vastaava (KoPoSoPo)</li>



<li>Alumni- ja Työelämävastaava</li>



<li>Tiedottaja</li>



<li>Yhdenvertaisuusvastaava</li>
</ul>
</details>



<details class="wp-block-details is-layout-flow wp-block-details-is-layout-flow"><summary><strong>Severi Jokinen</strong>, Sihteeri, sekä&#8230;</summary>
<ul class="wp-block-list">
<li>Spatiotemporaalinen vastaava</li>



<li>Kansainvälisyysvastaava</li>



<li>Ympäristövastaava</li>
</ul>
</details>



<details class="wp-block-details is-layout-flow wp-block-details-is-layout-flow"><summary><strong>Vera Forsell</strong>, Index-vastaava, sekä&#8230;</summary>
<ul class="wp-block-list">
<li>TikTok-vastaava</li>



<li>Liikunta- ja Hyvinvointivastaava</li>
</ul>
</details>



<details class="wp-block-details is-layout-flow wp-block-details-is-layout-flow"><summary><strong>Julia Valkonen</strong>, SYY-vastaava, sekä&#8230;</summary>
<ul class="wp-block-list">
<li>Ei mitään</li>
</ul>
</details>



<p></p>
