{"id":210,"date":"2015-11-17T15:53:28","date_gmt":"2015-11-17T13:53:28","guid":{"rendered":"http:\/\/tyyala.utu.fi\/dialectica\/?page_id=210"},"modified":"2025-10-28T21:09:39","modified_gmt":"2025-10-28T19:09:39","slug":"hallitustehtavat","status":"publish","type":"page","link":"https:\/\/tyyala.utu.fi\/dialectica\/hallitus\/esittely\/hallitustehtavat\/","title":{"rendered":"Hallitusteht\u00e4v\u00e4t"},"content":{"rendered":"<p style=\"text-align: justify\"><strong>Puheenjohtaja<\/strong> on hallituksen ty\u00f6njohtaja. H\u00e4n kutsuu hallituksen kokoukset koolle ja valmistelee asialistan. Kokouksessa puheenjohtaja johtaa nimens\u00e4 mukaisesti puhetta siten, ett\u00e4 kaikki k\u00e4sittely\u00e4 edellytt\u00e4v\u00e4t asiat tulevat k\u00e4sitelty\u00e4. Puheenjohtaja vastaa siit\u00e4, ett\u00e4 hallituksen p\u00e4\u00e4t\u00f6kset ovat yhdistyksen s\u00e4\u00e4nt\u00f6jen sek\u00e4 yhdistyksen kokouksen hyv\u00e4ksym\u00e4n toimintasuunnitelman mukaisia. Puheenjohtajan teht\u00e4v\u00e4\u00e4n kuuluu my\u00f6s edustaa yhdistyst\u00e4 sit\u00e4 vaativissa tilanteissa ja tilaisuuksissa. H\u00e4n k\u00e4ytt\u00e4\u00e4 yhdistyksen puolesta t\u00e4rkeimm\u00e4t puheenvuorot.<\/p>\n<p style=\"text-align: justify\"><strong>Varapuheenjohtaja<\/strong> hoitaa puheenjohtajan teht\u00e4vi\u00e4 puheenjohtajan ollessa estynyt. Halutessaan puheenjohtaja ja varapuheenjohtaja voivat sopia teht\u00e4vien jakamisesta siten kuin itse n\u00e4kev\u00e4t hy\u00f6dylliseksi.<\/p>\n<p style=\"text-align: justify\">Mit\u00e4 voimme tiet\u00e4\u00e4 <strong>sihteeri<\/strong>st\u00e4? Aion seuraavassa antaa riitt\u00e4m\u00e4tt\u00f6m\u00e4n, mutta ajankohtaisen ja runsaaseen induktiiviseen evidenssiin perustuvan kuvauksen sihteerin toiminnasta Dialectica ry:n hallituksessa. Peruspekseilt\u00e4\u00e4n sihteer\u00f6inti\u00e4 voisi kuvailla seuraavasti: ole kokouksissa l\u00e4sn\u00e4, skarppina sek\u00e4 kuulolla ja kirjaa tarkasti yl\u00f6s hallituksesi mietteet, murheet ja voiton hetket, jotta voisit t\u00e4m\u00e4n j\u00e4lkeen ne tulostuttaa, tarkastuttaa ja arkistoida D-huoneen kronikoihin tuleville hallituspolville. Sinun yksitt\u00e4inen hauska, mutta samalla informatiivinen ja naseva sanavalintasi on kenties kaikki, mit\u00e4 kymmenen vuoden p\u00e4\u00e4st\u00e4 omasta hallituksestasi on en\u00e4\u00e4 saavutettavissa. Onnea matkaan, nuori p\u00f6yt\u00e4kirjojen luoja: totuus kanssasi.<\/p>\n<p style=\"text-align: justify\"><strong>Taloudenhoitaja<\/strong> on vastuussa siit\u00e4, ett\u00e4 Dialectican talous pysyy kunnossa. K\u00e4yt\u00e4nn\u00f6ss\u00e4 t\u00e4m\u00e4 tarkoittaa sit\u00e4, ett\u00e4 on pysytelt\u00e4v\u00e4 perill\u00e4 siit\u00e4, miten paljon varoja D:ll\u00e4 on k\u00e4ytett\u00e4viss\u00e4 ja lausuttava oma mielipiteens\u00e4 siit\u00e4, miten paljon eri tapahtumiin voidaan budjetoida k\u00e4ytett\u00e4v\u00e4ksi rahaa. V\u00e4lill\u00e4 taloudenhoitajana on karhuttava j\u00e4senist\u00f6lt\u00e4 esimerkiksi sitsimaksuja, ja teht\u00e4v\u00e4\u00e4n kuuluu olennaisena osana my\u00f6skin laskujen maksaminen ja kirjanpidon pit\u00e4minen ajan tasalla. Taloudenhoitajan on lis\u00e4ksi mietitt\u00e4v\u00e4 mahdollisia varainhankintakeinoja ja p\u00e4ivitett\u00e4v\u00e4 D:n j\u00e4senrekisteri\u00e4.<\/p>\n<p style=\"text-align: justify\"><strong>Koulutuspoliittinen vastaava, eli Kopo<\/strong> pysyttelee per\u00e4ss\u00e4 koulutuspoliittisista tapahtumista pit\u00e4m\u00e4ll\u00e4 yhteytt\u00e4 filosofian henkil\u00f6kuntaan ja muihin kopo-toimijoihin. K\u00e4yt\u00e4nn\u00f6ss\u00e4 t\u00e4m\u00e4 tarkoittaa henkil\u00f6kunnan kanssa juttelemista sek\u00e4 Indexin kopoilloissa ja TYY:n j\u00e4rjest\u00e4miss\u00e4 koponeuvostoissa k\u00e4ymist\u00e4. Kopo on yhteydess\u00e4 my\u00f6skin filosofian opiskelijoiden joukossa oleviin hallinnon opiskelijaedustajiin eli hallopedeihin. T\u00e4m\u00e4n lis\u00e4ksi kopon teht\u00e4v\u00e4n\u00e4 on pit\u00e4\u00e4 sek\u00e4 yksitt\u00e4isen ett\u00e4 kollektiivisesti kaikkien filosofian opiskelijoiden puolta tarpeen vaatiessa. T\u00e4m\u00e4 tarkoittaa muun muassa tenttipalautteen lukemista sek\u00e4 sen eteenp\u00e4in v\u00e4litt\u00e4mist\u00e4 ja filosofian opiskelijoiden \u00e4\u00e4nen kuuluviin tuomista opiskelijoiden el\u00e4m\u00e4\u00e4n vaikuttavan p\u00e4\u00e4t\u00f6ksenteon yhteydess\u00e4.<\/p>\n<p style=\"text-align: justify\"><strong>Tiedottaja\u00a0<\/strong>kertoo j\u00e4senist\u00f6lle tulevista \u00fcbermageista tapahtumista ja hallituksen tekemist\u00e4 p\u00e4\u00e4t\u00f6ksist\u00e4 viikkotiedotteen v\u00e4lityksell\u00e4.<\/p>\n<p style=\"text-align: justify\"><strong>Nettivastaava <\/strong>p\u00e4ivitt\u00e4\u00e4 t\u00e4t\u00e4 sivua, Instagramia ja Facebookia.<\/p>\n<p style=\"text-align: justify\"><strong>Tapahtumavastaava<\/strong>n pestiin kuuluu ainej\u00e4rjest\u00f6n tapahtumien ideointi ja toteutus. Dialecticalla on joitakin vuotuisiksi perinteiksi vakiintuneita isompia ja pienempi\u00e4 tapahtumia (esimerkiksi Varjoperseet-rastikierros ja Munabileet), mutta tilaa t\u00e4ysin uusillekin toimintapl\u00e4j\u00e4yksille l\u00f6ytyy. Tapahtumien toteutuspuoleen kuuluu tilojen varaaminen, tarjoilun hankkiminen ja valmistaminen sek\u00e4 tilojen siivoaminen tapahtuman p\u00e4\u00e4ttyess\u00e4. Jotta t\u00e4t\u00e4 kaikkea ei kuitenkaan tarvitsisi yksin itku kurkussa hoitaa, tapahtumavastaavan avuksi kootaan tapahtumatoimikunta, jota apua tarvitessaan saa hommiin nakittaa \u2013 toki my\u00f6s muut hallituslaiset auttavat.<\/p>\n<p><strong>Hyvinvointivastaava<\/strong>n teht\u00e4viin kuuluu huolehtia j\u00e4senist\u00f6n mieluiten alkoholittomasta virkist\u00e4ytymisest\u00e4 ja fyysisest\u00e4 hyvinvoinnista. K\u00e4yt\u00e4nn\u00f6ss\u00e4 t\u00e4m\u00e4 tarkoittaa FilosoFitness-yhteis\u00f6n yll\u00e4pit\u00e4mist\u00e4 ja hyvinvointitapahtumien j\u00e4rjest\u00e4mist\u00e4. FilosoFitness on toistaiseksi j\u00e4rjest\u00e4nyt lajikokeiluja kiinnostaviin harrastuksiin. My\u00f6s palloiluvuoron varaaminen ja mahdollinen sammonmaljalajeihin ilmoittautuminen kuuluu hyvinvointivastaavan hommiin. Silloin kun hallitus suunnittelee tapahtumia, tulee hyvinvointivastaavan muistuttaa huomioimaan alkoholiton vaihtoehto ja muut terveydelliset aspektit. Hommasta voi pitk\u00e4lti tehd\u00e4 itsens\u00e4 n\u00e4k\u00f6isen.<\/p>\n<p><strong>Alumnivastaava<\/strong> yll\u00e4pit\u00e4\u00e4 Dialectican Alumniyhteis\u00f6\u00e4 ja suhteita valmistuneisiin ja valmistuviin. H\u00e4n toimii vuorovaikutuksessa alumnien kanssa ja kuuntelee heid\u00e4n toiveitaan Dialectican toimintaan liittyen ja miksei muitakin. H\u00e4n on p\u00e4\u00e4vastuullinen syksyisin j\u00e4rjestett\u00e4v\u00e4n alumnip\u00e4iv\u00e4n j\u00e4rjest\u00e4misest\u00e4. Alumnip\u00e4iv\u00e4n\u00e4 pyrit\u00e4\u00e4n saattamaan vanhemmat ja uudemmat filosofit yhteen ja luoda jatkuvuutta j\u00e4senten el\u00e4m\u00e4\u00e4n.<\/p>\n<p><strong>Ty\u00f6el\u00e4m\u00e4vastaava<\/strong> pysyy parhaan kykyns\u00e4 mukaan tietoisena ty\u00f6el\u00e4m\u00e4asioista. Laitoksen, tiedekunnan, yliopiston ty\u00f6el\u00e4m\u00e4palveluiden ja muiden toimijoiden kuten Indexin ja TYY:n\u00a0 relevanteista kursseista ja toiminnasta kannattaa pysy\u00e4 ajan tasalla ja tiedottaa j\u00e4senist\u00f6\u00e4. Dialectica voi my\u00f6s itse j\u00e4rjest\u00e4\u00e4 ty\u00f6el\u00e4m\u00e4tapahtumia ja t\u00e4m\u00e4 toki olisi kyseisen hallituslaisen heini\u00e4.<\/p>\n<p><strong>SYY-vastaava<\/strong> istuu Suomen yhteiskunta-alan ylioppilaiden Turun paikallisj\u00e4rjest\u00f6n SYY-Turku ry:n hallituksessa mandaattipaikalla. SYY-Turku j\u00e4rjest\u00e4\u00e4 ty\u00f6el\u00e4m\u00e4aiheisia tapahtumia sek\u00e4 tekee ammattiliitostaan YKA:sta tunnettua opiskelijoiden keskuudessa. SYY-vastaavan teht\u00e4viin Dialecticassa kuuluu toimia tiedonv\u00e4litt\u00e4j\u00e4n\u00e4, sek\u00e4 edesauttaa yhteisty\u00f6t\u00e4 filosofian opiskelijoiden ja SYY:n v\u00e4lill\u00e4.<\/p>\n<p><strong>Index-vastaava<\/strong> istuu Index Yhteiskuntatieteet ja kasvatustieteet ry:n hallituksessa mandaattipaikalla.<\/p>\n<p><strong>Spatiotemporaalinen vastaava<\/strong> (aiemmin tila- ja aikavastaava) huolehtii siit\u00e4, ett\u00e4 D-huoneella on aina tarpeeksi kahvia ja maitoa. Lis\u00e4ksi h\u00e4nen t\u00e4rke\u00e4n\u00e4 teht\u00e4v\u00e4n\u00e4\u00e4n on kaksi kertaa vuodessa k\u00e4\u00e4nt\u00e4\u00e4 D-huoneen kello kes\u00e4\/talvi-aikaan.<\/p>\n","protected":false},"excerpt":{"rendered":"<p>Puheenjohtaja on hallituksen ty\u00f6njohtaja. H\u00e4n kutsuu hallituksen kokoukset koolle ja valmistelee asialistan. Kokouksessa puheenjohtaja johtaa nimens\u00e4 mukaisesti puhetta siten, ett\u00e4 kaikki k\u00e4sittely\u00e4 edellytt\u00e4v\u00e4t asiat tulevat k\u00e4sitelty\u00e4. Puheenjohtaja vastaa siit\u00e4, ett\u00e4 hallituksen p\u00e4\u00e4t\u00f6kset ovat yhdistyksen s\u00e4\u00e4nt\u00f6jen sek\u00e4 yhdistyksen kokouksen hyv\u00e4ksym\u00e4n toimintasuunnitelman mukaisia. Puheenjohtajan teht\u00e4v\u00e4\u00e4n kuuluu my\u00f6s edustaa yhdistyst\u00e4 sit\u00e4 vaativissa tilanteissa ja tilaisuuksissa. H\u00e4n k\u00e4ytt\u00e4\u00e4 yhdistyksen [&hellip;]<\/p>\n","protected":false},"author":8,"featured_media":0,"parent":38,"menu_order":0,"comment_status":"closed","ping_status":"closed","template":"","meta":{"footnotes":""},"class_list":["post-210","page","type-page","status-publish","hentry","post-preview"],"_links":{"self":[{"href":"https:\/\/tyyala.utu.fi\/dialectica\/wp-json\/wp\/v2\/pages\/210","targetHints":{"allow":["GET"]}}],"collection":[{"href":"https:\/\/tyyala.utu.fi\/dialectica\/wp-json\/wp\/v2\/pages"}],"about":[{"href":"https:\/\/tyyala.utu.fi\/dialectica\/wp-json\/wp\/v2\/types\/page"}],"author":[{"embeddable":true,"href":"https:\/\/tyyala.utu.fi\/dialectica\/wp-json\/wp\/v2\/users\/8"}],"replies":[{"embeddable":true,"href":"https:\/\/tyyala.utu.fi\/dialectica\/wp-json\/wp\/v2\/comments?post=210"}],"version-history":[{"count":13,"href":"https:\/\/tyyala.utu.fi\/dialectica\/wp-json\/wp\/v2\/pages\/210\/revisions"}],"predecessor-version":[{"id":675,"href":"https:\/\/tyyala.utu.fi\/dialectica\/wp-json\/wp\/v2\/pages\/210\/revisions\/675"}],"up":[{"embeddable":true,"href":"https:\/\/tyyala.utu.fi\/dialectica\/wp-json\/wp\/v2\/pages\/38"}],"wp:attachment":[{"href":"https:\/\/tyyala.utu.fi\/dialectica\/wp-json\/wp\/v2\/media?parent=210"}],"curies":[{"name":"wp","href":"https:\/\/api.w.org\/{rel}","templated":true}]}}