{"id":1731,"date":"2020-03-04T00:26:56","date_gmt":"2020-03-03T22:26:56","guid":{"rendered":"http:\/\/tyyala.utu.fi\/akateeminenpurjehdusseura\/?page_id=1731"},"modified":"2020-03-04T00:26:56","modified_gmt":"2020-03-03T22:26:56","slug":"jasenyys","status":"publish","type":"page","link":"https:\/\/tyyala.utu.fi\/akateeminenpurjehdusseura\/seura\/jasenyys\/","title":{"rendered":"J\u00e4senyys"},"content":{"rendered":"\n<p>Olitko mahdollisesti kiinnostunut liittym\u00e4\u00e4n <a href=\"https:\/\/tyyala.utu.fi\/akateeminenpurjehdusseura\/seura\/jaseneksi\/\">j\u00e4seneksi<\/a>?<\/p>\n","protected":false},"excerpt":{"rendered":"<p>Olitko mahdollisesti kiinnostunut liittym\u00e4\u00e4n j\u00e4seneksi?<\/p>\n","protected":false},"author":181,"featured_media":0,"parent":101,"menu_order":0,"comment_status":"closed","ping_status":"closed","template":"","meta":{"_mc_calendar":[],"footnotes":""},"class_list":["post-1731","page","type-page","status-publish","hentry"],"_links":{"self":[{"href":"https:\/\/tyyala.utu.fi\/akateeminenpurjehdusseura\/wp-json\/wp\/v2\/pages\/1731","targetHints":{"allow":["GET"]}}],"collection":[{"href":"https:\/\/tyyala.utu.fi\/akateeminenpurjehdusseura\/wp-json\/wp\/v2\/pages"}],"about":[{"href":"https:\/\/tyyala.utu.fi\/akateeminenpurjehdusseura\/wp-json\/wp\/v2\/types\/page"}],"author":[{"embeddable":true,"href":"https:\/\/tyyala.utu.fi\/akateeminenpurjehdusseura\/wp-json\/wp\/v2\/users\/181"}],"replies":[{"embeddable":true,"href":"https:\/\/tyyala.utu.fi\/akateeminenpurjehdusseura\/wp-json\/wp\/v2\/comments?post=1731"}],"version-history":[{"count":1,"href":"https:\/\/tyyala.utu.fi\/akateeminenpurjehdusseura\/wp-json\/wp\/v2\/pages\/1731\/revisions"}],"predecessor-version":[{"id":1734,"href":"https:\/\/tyyala.utu.fi\/akateeminenpurjehdusseura\/wp-json\/wp\/v2\/pages\/1731\/revisions\/1734"}],"up":[{"embeddable":true,"href":"https:\/\/tyyala.utu.fi\/akateeminenpurjehdusseura\/wp-json\/wp\/v2\/pages\/101"}],"wp:attachment":[{"href":"https:\/\/tyyala.utu.fi\/akateeminenpurjehdusseura\/wp-json\/wp\/v2\/media?parent=1731"}],"curies":[{"name":"wp","href":"https:\/\/api.w.org\/{rel}","templated":true}]}}