{"id":2363,"date":"2025-09-25T16:18:07","date_gmt":"2025-09-25T13:18:07","guid":{"rendered":"https:\/\/tyyala.utu.fi\/adaptus\/?page_id=2363"},"modified":"2025-09-25T16:33:54","modified_gmt":"2025-09-25T13:33:54","slug":"yhteistyo","status":"publish","type":"page","link":"https:\/\/tyyala.utu.fi\/adaptus\/yhteistyo\/","title":{"rendered":"Yhteisty\u00f6"},"content":{"rendered":"\n<p class=\"has-text-color has-link-color wp-elements-e7b6b343e39e3fb166c8f90dab4f39eb\" style=\"color:#000000\">Adaptus tekee yhteisty\u00f6t\u00e4 hoitotieteen opiskelijoiden, hoitotieteen laitoksen henkil\u00f6kunnan sek\u00e4 Turun yliopiston muiden ainej\u00e4rjest\u00f6jen kanssa. Olemme aktiivisesti mukana Suomen opettajaksi opiskelevien liiton (SOOL) toiminnassa sek\u00e4\u00a0Tajan opiskelijaverkostossa ja pyrimme kehitt\u00e4m\u00e4\u00e4n toimintaa muiden yliopistojen terveystieteellisten ainej\u00e4rjest\u00f6jen kanssa.<\/p>\n\n\n\n<p class=\"has-text-color has-link-color wp-elements-11472a68f8e470ef583743ab451d8117\" style=\"color:#000000\">Adaptus on mukana TYYn toiminnassa ja valvoo opiskelijoiden etuja ja asemaa esimerkiksi tiedekunnan toimikunnissa, valtakunnallisissa yhteisty\u00f6ryhmiss\u00e4 sek\u00e4 TYYn koulutuksissa ja koulutuspoliittisessa toiminnassa.<\/p>\n\n\n\n<p class=\"has-text-color has-link-color wp-elements-9ce61f159373a342d235ae268c6c17bb\" style=\"color:#000000\">Adaptus on my\u00f6s mukana l\u00e4\u00e4ketieteellisen tiedekunnan ainej\u00e4rjest\u00f6jen kattoj\u00e4rjest\u00f6ss\u00e4 Forum Medicumissa.<\/p>\n","protected":false},"excerpt":{"rendered":"<p>Adaptus tekee yhteisty\u00f6t\u00e4 hoitotieteen opiskelijoiden, hoitotieteen laitoksen henkil\u00f6kunnan sek\u00e4 Turun yliopiston muiden ainej\u00e4rjest\u00f6jen kanssa. Olemme aktiivisesti mukana Suomen opettajaksi opiskelevien liiton (SOOL) toiminnassa sek\u00e4\u00a0Tajan opiskelijaverkostossa ja pyrimme kehitt\u00e4m\u00e4\u00e4n toimintaa muiden yliopistojen terveystieteellisten ainej\u00e4rjest\u00f6jen kanssa. Adaptus on mukana TYYn toiminnassa ja valvoo opiskelijoiden etuja ja asemaa esimerkiksi tiedekunnan toimikunnissa, valtakunnallisissa yhteisty\u00f6ryhmiss\u00e4 sek\u00e4 TYYn koulutuksissa ja koulutuspoliittisessa [&hellip;]<\/p>\n","protected":false},"author":139,"featured_media":0,"parent":0,"menu_order":6,"comment_status":"closed","ping_status":"closed","template":"","meta":{"footnotes":""},"class_list":["post-2363","page","type-page","status-publish","hentry","post-preview"],"_links":{"self":[{"href":"https:\/\/tyyala.utu.fi\/adaptus\/wp-json\/wp\/v2\/pages\/2363","targetHints":{"allow":["GET"]}}],"collection":[{"href":"https:\/\/tyyala.utu.fi\/adaptus\/wp-json\/wp\/v2\/pages"}],"about":[{"href":"https:\/\/tyyala.utu.fi\/adaptus\/wp-json\/wp\/v2\/types\/page"}],"author":[{"embeddable":true,"href":"https:\/\/tyyala.utu.fi\/adaptus\/wp-json\/wp\/v2\/users\/139"}],"replies":[{"embeddable":true,"href":"https:\/\/tyyala.utu.fi\/adaptus\/wp-json\/wp\/v2\/comments?post=2363"}],"version-history":[{"count":1,"href":"https:\/\/tyyala.utu.fi\/adaptus\/wp-json\/wp\/v2\/pages\/2363\/revisions"}],"predecessor-version":[{"id":2364,"href":"https:\/\/tyyala.utu.fi\/adaptus\/wp-json\/wp\/v2\/pages\/2363\/revisions\/2364"}],"wp:attachment":[{"href":"https:\/\/tyyala.utu.fi\/adaptus\/wp-json\/wp\/v2\/media?parent=2363"}],"curies":[{"name":"wp","href":"https:\/\/api.w.org\/{rel}","templated":true}]}}